{"id":129,"date":"2009-09-03T10:29:50","date_gmt":"2009-09-03T08:29:50","guid":{"rendered":"http:\/\/localhost\/index.php\/mitholtalal\/"},"modified":"2025-08-01T07:54:11","modified_gmt":"2025-08-01T05:54:11","slug":"mitholtalal","status":"publish","type":"page","link":"https:\/\/www.szentimrekorhaz.hu\/index.php\/mitholtalal\/","title":{"rendered":"Mit hol tal\u00e1l?"},"content":{"rendered":"<div style=\"text-align: center;\" align=\"left\">\n<h1><img decoding=\"async\" class=\" size-full wp-image-128\" style=\"border-width: 0px; border-style: solid; width: 570px; height: 526px;\" src=\"\/wp-content\/uploads\/2009\/09\/miholvan.jpg\" alt=\"Mit, hol Tal\u00e1l\" width=\"704\" height=\"621\" srcset=\"https:\/\/www.szentimrekorhaz.hu\/wp-content\/uploads\/2009\/09\/miholvan.jpg 704w, https:\/\/www.szentimrekorhaz.hu\/wp-content\/uploads\/2009\/09\/miholvan-300x265.jpg 300w\" sizes=\"(max-width: 704px) 100vw, 704px\" \/><\/h1>\n<\/div>\n<p style=\"text-align: center;\">\n<\/p><p style=\"margin-left: 14.2pt;\">\n<\/p><table style=\"width: 100.0%;\" border=\"1\" width=\"100%\" cellspacing=\"0\" cellpadding=\"0\" align=\"center\">\n<tbody>\n<tr>\n<td style=\"width: 23.66%; height: 17px;\"><strong>\u201eA\u201d \u00e9p\u00fclet<\/strong><\/td>\n<td style=\"width: 1.82%; height: 17px;\"><\/td>\n<td style=\"width: 23.64%; height: 17px;\"><strong>\u201eC\u201d \u00e9p\u00fclet<\/strong><\/td>\n<td style=\"width: 1.8%; height: 17px;\"><\/td>\n<td style=\"width: 23.64%; height: 17px;\"><strong>\u201eF\u201d \u00e9p\u00fclet<\/strong><\/td>\n<td style=\"width: 1.8%; height: 17px;\"><\/td>\n<td style=\"width: 23.64%; height: 17px;\"><strong>\u201eR\u201d \u00e9p\u00fclet<\/strong><\/td>\n<\/tr>\n<tr>\n<td style=\"width: 23.66%; height: 17px;\">F\u0151igazgat\u00f3s\u00e1g<\/td>\n<td style=\"width: 1.82%; height: 17px;\"><\/td>\n<td style=\"width: 23.64%; height: 17px;\">\u00c1ltal\u00e1nos Kardiol\u00f3giai Profil<\/td>\n<td style=\"width: 1.8%; height: 17px;\"><\/td>\n<td style=\"width: 23.64%; height: 17px;\">Betegjogi k\u00e9pvisel\u0151<\/td>\n<td style=\"width: 1.8%; height: 17px;\"><\/td>\n<td style=\"width: 23.64%; height: 17px;\">Betegfelv\u00e9teli pult<\/td>\n<\/tr>\n<tr>\n<td style=\"width: 23.66%; height: 34px;\">Gazdas\u00e1gi Igazgat\u00f3s\u00e1g<\/td>\n<td style=\"width: 1.82%; height: 34px;\"><\/td>\n<td style=\"width: 23.64%; height: 34px;\">Gasztroenterol\u00f3giai Profil<\/td>\n<td style=\"width: 1.8%; height: 34px;\"><\/td>\n<td style=\"width: 23.64%; height: 34px;\">P\u00e9nzgazd\u00e1lkod\u00e1si Oszt\u00e1ly<\/td>\n<td style=\"width: 1.8%; height: 34px;\"><\/td>\n<td style=\"width: 23.64%; height: 34px;\">Aneszteziol\u00f3giai Ambulancia + EKG Labor<\/td>\n<\/tr>\n<tr>\n<td style=\"width: 23.66%; height: 34px;\">Orvosigazgat\u00f3s\u00e1g<\/td>\n<td style=\"width: 1.82%; height: 34px;\"><\/td>\n<td style=\"width: 23.64%; height: 34px;\">Neurol\u00f3giai \u00e9s Stroke Oszt\u00e1ly<\/td>\n<td style=\"width: 1.8%; height: 34px;\"><\/td>\n<td style=\"width: 23.64%; height: 34px;\">Biztons\u00e1gi referens<\/td>\n<td style=\"width: 1.8%; height: 34px;\"><\/td>\n<td style=\"width: 23.64%; height: 34px;\">N\u0151gy\u00f3gy\u00e1szati Ambulancia + Ultrahang<\/td>\n<\/tr>\n<tr>\n<td style=\"width: 23.66%; height: 34px;\">\u00c1pol\u00e1si Igazgat\u00f3s\u00e1g<\/td>\n<td style=\"width: 1.82%; height: 34px;\"><\/td>\n<td style=\"width: 23.64%; height: 34px;\">Angiol\u00f3giai Profil + Ambulancia + Ultrahang<\/td>\n<td style=\"width: 1.8%; height: 34px;\"><\/td>\n<td style=\"width: 23.64%; height: 34px;\">K\u00f6zponti Iktat\u00f3 \u00e9s Iratt\u00e1r<\/td>\n<td style=\"width: 1.8%; height: 34px;\"><\/td>\n<td style=\"width: 23.64%; height: 34px;\">Laborat\u00f3riumi Ambulancia<\/td>\n<\/tr>\n<tr>\n<td style=\"width: 23.66%; height: 51px;\">\u00c1ltal\u00e1nos Seb\u00e9szeti Profil<\/td>\n<td style=\"width: 1.82%; height: 51px;\"><\/td>\n<td style=\"width: 23.64%; height: 51px;\">\u00c9rdiagnosztikai Labor<\/td>\n<td style=\"width: 1.8%; height: 51px;\"><\/td>\n<td style=\"width: 23.64%; height: 51px;\">Min\u0151s\u00e9g\u00fcgyi Iroda<\/td>\n<td style=\"width: 1.8%; height: 51px;\"><\/td>\n<td style=\"width: 23.64%; height: 51px;\">Kardiol\u00f3giai Szakambulancia I., II.<\/td>\n<\/tr>\n<tr>\n<td style=\"width: 23.66%; height: 17px;\">\u00c9rseb\u00e9szeti Profil<\/td>\n<td style=\"width: 1.82%; height: 17px;\"><\/td>\n<td style=\"width: 23.64%; height: 17px;\">Pszichoter\u00e1pia-Pszichi\u00e1tria-Neurol\u00f3gia Ambulancia<\/td>\n<td style=\"width: 1.8%; height: 17px;\"><\/td>\n<td style=\"width: 23.64%; height: 17px;\">Szent Imre K\u00f3rh\u00e1z Sportegyes\u00fclet<\/td>\n<td style=\"width: 1.8%; height: 17px;\"><\/td>\n<td style=\"width: 23.64%; height: 17px;\">Echocardiographia Szakambulancia<\/td>\n<\/tr>\n<tr>\n<td style=\"width: 23.66%; height: 17px;\">F\u00fcl-Orr-G\u00e9g\u00e9szeti Profil<\/td>\n<td style=\"width: 1.82%; height: 17px;\"><\/td>\n<td style=\"width: 23.64%; height: 17px;\">Klinikofarma Ambulancia<\/td>\n<td style=\"width: 1.8%; height: 17px;\"><\/td>\n<td style=\"width: 23.64%; height: 17px;\">Hum\u00e1npolitikai Oszt\u00e1ly<\/td>\n<td style=\"width: 1.8%; height: 17px;\"><\/td>\n<td style=\"width: 23.64%; height: 17px;\">B\u0151rgy\u00f3gy\u00e1szati Szakrendel\u00e9s<\/td>\n<\/tr>\n<tr>\n<td style=\"width: 23.66%; height: 17px;\">Plasztikai Seb\u00e9szeti Profil<\/td>\n<td style=\"width: 1.82%; height: 17px;\"><\/td>\n<td style=\"width: 23.64%; height: 17px;\">Kardiometabolikus Centrum<\/td>\n<td style=\"width: 1.8%; height: 17px;\"><\/td>\n<td style=\"width: 23.64%; height: 17px;\">Anyaggazd\u00e1lkod\u00e1si Oszt\u00e1ly<\/td>\n<td style=\"width: 1.8%; height: 17px;\"><\/td>\n<td style=\"width: 23.64%; height: 17px;\">Reumatol\u00f3giai Szakrendel\u00e9s<\/td>\n<\/tr>\n<tr>\n<td style=\"width: 23.66%; height: 17px;\">Szem\u00e9szeti Profil<\/td>\n<td style=\"width: 1.82%; height: 17px;\"><\/td>\n<td style=\"width: 23.64%; height: 17px;\">Denzitometria \u2013 Csonts\u0171r\u0171s\u00e9g vizsg\u00e1lat<\/td>\n<td style=\"width: 1.8%; height: 17px;\"><\/td>\n<td style=\"width: 23.64%; height: 17px;\">Jogi Iroda<\/td>\n<td style=\"width: 1.8%; height: 17px;\"><\/td>\n<td style=\"width: 23.64%; height: 17px;\">Ergometria \u2013 Terhel\u00e9ses EKG<\/td>\n<\/tr>\n<tr>\n<td style=\"width: 23.66%; height: 51px;\">Sz\u00fcl\u00e9szet \u00e9s N\u0151gy\u00f3gy\u00e1szati Oszt\u00e1ly<\/td>\n<td style=\"width: 1.82%; height: 51px;\"><\/td>\n<td style=\"width: 23.64%; height: 51px;\">EKG vizsg\u00e1l\u00f3<\/td>\n<td style=\"width: 1.8%; height: 51px;\"><\/td>\n<td style=\"width: 23.64%; height: 51px;\">Orvosszakmai Tan\u00e1csad\u00f3<\/td>\n<td style=\"width: 1.8%; height: 51px;\"><\/td>\n<td style=\"width: 23.64%; height: 51px;\">K\u00e9palkot\u00f3 Diagnosztikai Oszt\u00e1ly \u2013 Izot\u00f3p Diagnosztikai Labor<\/td>\n<\/tr>\n<tr>\n<td style=\"width: 23.66%; height: 34px;\">S\u00fcrg\u0151ss\u00e9gi Betegell\u00e1t\u00f3 Oszt\u00e1ly<\/td>\n<td style=\"width: 1.82%; height: 34px;\"><\/td>\n<td style=\"width: 23.64%; height: 34px;\"><\/td>\n<td style=\"width: 1.8%; height: 34px;\"><\/td>\n<td style=\"width: 23.64%; height: 34px;\">Munka- \u00e9s T\u0171zv\u00e9delmi Csoport<\/td>\n<td style=\"width: 1.8%; height: 34px;\"><\/td>\n<td style=\"width: 23.64%; height: 34px;\">Szem\u00e9szeti Ambul\u00e1ns Kezel\u00e9s<\/td>\n<\/tr>\n<tr>\n<td style=\"width: 23.66%; height: 34px;\">Aneszteziol\u00f3giai \u00e9s Intenz\u00edv Ter\u00e1pi\u00e1s Oszt\u00e1ly<\/td>\n<td style=\"width: 1.82%; height: 34px;\"><\/td>\n<td style=\"width: 23.64%; height: 34px;\"><strong>\u201eD\u201d \u00e9p\u00fclet<\/strong><\/td>\n<td style=\"width: 1.8%; height: 34px;\"><\/td>\n<td style=\"width: 23.64%; height: 34px;\">Lelt\u00e1rellen\u0151rz\u00e9si Csoport<\/td>\n<td style=\"width: 1.8%; height: 34px;\"><\/td>\n<td style=\"width: 23.64%; height: 34px;\">\u00c9rseb\u00e9szeti Szakambulancia<\/td>\n<\/tr>\n<tr>\n<td style=\"width: 23.66%; height: 33px;\">Koron\u00e1ria \u0150rz\u0151<\/td>\n<td style=\"width: 1.82%; height: 33px;\"><\/td>\n<td style=\"width: 23.64%; height: 33px;\">Patol\u00f3giai Oszt\u00e1ly \u2013 K\u00f3rbonctan \u2013 Temet\u00e9si \u00fcgyint\u00e9z\u00e9s<\/td>\n<td style=\"width: 1.8%; height: 33px;\"><\/td>\n<td style=\"width: 23.64%; height: 33px;\">Bels\u0151 ellen\u0151rz\u00e9s<\/td>\n<td style=\"width: 1.8%; height: 33px;\"><\/td>\n<td style=\"width: 23.64%; height: 33px;\">Plasztikai Seb\u00e9szeti Ambulancia<\/td>\n<\/tr>\n<tr>\n<td style=\"width: 23.66%; height: 31px;\">Klinikai Onkol\u00f3giai Oszt\u00e1ly<\/td>\n<td style=\"width: 1.82%; height: 31px;\"><\/td>\n<td style=\"width: 23.64%; height: 31px;\">M\u0171szaki Oszt\u00e1ly \u2013 G\u00e9p\u00e9szet \u2013 Gondnoks\u00e1g \u00e9s \u00fczemfenntart\u00e1s<\/td>\n<td style=\"width: 1.8%; height: 31px;\"><\/td>\n<td style=\"width: 23.64%; height: 31px;\">Int\u00e9zeti Kutat\u00e1setikai Bizotts\u00e1g \u2013 IKEB<\/td>\n<td style=\"width: 1.8%; height: 31px;\"><\/td>\n<td style=\"width: 23.64%; height: 31px;\">Proktol\u00f3gia Ambulancia<\/td>\n<\/tr>\n<tr>\n<td style=\"width: 23.66%; height: 17px;\">Kiemelt Hotelszolg\u00e1lat VIP<\/td>\n<td style=\"width: 1.82%; height: 17px;\"><\/td>\n<td style=\"width: 23.64%; height: 17px;\"><strong>\u201eK\u201d \u00e9p\u00fclet<\/strong><\/td>\n<td style=\"width: 1.8%; height: 17px;\"><\/td>\n<td style=\"width: 23.64%; height: 17px;\">K\u00f6z\u00f6s Region\u00e1lis Tudom\u00e1nyos Kutat\u00e1setikai Bizotts\u00e1ga \u2013 RKEB<\/td>\n<td style=\"width: 1.8%; height: 17px;\"><\/td>\n<td style=\"width: 23.64%; height: 17px;\">Seb\u00e9szeti Ambulancia<\/td>\n<\/tr>\n<tr>\n<td style=\"width: 23.66%; height: 34px;\">Forr\u00e1s Patika<\/td>\n<td style=\"width: 1.82%; height: 34px;\"><\/td>\n<td style=\"width: 23.64%; height: 34px;\">Gasztroenterol\u00f3giai Profil + Ambulancia<\/td>\n<td style=\"width: 1.8%; height: 34px;\"><\/td>\n<td style=\"width: 23.64%; height: 34px;\">Dr. Zellner P\u00e1l terem<\/td>\n<td style=\"width: 1.8%; height: 34px;\"><\/td>\n<td style=\"width: 23.64%; height: 34px;\">Urol\u00f3gia<\/td>\n<\/tr>\n<tr>\n<td style=\"width: 23.66%; height: 51px;\">K\u00e9palkot\u00f3 Diagnosztikai Oszt\u00e1ly (UH, Rtg., CT, Mammogr\u00e1fia, stb.)<\/td>\n<td style=\"width: 1.82%; height: 51px;\"><\/td>\n<td style=\"width: 23.64%; height: 51px;\">Anyagcsere K\u00f6zpont \u2013 Endokrinol\u00f3gia + Szakambulancia<\/td>\n<td style=\"width: 1.8%; height: 51px;\"><\/td>\n<td style=\"width: 23.64%; height: 51px;\">Dr. Sas Vilmos terem<\/td>\n<td style=\"width: 1.8%; height: 51px;\"><\/td>\n<td style=\"width: 23.64%; height: 51px;\">Orr \u2013 F\u00fcl \u2013 G\u00e9g\u00e9szeti Allergol\u00f3gia Szakambulancia<\/td>\n<\/tr>\n<tr>\n<td style=\"width: 23.66%; height: 17px;\">Tudom\u00e1nyos K\u00f6nyvt\u00e1r<\/td>\n<td style=\"width: 1.82%; height: 17px;\"><\/td>\n<td style=\"width: 23.64%; height: 17px;\">Anyagcsere K\u00f6zpont \u2013 Diabetol\u00f3gia + Szakambulancia<\/td>\n<td style=\"width: 1.8%; height: 17px;\"><\/td>\n<td style=\"width: 23.64%; height: 17px;\"><strong>1.<\/strong><\/td>\n<td style=\"width: 1.8%; height: 17px;\"><\/td>\n<td style=\"width: 23.64%; height: 17px;\">Audiol\u00f3gia<\/td>\n<\/tr>\n<tr>\n<td style=\"width: 23.66%; height: 51px;\">Magyar Obezitol\u00f3giai \u00e9s Mozg\u00e1ster\u00e1pi\u00e1s T\u00e1rsas\u00e1g \u2013 MOMOT<\/td>\n<td style=\"width: 1.82%; height: 51px;\"><\/td>\n<td style=\"width: 23.64%; height: 51px;\">Anyagcsere K\u00f6zpont \u2013Lipid Ambulancia<\/td>\n<td style=\"width: 1.8%; height: 51px;\"><\/td>\n<td style=\"width: 23.64%; height: 51px;\">Rakt\u00e1rak<\/td>\n<td style=\"width: 1.8%; height: 51px;\"><\/td>\n<td style=\"width: 23.64%; height: 51px;\">Fej-Nyak Seb\u00e9szeti Szakambulancia \u2013 Otoneurol\u00f3gia<\/td>\n<\/tr>\n<tr>\n<td style=\"width: 23.66%; height: 34px;\">Klinikai Onkol\u00f3giai Bizotts\u00e1g \u2013 ONKOTEAM<\/td>\n<td style=\"width: 1.82%; height: 34px;\"><\/td>\n<td style=\"width: 23.64%; height: 34px;\">D\u00e9l-Budai Neurophatia Centrum<\/td>\n<td style=\"width: 1.8%; height: 34px;\"><\/td>\n<td style=\"width: 23.64%; height: 34px;\"><strong>2.<\/strong><\/td>\n<td style=\"width: 1.8%; height: 34px;\"><\/td>\n<td style=\"width: 23.64%; height: 34px;\">Allergol\u00f3gia<\/td>\n<\/tr>\n<tr>\n<td style=\"width: 23.66%; height: 51px;\">Dr. Ferk\u00f3 S\u00e1ndor terem<\/td>\n<td style=\"width: 1.82%; height: 51px;\"><\/td>\n<td style=\"width: 23.64%; height: 51px;\">Nefrol\u00f3gia-Hipert\u00f3nia Profil + Ambulancia<\/td>\n<td style=\"width: 1.8%; height: 51px;\"><\/td>\n<td style=\"width: 23.64%; height: 51px;\">N\u0151v\u00e9rsz\u00e1ll\u00f3<\/td>\n<td style=\"width: 1.8%; height: 51px;\"><\/td>\n<td style=\"width: 23.64%; height: 51px;\">Fog\u00e1szati mag\u00e1nrendel\u0151<\/td>\n<\/tr>\n<tr>\n<td style=\"width: 23.66%; height: 17px;\">Dr. Littmann Imre terem<\/td>\n<td style=\"width: 1.82%; height: 17px;\"><\/td>\n<td style=\"width: 23.64%; height: 17px;\">T\u00fcd\u0151- Bronchol\u00f3gia Ambulancia<\/td>\n<td style=\"width: 1.8%; height: 17px;\"><\/td>\n<td style=\"width: 23.64%; height: 17px;\"><strong>4.<\/strong><\/td>\n<td style=\"width: 1.8%; height: 17px;\"><\/td>\n<td style=\"width: 23.64%; height: 17px;\">Int\u00e9zeti Gy\u00f3gyszert\u00e1r<\/td>\n<\/tr>\n<tr>\n<td style=\"width: 23.66%; height: 17px;\"><strong>\u201eB\u201d \u00e9p\u00fclet<\/strong><\/td>\n<td style=\"width: 1.82%; height: 17px;\"><\/td>\n<td style=\"width: 23.64%; height: 17px;\">Bronhoszk\u00f3piai Labor<\/td>\n<td style=\"width: 1.8%; height: 17px;\"><\/td>\n<td style=\"width: 23.64%; height: 17px;\">BBRAUN Dial\u00edzisk\u00f6zpont<\/td>\n<td style=\"width: 1.8%; height: 17px;\"><\/td>\n<td style=\"width: 23.64%; height: 17px;\"><strong>\u201eE\u201d \u00e9p\u00fclet<\/strong><\/td>\n<\/tr>\n<tr>\n<td style=\"width: 23.66%; height: 34px;\">Kr\u00f3nikus Oszt\u00e1ly<\/td>\n<td style=\"width: 1.82%; height: 34px;\"><\/td>\n<td style=\"width: 23.64%; height: 34px;\">Neurol\u00f3gia Szakambulancia<\/td>\n<td style=\"width: 1.8%; height: 34px;\"><\/td>\n<td style=\"width: 23.64%; height: 34px;\">Nefrol\u00f3gia Ambulancia<\/td>\n<td style=\"width: 1.8%; height: 34px;\"><\/td>\n<td style=\"width: 23.64%; height: 34px;\"><\/td>\n<\/tr>\n<tr>\n<td style=\"width: 23.66%; height: 34px;\">Pszichi\u00e1triai Oszt\u00e1ly<\/td>\n<td style=\"width: 1.82%; height: 34px;\"><\/td>\n<td style=\"width: 23.64%; height: 34px;\">Neurol\u00f3gia spec. Ambulancia<\/td>\n<td style=\"width: 1.8%; height: 34px;\"><\/td>\n<td style=\"width: 23.64%; height: 34px;\">Aesculap Akad\u00e9mia<\/td>\n<td style=\"width: 1.8%; height: 34px;\"><\/td>\n<td style=\"width: 23.64%; height: 34px;\"><\/td>\n<\/tr>\n<tr>\n<td style=\"width: 23.66%; height: 34px;\">Neurol\u00f3gai \u00e9s Stroke Rehabilit\u00e1ci\u00f3s Oszt\u00e1ly<\/td>\n<td style=\"width: 1.82%; height: 34px;\"><\/td>\n<td style=\"width: 23.64%; height: 34px;\">EEG Labor<\/td>\n<td style=\"width: 1.8%; height: 34px;\"><\/td>\n<td style=\"width: 23.64%; height: 34px;\"><strong>5.<\/strong><\/td>\n<td style=\"width: 1.8%; height: 34px;\"><\/td>\n<td style=\"width: 23.64%; height: 34px;\"><\/td>\n<\/tr>\n<tr>\n<td style=\"width: 23.66%; height: 34px;\">Anyagcsere K\u00f6zpont \u2013 Lipidol\u00f3gia<\/td>\n<td style=\"width: 1.82%; height: 34px;\"><\/td>\n<td style=\"width: 23.64%; height: 34px;\">Gy\u00f3gytorn\u00e1sz Szolg\u00e1lat<\/td>\n<td style=\"width: 1.8%; height: 34px;\"><\/td>\n<td style=\"width: 23.64%; height: 34px;\">Biztons\u00e1gi referens \u2013 Porta<\/td>\n<td style=\"width: 1.8%; height: 34px;\"><\/td>\n<td style=\"width: 23.64%; height: 34px;\"><\/td>\n<\/tr>\n<tr>\n<td style=\"width: 23.66%; height: 34px;\">Geri\u00e1triai \u00e9s Gerontopszichi\u00e1triai Rehabilit\u00e1ci\u00f3s Oszt\u00e1ly<\/td>\n<td style=\"width: 1.82%; height: 34px;\"><\/td>\n<td style=\"width: 23.64%; height: 34px;\">Foglalkoz\u00e1s- Eg\u00e9szs\u00e9g\u00fcgyi Szolg\u00e1lat<\/td>\n<td style=\"width: 1.8%; height: 34px;\"><\/td>\n<td style=\"width: 23.64%; height: 34px;\"><strong>6.<\/strong><\/td>\n<td style=\"width: 1.8%; height: 34px;\"><\/td>\n<td style=\"width: 23.64%; height: 34px;\"><\/td>\n<\/tr>\n<tr>\n<td style=\"width: 23.66%; height: 34px;\">Dietetikai Szolg\u00e1lat<\/td>\n<td style=\"width: 1.82%; height: 34px;\"><\/td>\n<td style=\"width: 23.64%; height: 34px;\"><\/td>\n<td style=\"width: 1.8%; height: 34px;\"><\/td>\n<td style=\"width: 23.64%; height: 34px;\">F\u0151nix Betegsz\u00e1ll\u00edt\u00e1s<\/td>\n<td style=\"width: 1.8%; height: 34px;\"><\/td>\n<td style=\"width: 23.64%; height: 34px;\"><\/td>\n<\/tr>\n<tr>\n<td style=\"width: 23.66%; height: 34px;\">Finansz\u00edroz\u00e1s \u00e9s Kontrolling Oszt\u00e1ly<\/td>\n<td style=\"width: 1.82%; height: 34px;\"><\/td>\n<td style=\"width: 23.64%; height: 34px;\"><\/td>\n<td style=\"width: 1.8%; height: 34px;\"><\/td>\n<td style=\"width: 23.64%; height: 34px;\"><strong>7.<\/strong><\/td>\n<td style=\"width: 1.8%; height: 34px;\"><\/td>\n<td style=\"width: 23.64%; height: 34px;\"><\/td>\n<\/tr>\n<tr>\n<td style=\"width: 23.66%; height: 34px;\">M\u0171szergazd\u00e1lkod\u00e1si Csoport<\/td>\n<td style=\"width: 1.82%; height: 34px;\"><\/td>\n<td style=\"width: 23.64%; height: 34px;\"><\/td>\n<td style=\"width: 1.8%; height: 34px;\"><\/td>\n<td style=\"width: 23.64%; height: 34px;\">Szent Kozma \u00e9s Damj\u00e1n K\u00f3rh\u00e1zk\u00e1polna<\/td>\n<td style=\"width: 1.8%; height: 34px;\"><\/td>\n<td style=\"width: 23.64%; height: 34px;\"><\/td>\n<\/tr>\n<tr>\n<td style=\"width: 23.66%; height: 34px;\">Informatikai Csoport<\/td>\n<td style=\"width: 1.82%; height: 34px;\"><\/td>\n<td style=\"width: 23.64%; height: 34px;\"><\/td>\n<td style=\"width: 1.8%; height: 34px;\"><\/td>\n<td style=\"width: 23.64%; height: 34px;\"><\/td>\n<td style=\"width: 1.8%; height: 34px;\"><\/td>\n<td style=\"width: 23.64%; height: 34px;\"><\/td>\n<\/tr>\n<tr>\n<td style=\"width: 23.66%; height: 34px;\"><\/td>\n<td style=\"width: 1.82%; height: 34px;\"><\/td>\n<td style=\"width: 23.64%; height: 34px;\"><\/td>\n<td style=\"width: 1.8%; height: 34px;\"><\/td>\n<td style=\"width: 23.64%; height: 34px;\"><\/td>\n<td style=\"width: 1.8%; height: 34px;\"><\/td>\n<td style=\"width: 23.64%; height: 34px;\"><\/td>\n<\/tr>\n<\/tbody>\n<\/table>\n<div style=\"clear: both;\"><\/div>\n<p style=\"margin-left: 14.2pt;\">\n<\/p><p style=\"text-align: center;\">\n<\/p>\n\n\n\t<div class=\"dkpdf-button-container\" style=\"            text-align:right \">\n\n\t\t<a class=\"dkpdf-button\" href=\"\/index.php\/wp-json\/wp\/v2\/pages\/129?pdf=129\" target=\"_blank\"><span class=\"dkpdf-button-icon\"><i class=\"fa fa-file-pdf-o\"><\/i><\/span> Let\u00f6lt\u00e9s<\/a>\n\n\t<\/div>\n\n\n\n\n\n<!-- PMB print buttons is only displayed on a single post\/page URLs-->","protected":false},"excerpt":{"rendered":"<p>\n\t&nbsp;<\/p>\n","protected":false},"author":3,"featured_media":128,"parent":0,"menu_order":1,"comment_status":"closed","ping_status":"closed","template":"","meta":{"_acf_changed":false,"footnotes":""},"categories":[],"tags":[],"class_list":["post-129","page","type-page","status-publish","has-post-thumbnail","hentry"],"acf":[],"post_type":"page","author_name":"backup","_links":{"self":[{"href":"https:\/\/www.szentimrekorhaz.hu\/index.php\/wp-json\/wp\/v2\/pages\/129","targetHints":{"allow":["GET"]}}],"collection":[{"href":"https:\/\/www.szentimrekorhaz.hu\/index.php\/wp-json\/wp\/v2\/pages"}],"about":[{"href":"https:\/\/www.szentimrekorhaz.hu\/index.php\/wp-json\/wp\/v2\/types\/page"}],"author":[{"embeddable":true,"href":"https:\/\/www.szentimrekorhaz.hu\/index.php\/wp-json\/wp\/v2\/users\/3"}],"replies":[{"embeddable":true,"href":"https:\/\/www.szentimrekorhaz.hu\/index.php\/wp-json\/wp\/v2\/comments?post=129"}],"version-history":[{"count":1,"href":"https:\/\/www.szentimrekorhaz.hu\/index.php\/wp-json\/wp\/v2\/pages\/129\/revisions"}],"predecessor-version":[{"id":2176,"href":"https:\/\/www.szentimrekorhaz.hu\/index.php\/wp-json\/wp\/v2\/pages\/129\/revisions\/2176"}],"wp:featuredmedia":[{"embeddable":true,"href":"https:\/\/www.szentimrekorhaz.hu\/index.php\/wp-json\/wp\/v2\/media\/128"}],"wp:attachment":[{"href":"https:\/\/www.szentimrekorhaz.hu\/index.php\/wp-json\/wp\/v2\/media?parent=129"}],"wp:term":[{"taxonomy":"category","embeddable":true,"href":"https:\/\/www.szentimrekorhaz.hu\/index.php\/wp-json\/wp\/v2\/categories?post=129"},{"taxonomy":"post_tag","embeddable":true,"href":"https:\/\/www.szentimrekorhaz.hu\/index.php\/wp-json\/wp\/v2\/tags?post=129"}],"curies":[{"name":"wp","href":"https:\/\/api.w.org\/{rel}","templated":true}]}}