{"id":1457,"date":"2025-06-16T13:35:53","date_gmt":"2025-06-16T11:35:53","guid":{"rendered":"https:\/\/www.szentimrekorhaz.hu\/?page_id=1457"},"modified":"2025-06-16T13:39:09","modified_gmt":"2025-06-16T11:39:09","slug":"intezeti-gyogyszertar","status":"publish","type":"page","link":"https:\/\/www.szentimrekorhaz.hu\/index.php\/intezeti-gyogyszertar\/","title":{"rendered":"Int\u00e9zeti Gy\u00f3gyszert\u00e1r"},"content":{"rendered":"\n<p>A D\u00e9l-budai Centrumk\u00f3rh\u00e1z\u00a0 Szent Imre Egyetemi Oktat\u00f3k\u00f3rh\u00e1z Int\u00e9zeti Gy\u00f3gyszert\u00e1ra\u00a0 az R \u00e9p\u00fclet\u00e9ben tal\u00e1lhat\u00f3.<\/p>\n\n\n\n<p><strong>Alap feladataink<\/strong> k\u00f6z\u00e9 tartozik a K\u00f3rh\u00e1zunkban \u00e1polt \u00e9s a j\u00e1r\u00f3beteg szakrendel\u00e9seinken ell\u00e1tott betegeink gy\u00f3gyszerell\u00e1t\u00e1sa, a magisztr\u00e1lis k\u00e9sz\u00edtm\u00e9nyek el\u0151\u00e1ll\u00edt\u00e1sa, farmakol\u00f3giai inform\u00e1ci\u00f3s szolg\u00e1lat \u00e9s fel\u00fcgyelet.<br>Az Int\u00e9zeti gy\u00f3gyszert\u00e1r v\u00e9gzi a haz\u00e1nkban forgalomba hozatali enged\u00e9llyel nem rendelkez\u0151 gy\u00f3gyszerk\u00e9sz\u00edtm\u00e9nyek beszerz\u00e9s\u00e9t is, bele\u00e9rtve a vonatkoz\u00f3 szakhat\u00f3s\u00e1gi kapcsolattart\u00e1st \u00e9s az enged\u00e9lyez\u00e9si folyamatok koordin\u00e1l\u00e1s\u00e1t.<\/p>\n\n\n\n<p><strong>Szakfeladataink:<\/strong><\/p>\n\n\n\n<ul class=\"wp-block-list\">\n<li>beteg\u00e1gy melletti gy\u00f3gyszer\u00e9szi tan\u00e1csad\u00e1s<\/li>\n\n\n\n<li>k\u00f6zvetlen lakoss\u00e1gi gy\u00f3gyszerell\u00e1t\u00e1st biztos\u00edt\u00f3 tev\u00e9kenys\u00e9g \u2013 <strong><a href=\"https:\/\/www.szentimrekorhaz.hu\/index.php\/forraspatika\/\">Forr\u00e1s Patika<\/a><\/strong><\/li>\n<\/ul>\n\n\n\n\t<div class=\"dkpdf-button-container\" style=\"            text-align:right \">\n\n\t\t<a class=\"dkpdf-button\" href=\"\/index.php\/wp-json\/wp\/v2\/pages\/1457?pdf=1457\" target=\"_blank\"><span class=\"dkpdf-button-icon\"><i class=\"fa fa-file-pdf-o\"><\/i><\/span> Let\u00f6lt\u00e9s<\/a>\n\n\t<\/div>\n\n\n\n\n\n<!-- PMB print buttons is only displayed on a single post\/page URLs-->","protected":false},"excerpt":{"rendered":"<p>A D\u00e9l-budai Centrumk\u00f3rh\u00e1z\u00a0 Szent Imre Egyetemi Oktat\u00f3k\u00f3rh\u00e1z Int\u00e9zeti Gy\u00f3gyszert\u00e1ra\u00a0 az R \u00e9p\u00fclet\u00e9ben tal\u00e1lhat\u00f3. Alap feladataink k\u00f6z\u00e9 tartozik a K\u00f3rh\u00e1zunkban \u00e1polt \u00e9s a j\u00e1r\u00f3beteg szakrendel\u00e9seinken ell\u00e1tott&hellip;<\/p>\n","protected":false},"author":26,"featured_media":0,"parent":0,"menu_order":0,"comment_status":"closed","ping_status":"closed","template":"","meta":{"_acf_changed":false,"footnotes":""},"categories":[20],"tags":[],"class_list":["post-1457","page","type-page","status-publish","hentry","category-kiegeszitoszolgaltatasok"],"acf":[],"post_type":"page","author_name":"Dar\u00e1zs \u00c1gnes","_links":{"self":[{"href":"https:\/\/www.szentimrekorhaz.hu\/index.php\/wp-json\/wp\/v2\/pages\/1457","targetHints":{"allow":["GET"]}}],"collection":[{"href":"https:\/\/www.szentimrekorhaz.hu\/index.php\/wp-json\/wp\/v2\/pages"}],"about":[{"href":"https:\/\/www.szentimrekorhaz.hu\/index.php\/wp-json\/wp\/v2\/types\/page"}],"author":[{"embeddable":true,"href":"https:\/\/www.szentimrekorhaz.hu\/index.php\/wp-json\/wp\/v2\/users\/26"}],"replies":[{"embeddable":true,"href":"https:\/\/www.szentimrekorhaz.hu\/index.php\/wp-json\/wp\/v2\/comments?post=1457"}],"version-history":[{"count":2,"href":"https:\/\/www.szentimrekorhaz.hu\/index.php\/wp-json\/wp\/v2\/pages\/1457\/revisions"}],"predecessor-version":[{"id":1462,"href":"https:\/\/www.szentimrekorhaz.hu\/index.php\/wp-json\/wp\/v2\/pages\/1457\/revisions\/1462"}],"wp:attachment":[{"href":"https:\/\/www.szentimrekorhaz.hu\/index.php\/wp-json\/wp\/v2\/media?parent=1457"}],"wp:term":[{"taxonomy":"category","embeddable":true,"href":"https:\/\/www.szentimrekorhaz.hu\/index.php\/wp-json\/wp\/v2\/categories?post=1457"},{"taxonomy":"post_tag","embeddable":true,"href":"https:\/\/www.szentimrekorhaz.hu\/index.php\/wp-json\/wp\/v2\/tags?post=1457"}],"curies":[{"name":"wp","href":"https:\/\/api.w.org\/{rel}","templated":true}]}}

Intézeti Gyógyszertár

<p>A Dél-budai Centrumkórház  Szent Imre Egyetemi Oktatókórház Intézeti Gyógyszertára  az R épületében található.</p>



<p><strong>Alap feladataink</strong> közé tartozik a Kórházunkban ápolt és a járóbeteg szakrendeléseinken ellátott betegeink gyógyszerellátása, a magisztrális készítmények előállítása, farmakológiai információs szolgálat és felügyelet.<br>Az Intézeti gyógyszertár végzi a hazánkban forgalomba hozatali engedéllyel nem rendelkező gyógyszerkészítmények beszerzését is, beleértve a vonatkozó szakhatósági kapcsolattartást és az engedélyezési folyamatok koordinálását.</p>



<p><strong>Szakfeladataink:</strong></p>



<ul class="wp-block-list">
<li>betegágy melletti gyógyszerészi tanácsadás</li>



<li>közvetlen lakossági gyógyszerellátást biztosító tevékenység – <strong><a href="https://www.szentimrekorhaz.hu/index.php/forraspatika/">Forrás Patika</a></strong></li>
</ul>



	<div class="dkpdf-button-container" style="            text-align:right ">

		<a class="dkpdf-button" href="/index.php/wp-json/wp/v2/pages/1457?pdf=1457" target="_blank"><span class="dkpdf-button-icon"><i class="fa fa-file-pdf-o"></i></span> Letöltés</a>

	</div>





<!-- PMB print buttons is only displayed on a single post/page URLs-->

<p>A Dél-budai Centrumkórház  Szent Imre Egyetemi Oktatókórház Intézeti Gyógyszertára  az R épületében található. Alap feladataink közé tartozik a Kórházunkban ápolt és a járóbeteg szakrendeléseinken ellátott&hellip;</p>

Darázs Ágnes
