{"id":147,"date":"2009-09-03T10:36:29","date_gmt":"2009-09-03T08:36:29","guid":{"rendered":"http:\/\/localhost\/index.php\/varolistaszabalyzat\/"},"modified":"2025-08-15T10:23:53","modified_gmt":"2025-08-15T08:23:53","slug":"varolistaszabalyzat","status":"publish","type":"page","link":"https:\/\/www.szentimrekorhaz.hu\/index.php\/varolistaszabalyzat\/","title":{"rendered":"V\u00e1r\u00f3lista szab\u00e1lyzat"},"content":{"rendered":"<p>Eredeti dokumentumok (az akad\u00e1lymentes v\u00e1ltozathoz g\u00f6rgessen lejjebb):<\/p>\n<p><a href=\"\/wp-content\/uploads\/2009\/09\/varolista_szab.pdf\">V\u00e1r\u00f3lista Szab\u00e1lyzat<\/a><\/p>\n<p><a href=\"\/wp-content\/uploads\/2009\/09\/varolista-1_-melleklet.pdf\">1. sz\u00e1m\u00fa mell\u00e9klet<\/a><\/p>\n<p><a href=\"\/wp-content\/uploads\/2009\/09\/Varolista-2_-melleklet.pdf\">2. sz\u00e1m\u00fa mell\u00e9klet<\/a><\/p>\n<p><a href=\"\/wp-content\/uploads\/2009\/09\/varolista-3_-melleklet.pdf\">3. sz\u00e1m\u00fa mell\u00e9klet<\/a><\/p>\n<p><a href=\"\/wp-content\/uploads\/2009\/09\/varolista-4_-melleklet.pdf\">4. sz\u00e1m\u00fa mell\u00e9klet<\/a><\/p>\n\n\n<div data-wp-interactive=\"core\/file\" class=\"wp-block-file\"><object data-wp-bind--hidden=\"!state.hasPdfPreview\" hidden class=\"wp-block-file__embed\" data=\"https:\/\/www.szentimrekorhaz.hu\/wp-content\/uploads\/2025\/08\/Varolista-szabalyzat20231021vegleges_korrektura-nelkul.pdf\" type=\"application\/pdf\" style=\"width:100%;height:600px\" aria-label=\"Akad\u00e1lymentes\u00edtett - V\u00e1r\u00f3lista szab\u00e1lyzat be\u00e1gyaz\u00e1sa\"><\/object><a id=\"wp-block-file--media-3eb40dc1-3dd9-4f13-80ad-9363821eef0b\" href=\"https:\/\/www.szentimrekorhaz.hu\/wp-content\/uploads\/2025\/08\/Varolista-szabalyzat20231021vegleges_korrektura-nelkul.pdf\">Akad\u00e1lymentes\u00edtett \u2013 V\u00e1r\u00f3lista szab\u00e1lyzat<\/a><a href=\"https:\/\/www.szentimrekorhaz.hu\/wp-content\/uploads\/2025\/08\/Varolista-szabalyzat20231021vegleges_korrektura-nelkul.pdf\" class=\"wp-block-file__button wp-element-button\" download aria-describedby=\"wp-block-file--media-3eb40dc1-3dd9-4f13-80ad-9363821eef0b\">Let\u00f6lt\u00e9s<\/a><\/div>\n\n\n\n<div data-wp-interactive=\"core\/file\" class=\"wp-block-file\"><object data-wp-bind--hidden=\"!state.hasPdfPreview\" hidden class=\"wp-block-file__embed\" data=\"https:\/\/www.szentimrekorhaz.hu\/wp-content\/uploads\/2025\/08\/Varolista-szabalyzat-1.-sz.-melleklet20231021vegleges.pdf\" type=\"application\/pdf\" style=\"width:100%;height:600px\" aria-label=\"Akad\u00e1lymentes\u00edtett - V\u00e1r\u00f3lista szab\u00e1lyzat 1. sz. mell\u00e9klet be\u00e1gyaz\u00e1sa\"><\/object><a id=\"wp-block-file--media-73a692b4-b008-4941-8418-a0fe7d482a4c\" href=\"https:\/\/www.szentimrekorhaz.hu\/wp-content\/uploads\/2025\/08\/Varolista-szabalyzat-1.-sz.-melleklet20231021vegleges.pdf\">Akad\u00e1lymentes\u00edtett \u2013 V\u00e1r\u00f3lista szab\u00e1lyzat 1. sz. mell\u00e9klet<\/a><a href=\"https:\/\/www.szentimrekorhaz.hu\/wp-content\/uploads\/2025\/08\/Varolista-szabalyzat-1.-sz.-melleklet20231021vegleges.pdf\" class=\"wp-block-file__button wp-element-button\" download aria-describedby=\"wp-block-file--media-73a692b4-b008-4941-8418-a0fe7d482a4c\">Let\u00f6lt\u00e9s<\/a><\/div>\n\n\n\n<p><\/p>\n\n\n\n\t<div class=\"dkpdf-button-container\" style=\"            text-align:right \">\n\n\t\t<a class=\"dkpdf-button\" href=\"\/index.php\/wp-json\/wp\/v2\/pages\/147?pdf=147\" target=\"_blank\"><span class=\"dkpdf-button-icon\"><i class=\"fa fa-file-pdf-o\"><\/i><\/span> Let\u00f6lt\u00e9s<\/a>\n\n\t<\/div>\n\n\n\n\n\n<!-- PMB print buttons is only displayed on a single post\/page URLs-->","protected":false},"excerpt":{"rendered":"<p>Eredeti dokumentumok (az akad\u00e1lymentes v\u00e1ltozathoz g\u00f6rgessen lejjebb): V\u00e1r\u00f3lista Szab\u00e1lyzat 1. sz\u00e1m\u00fa mell\u00e9klet 2. sz\u00e1m\u00fa mell\u00e9klet 3. sz\u00e1m\u00fa mell\u00e9klet 4. sz\u00e1m\u00fa mell\u00e9klet Let\u00f6lt\u00e9s<\/p>\n","protected":false},"author":1,"featured_media":0,"parent":0,"menu_order":1,"comment_status":"closed","ping_status":"closed","template":"","meta":{"_acf_changed":false,"footnotes":""},"categories":[],"tags":[],"class_list":["post-147","page","type-page","status-publish","hentry"],"acf":[],"post_type":"page","author_name":"admin","_links":{"self":[{"href":"https:\/\/www.szentimrekorhaz.hu\/index.php\/wp-json\/wp\/v2\/pages\/147","targetHints":{"allow":["GET"]}}],"collection":[{"href":"https:\/\/www.szentimrekorhaz.hu\/index.php\/wp-json\/wp\/v2\/pages"}],"about":[{"href":"https:\/\/www.szentimrekorhaz.hu\/index.php\/wp-json\/wp\/v2\/types\/page"}],"author":[{"embeddable":true,"href":"https:\/\/www.szentimrekorhaz.hu\/index.php\/wp-json\/wp\/v2\/users\/1"}],"replies":[{"embeddable":true,"href":"https:\/\/www.szentimrekorhaz.hu\/index.php\/wp-json\/wp\/v2\/comments?post=147"}],"version-history":[{"count":4,"href":"https:\/\/www.szentimrekorhaz.hu\/index.php\/wp-json\/wp\/v2\/pages\/147\/revisions"}],"predecessor-version":[{"id":2344,"href":"https:\/\/www.szentimrekorhaz.hu\/index.php\/wp-json\/wp\/v2\/pages\/147\/revisions\/2344"}],"wp:attachment":[{"href":"https:\/\/www.szentimrekorhaz.hu\/index.php\/wp-json\/wp\/v2\/media?parent=147"}],"wp:term":[{"taxonomy":"category","embeddable":true,"href":"https:\/\/www.szentimrekorhaz.hu\/index.php\/wp-json\/wp\/v2\/categories?post=147"},{"taxonomy":"post_tag","embeddable":true,"href":"https:\/\/www.szentimrekorhaz.hu\/index.php\/wp-json\/wp\/v2\/tags?post=147"}],"curies":[{"name":"wp","href":"https:\/\/api.w.org\/{rel}","templated":true}]}}