{"id":183,"date":"2009-09-03T10:44:08","date_gmt":"2009-09-03T08:44:08","guid":{"rendered":"http:\/\/localhost\/index.php\/gyogytornaszszolgalat\/"},"modified":"2025-09-09T08:07:13","modified_gmt":"2025-09-09T06:07:13","slug":"gyogytornaszszolgalat","status":"publish","type":"page","link":"https:\/\/www.szentimrekorhaz.hu\/index.php\/gyogytornaszszolgalat\/","title":{"rendered":"Gy\u00f3gytorn\u00e1sz Szolg\u00e1lat"},"content":{"rendered":"<div>\n<div><strong>mb. vezet\u0151 gy\u00f3gytorn\u00e1sz:<\/strong>\u00a0G\u00e1bor Zs\u00f3fia Anna<\/div>\n<div><strong>mb. vezet\u0151 gy\u00f3gytorn\u00e1sz helyettes:<\/strong>\u00a0Partics \u2013 Verest\u00f3y Andrea<\/div>\n<\/div>\n<div>Gy\u00f3gytorna Szolg\u00e1lat \u201eK\u201d \u00e9p\u00fclet f\u00f6ldszint<\/div>\n<div><strong>tel:<\/strong> (+36-1) 464-8600\/1323 mell\u00e9k<\/div>\n<div><strong>e-mail:<\/strong> gyogytorna@szentimrekorhaz.hu<\/div>\n<p>A Gy\u00f3gytorn\u00e1sz Szolg\u00e1lat az \u00e1pol\u00e1si igazgat\u00f3s\u00e1g al\u00e1 rendelve v\u00e9gzi feladat\u00e1t. Munkat\u00e1rsaink a fekv\u0151beteg-ell\u00e1t\u00e1s ter\u00fclet\u00e9n, az orvos javaslat\u00e1ra \u2013 a beteg vizsg\u00e1lata alapj\u00e1n \u2013 \u00f6n\u00e1ll\u00f3an fel\u00e9p\u00edtett mozg\u00e1ster\u00e1pi\u00e1t v\u00e9geznek.<\/p>\n<div>\n<div><strong>Gy\u00f3gytorn\u00e1szaink:<\/strong><\/div>\n<div>Baloghn\u00e9 Nagy R\u00e9ka<\/div>\n<div>Borosnyay P\u00e1ln\u00e9<\/div>\n<div>Csicsai Annam\u00e1ria<\/div>\n<div>Faiszt Bal\u00e1zs<\/div>\n<div>Friedrichn\u00e9 Nagy Andrea<\/div>\n<div>Gy\u00e1rf\u00e1s Linda<\/div>\n<div>Kuin\u00e9 B\u00e9kes \u00c1gnes<\/div>\n<div>Moln\u00e1r \u00c1gnes Lilla<\/div>\n<div>Szentirmai Rita<\/div>\n<div>Sz\u00e9kely Szilvia<\/div>\n<div>T\u00e1trai-Kolba Hajnalka ( tart\u00f3s t\u00e1voll\u00e9t)<\/div>\n<div><\/div>\n<div><strong>konduktor: <\/strong>Thoma Ferencn\u00e9<\/div>\n<div><strong>gy\u00f3gymassz\u0151r:<\/strong> Gregus Zolt\u00e1n<\/div>\n<div><\/div>\n<div><u><strong>Csoportos Torna<\/strong><\/u><\/div>\n<div>Szerda d\u00e9lel\u0151tt 10:00 K. \u00e9p\u00fclet f\u00f6ldszint tornaterem: <strong>Kismama torna<\/strong><\/div>\n<div><\/div>\n<div><\/div>\n<\/div>\n\n\n\n\t<div class=\"dkpdf-button-container\" style=\"            text-align:right \">\n\n\t\t<a class=\"dkpdf-button\" href=\"\/index.php\/wp-json\/wp\/v2\/pages\/183?pdf=183\" target=\"_blank\"><span class=\"dkpdf-button-icon\"><i class=\"fa fa-file-pdf-o\"><\/i><\/span> Let\u00f6lt\u00e9s<\/a>\n\n\t<\/div>\n\n\n\n\n\n<!-- PMB print buttons is only displayed on a single post\/page URLs-->","protected":false},"excerpt":{"rendered":"<p>mb. vezet\u0151 gy\u00f3gytorn\u00e1sz:\u00a0G\u00e1bor Zs\u00f3fia Anna mb. vezet\u0151 gy\u00f3gytorn\u00e1sz helyettes:\u00a0Partics \u2013 Verest\u00f3y Andrea Gy\u00f3gytorna Szolg\u00e1lat \u201eK\u201d \u00e9p\u00fclet f\u00f6ldszint tel: (+36-1) 464-8600\/1323 mell\u00e9k e-mail: gyogytorna@szentimrekorhaz.hu A Gy\u00f3gytorn\u00e1sz&hellip;<\/p>\n","protected":false},"author":3,"featured_media":0,"parent":0,"menu_order":5,"comment_status":"closed","ping_status":"closed","template":"","meta":{"_acf_changed":false,"footnotes":""},"categories":[],"tags":[],"class_list":["post-183","page","type-page","status-publish","hentry"],"acf":[],"post_type":"page","author_name":"backup","_links":{"self":[{"href":"https:\/\/www.szentimrekorhaz.hu\/index.php\/wp-json\/wp\/v2\/pages\/183","targetHints":{"allow":["GET"]}}],"collection":[{"href":"https:\/\/www.szentimrekorhaz.hu\/index.php\/wp-json\/wp\/v2\/pages"}],"about":[{"href":"https:\/\/www.szentimrekorhaz.hu\/index.php\/wp-json\/wp\/v2\/types\/page"}],"author":[{"embeddable":true,"href":"https:\/\/www.szentimrekorhaz.hu\/index.php\/wp-json\/wp\/v2\/users\/3"}],"replies":[{"embeddable":true,"href":"https:\/\/www.szentimrekorhaz.hu\/index.php\/wp-json\/wp\/v2\/comments?post=183"}],"version-history":[{"count":2,"href":"https:\/\/www.szentimrekorhaz.hu\/index.php\/wp-json\/wp\/v2\/pages\/183\/revisions"}],"predecessor-version":[{"id":2479,"href":"https:\/\/www.szentimrekorhaz.hu\/index.php\/wp-json\/wp\/v2\/pages\/183\/revisions\/2479"}],"wp:attachment":[{"href":"https:\/\/www.szentimrekorhaz.hu\/index.php\/wp-json\/wp\/v2\/media?parent=183"}],"wp:term":[{"taxonomy":"category","embeddable":true,"href":"https:\/\/www.szentimrekorhaz.hu\/index.php\/wp-json\/wp\/v2\/categories?post=183"},{"taxonomy":"post_tag","embeddable":true,"href":"https:\/\/www.szentimrekorhaz.hu\/index.php\/wp-json\/wp\/v2\/tags?post=183"}],"curies":[{"name":"wp","href":"https:\/\/api.w.org\/{rel}","templated":true}]}}