{"id":194,"date":"2009-09-17T16:06:45","date_gmt":"2009-09-17T14:06:45","guid":{"rendered":"http:\/\/localhost\/index.php\/altalanos-sebeszeti-profil\/"},"modified":"2026-02-04T12:53:09","modified_gmt":"2026-02-04T11:53:09","slug":"altalanos-sebeszeti-profil","status":"publish","type":"page","link":"https:\/\/www.szentimrekorhaz.hu\/index.php\/altalanos-sebeszeti-profil\/","title":{"rendered":"\u00c1ltal\u00e1nos Seb\u00e9szeti Profil"},"content":{"rendered":"<h2>\u201eA\u201d \u00e9p\u00fclet I. emelet<\/h2>\n<h3>Profilvezet\u0151 f\u0151orvos: Dr. M\u00e1t\u00e9 Mikl\u00f3s Ph.D.<br>Tel.: (+36-1) 464-8734 vagy a (+36-1) 464-8669<br>B\u00e1zis \u00e1pol\u00e1si egys\u00e9g: 4. sz\u00e1m\u00fa \u00c1pol\u00e1si Egys\u00e9g<\/h3>\n<h3>Oszt\u00e1lyvezet\u0151 \u00c1pol\u00f3: Krenk\u00f3 Szilvia Lilla<\/h3>\n<p>Feladata:<\/p>\n<ul>\n<li>az \u00e1ltal\u00e1nos seb\u00e9szeti ell\u00e1t\u00e1st ig\u00e9nyl\u0151 betegek fel, illetve \u00e1tv\u00e9tele a S\u00fcrg\u0151ss\u00e9gi Betegell\u00e1t\u00f3 Oszt\u00e1lyt\u00f3l vagy a k\u00f3rh\u00e1z m\u00e1s profiljait\u00f3l (oszt\u00e1lyait\u00f3l), illetve az \u00e1ltala m\u0171k\u00f6dtetett ambulanci\u00e1kr\u00f3l;<\/li>\n<li>a f\u0151v\u00e1rosi \u00fcgyeleti rendszerb\u0151l r\u00e1h\u00e1rul\u00f3 feladatok teljes\u00edt\u00e9se;<\/li>\n<li>sz\u00fcks\u00e9g eset\u00e9n e betegek m\u0171t\u00e9ti \u00e9s m\u0171t\u00e9ti ut\u00f3kezel\u00e9s\u00e9nek elv\u00e9gz\u00e9se;<\/li>\n<li>a betegek hazabocs\u00e1t\u00e1sa, vagy<\/li>\n<li>sz\u00fcks\u00e9g eset\u00e9n m\u00e1s k\u00f3rh\u00e1zi profilra (\u00e1pol\u00e1si egys\u00e9gre) \u00e1thelyez\u00e9se;<\/li>\n<li>seb\u00e9szeti konz\u00edlium ad\u00e1sa a k\u00f3rh\u00e1zi t\u00e1rsprofiloknak (\u00e1pol\u00e1si egys\u00e9geknek);<\/li>\n<li>az orvosk\u00e9pz\u00e9sben, orvos tov\u00e1bbk\u00e9pz\u00e9sben, szakdolgoz\u00f3i k\u00e9pz\u00e9sben akkredit\u00e1ci\u00f3j\u00e1nak megfelel\u0151 feladatok ell\u00e1t\u00e1sa.<\/li>\n<\/ul>\n<p>Az \u00e1ltal\u00e1nos seb\u00e9szeti profil gyakorlatilag teljes terjedelm\u00e9ben \u00e1tfogja a hasi (benne az epe, hasny\u00e1lmirigy, gyomor, v\u00e9kony \u00e9s vastagb\u00e9l, v\u00e9gb\u00e9l (coloprotologia) l\u00e9nyeg\u00e9ben b\u00e1rmely t\u00edpus\u00fa m\u0171t\u00e9teit), hormon\u00e1lis (pajzsmirigy, mell\u00e9kvese), az eml\u0151 megbeteged\u00e9sek (t\u00f6bbek k\u00f6z\u00f6tt az \u00fan. \u201esentinel\u201d \u2013 \u201e\u0151rszem\u201d nyirokcsom\u00f3s izot\u00f3p meghat\u00e1roz\u00e1ssal) \u00e9s a v\u00e9gtagseb\u00e9szet sz\u00e9les spektrum\u00e1t. K\u00fcl\u00f6n\u00f6sen \u00e9len j\u00e1r a laparoscopi\u00e1s seb\u00e9szeti elj\u00e1r\u00e1sok alkalmaz\u00e1s\u00e1ban. Seb\u00e9szeink \u00e9vente kb. 2000 m\u0171t\u00e9tet v\u00e9geznek. Az \u00c1ltal\u00e1nos Seb\u00e9szeti Profil speci\u00e1lis szolg\u00e1ltat\u00e1s\u00e1t jelentik a nyel\u0151cs\u0151 nagyobb m\u0171t\u00e9tei.<\/p>\n<p>A betegek elhelyez\u00e9se komfortos, d\u00f6nt\u0151en 2 \u00e1gyas, nagy r\u00e9szben erk\u00e9lyes szob\u00e1kban t\u00f6rt\u00e9nik, de t\u00e9r\u00edt\u00e9si d\u00edj ellen\u00e9ben egy\u00e1gyas, f\u00fcrd\u0151szob\u00e1s k\u00f3rterem is rendelkez\u00e9sre \u00e1ll. \u00c9rdekl\u0151d\u00e9s a betegek ut\u00e1n: n\u0151v\u00e9rpult telefon: (+36-1) 464-8600\/1174.<\/p>\n<p>K\u00fcl\u00f6n k\u00e9r\u00e9sre, t\u00e9r\u00edt\u00e9s ellen\u00e9ben kiemelt hotelszolg\u00e1ltat\u00e1st is tudunk biztos\u00edtani.<\/p>\n<p><strong>A profil \u00e1ltal m\u0171k\u00f6dtetett szakambulanci\u00e1k:<\/strong><\/p>\n<p><strong>\u00c1ltal\u00e1nos Seb\u00e9szeti Szakambulancia<\/strong> \u2013 itt t\u00f6rt\u00e9nik az \u00faj betegek jelentkez\u00e9se, a m\u0171t\u00e9ti kivizsg\u00e1l\u00e1s elind\u00edt\u00e1sa, a betegek m\u0171t\u00e9t ut\u00e1ni kontroll vizsg\u00e1lata, stb. Beutal\u00f3 \u00e9s el\u0151jegyz\u00e9s sz\u00fcks\u00e9ges. \u00c9rdekl\u0151d\u00e9s orvosok rendel\u00e9si ideje ut\u00e1n \u00e9s el\u0151jegyz\u00e9s a (+36-1) 464-8774 sz\u00e1m\u00fa telefonon. Rendel\u00e9s: B\u00e1rtfai utcai Rendel\u0151int\u00e9zet 3. emelet 318-319..<\/p>\n<p>Rendel\u00e9si id\u0151: H: 9.00-12.00, K: 9.00-12.00, Sz: 9.00-12.00, Cs: 9.00-12.00, P: 09.00 -13.00<\/p>\n<p><strong>Eml\u0151seb\u00e9szeti Szakambulancia<\/strong> \u2013 El\u0151jegyz\u00e9s sz\u00fcks\u00e9ges, mely megtehet\u0151 naponta 8.00 \u2013 t\u0151l 10.00 -ig a (+36-1) 464-8774-es telefonon. Rendel\u00e9s a B\u00e1rtfai utcai Rendel\u0151int\u00e9zetben, 3. em. 318.<\/p>\n<p>Rendel\u00e9si id\u0151: H: 10.00 \u2013 12.00, K: 13.00 \u2013 14.00 Cs: 13.00 \u2013 14.00<\/p>\n<p><strong>Coloproctol\u00f3giai Szakambulancia<\/strong> \u2013 Beutal\u00f3 sz\u00fcks\u00e9ges. El\u0151jegyz\u00e9s 8.00 \u2013 t\u0151l 10.00-ig a (+36-1) 464-8774-es, rendel\u00e9si id\u0151ben a (+36-1) 464-8755-\u00f6s telefonon. Rendel\u00e9s a B\u00e1rtfai utcai Rendel\u0151int\u00e9zetben, 3. em. 318.<\/p>\n<p>Rendel\u00e9si id\u0151: H: 11.00 \u2013 13.00 K: 11.00-13.00, Sz: 11.00 \u2013 13.00 ,Cs: 11.00 \u2013 13.00<\/p>\n<p><strong>Diab\u00e9tesz L\u00e1b Szakambulancia<\/strong> \u2013 Beutal\u00f3 sz\u00fcks\u00e9ges. El\u0151jegyz\u00e9s 8.00 \u2013 t\u0151l 10.00 -ig a (+36-1) 464-8774-es telefonon. Rendel\u00e9s a B\u00e1rtfai utcai Rendel\u0151int\u00e9zetben (3. em. 318.)<\/p>\n<p>Rendel\u00e9si id\u0151: K: 09.00 \u2013 11.00 Cs: 09.00 \u2013 11.00<\/p>\n<div><strong>Szt\u00f3magondoz\u00f3 ambulancia:<\/strong> Seb\u00e9szorvosaink mellett speci\u00e1lis k\u00e9pz\u00e9ssel rendelkez\u0151 szt\u00f3mater\u00e1pi\u00e1s n\u0151v\u00e9rek dolgoznak, akiket betegeink felkeresnek k\u00e9rd\u00e9seikkel \u00e9s a szt\u00f3ma gondoz\u00e1s\u00e1val kapcsolatban. A szt\u00f3mater\u00e1pi\u00e1s n\u0151v\u00e9rek felk\u00e9sz\u00edtik a szt\u00f3mam\u0171t\u00e9t el\u0151tt \u00e1ll\u00f3 ill. azon \u00e1tesett betegeket a v\u00e1rhat\u00f3 esem\u00e9nyekre \u00e9s a m\u0171t\u00e9tet k\u00f6vet\u0151en betan\u00edtj\u00e1k a seg\u00e9deszk\u00f6z\u00f6k haszn\u00e1lat\u00e1t. Seg\u00edtenek kiv\u00e1lasztani a legmegfelel\u0151bb term\u00e9ket, valamint a beteget \u00e9s a hozz\u00e1tartoz\u00f3kat tan\u00e1csokkal l\u00e1tj\u00e1k el.<\/div>\n<div>El\u0151jegyz\u00e9s sz\u00fcks\u00e9ges, amely minden nap 8:00 \u00e9s 11:00 \u00f3ra k\u00f6z\u00f6tt a +36 1 464 8774-es telefonsz\u00e1mon lehets\u00e9ges.<\/div>\n<div>Szt\u00f3magondoz\u00e1s: H\u00e9tf\u0151t\u0151l-p\u00e9ntekig 9:00 \u00e9s 11:00 \u00f3ra k\u00f6z\u00f6tt a B\u00e1rtfai utcai Rendel\u0151int\u00e9zetben a 3. emeleten a 320-as szob\u00e1ban t\u00f6rt\u00e9nik.<\/div>\n<div>\u00a0<\/div>\n<div><a href=\"https:\/\/www.szentimrekorhaz.hu\/index.php\/altalanos-sebeszet\/\">Kattints ide az oszt\u00e1ly j\u00e1r\u00f3beteg ell\u00e1t\u00e1s\u00e1ra.<\/a><\/div>\n<div>\u00a0<\/div>\n<div>\n<p><strong>A profil orvosai:<\/strong><\/p>\n<\/div>\n\n\n<figure class=\"wp-block-table\"><table class=\"has-fixed-layout\"><tbody><tr><td>Dr. M\u00e1t\u00e9 Mikl\u00f3s Ph.D<\/td><td>orvosigazgat\u00f3-helyettes, profilvezet\u0151 f\u0151orvos<\/td><\/tr><tr><td>Dr. \u00c1gh P\u00e9ter <\/td><td>szakorvos<\/td><\/tr><tr><td>Dr. Brenner Barnab\u00e1s<\/td><td>szakorvos<\/td><\/tr><tr><td>Dr. Czeller D\u00e1niel<\/td><td>szakorvos<\/td><\/tr><tr><td>Dr. Herczeg Gy\u00f6rgy Ph.D<\/td><td>szakorvos<\/td><\/tr><tr><td>Dr. Merkel Kereszt\u00e9ly G\u00e9za<\/td><td>szakorvos<\/td><\/tr><tr><td>Dr. Ordasi G\u00e1bor <\/td><td>rezidens<\/td><\/tr><tr><td>Dr. Pord\u00e1ny B\u00e1lint Bal\u00e1zs<\/td><td>szakorvos<\/td><\/tr><tr><td>Dr. Semj\u00e9ni-Tornyi Fanni<\/td><td>szakorvos<\/td><\/tr><tr><td>Dr. Solymosi Attila<\/td><td>szakorvos<\/td><\/tr><tr><td>Dr. Suszt\u00e1k N\u00f3ra<\/td><td>rezidens<\/td><\/tr><tr><td>Dr. Kov\u00e1cs No\u00e9mi<\/td><td>rezidens, \u00e1ltal\u00e1nos orvos<\/td><\/tr><tr><td>Dr. Radv\u00e1nyi Bal\u00e1zs Tam\u00e1s<\/td><td>rezidens, \u00e1ltal\u00e1nos orvos<\/td><\/tr><tr><td>Dr. Vertse Gergely <\/td><td>szakorvos<\/td><\/tr><tr><td>Dr. Vit\u00e1lyos Tibor<\/td><td>szakorvos<\/td><\/tr><tr><td>Dr. V\u00f6lgyi R\u00e9ka<\/td><td>szakorvos<\/td><\/tr><tr><td>Dr. Szerencsi N\u00f3ra<\/td><td>\u00e1ltal\u00e1nos orvos<\/td><\/tr><tr><td>Dr. Ver\u00e9b Zita Lilla<\/td><td>rezidens<\/td><\/tr><tr><td>Dr. Duma Lilla<\/td><td>rezidens<\/td><\/tr><tr><td>Dr. Fodor \u00c1gnes <\/td><td>rezidens<\/td><\/tr><\/tbody><\/table><\/figure>\n\n\n\n\t<div class=\"dkpdf-button-container\" style=\"            text-align:right \">\n\n\t\t<a class=\"dkpdf-button\" href=\"\/index.php\/wp-json\/wp\/v2\/pages\/194?pdf=194\" target=\"_blank\"><span class=\"dkpdf-button-icon\"><i class=\"fa fa-file-pdf-o\"><\/i><\/span> Let\u00f6lt\u00e9s<\/a>\n\n\t<\/div>\n\n\n\n\n\n<!-- PMB print buttons is only displayed on a single post\/page URLs-->","protected":false},"excerpt":{"rendered":"<p>\u201eA\u201d \u00e9p\u00fclet I. emelet Profilvezet\u0151 f\u0151orvos: Dr. M\u00e1t\u00e9 Mikl\u00f3s Ph.D.Tel.: (+36-1) 464-8734 vagy a (+36-1) 464-8669B\u00e1zis \u00e1pol\u00e1si egys\u00e9g: 4. sz\u00e1m\u00fa \u00c1pol\u00e1si Egys\u00e9g Oszt\u00e1lyvezet\u0151 \u00c1pol\u00f3: Krenk\u00f3&hellip;<\/p>\n","protected":false},"author":3,"featured_media":0,"parent":0,"menu_order":1,"comment_status":"closed","ping_status":"closed","template":"","meta":{"_acf_changed":false,"footnotes":""},"categories":[],"tags":[],"class_list":["post-194","page","type-page","status-publish","hentry"],"acf":[],"post_type":"page","author_name":"backup","_links":{"self":[{"href":"https:\/\/www.szentimrekorhaz.hu\/index.php\/wp-json\/wp\/v2\/pages\/194","targetHints":{"allow":["GET"]}}],"collection":[{"href":"https:\/\/www.szentimrekorhaz.hu\/index.php\/wp-json\/wp\/v2\/pages"}],"about":[{"href":"https:\/\/www.szentimrekorhaz.hu\/index.php\/wp-json\/wp\/v2\/types\/page"}],"author":[{"embeddable":true,"href":"https:\/\/www.szentimrekorhaz.hu\/index.php\/wp-json\/wp\/v2\/users\/3"}],"replies":[{"embeddable":true,"href":"https:\/\/www.szentimrekorhaz.hu\/index.php\/wp-json\/wp\/v2\/comments?post=194"}],"version-history":[{"count":9,"href":"https:\/\/www.szentimrekorhaz.hu\/index.php\/wp-json\/wp\/v2\/pages\/194\/revisions"}],"predecessor-version":[{"id":3749,"href":"https:\/\/www.szentimrekorhaz.hu\/index.php\/wp-json\/wp\/v2\/pages\/194\/revisions\/3749"}],"wp:attachment":[{"href":"https:\/\/www.szentimrekorhaz.hu\/index.php\/wp-json\/wp\/v2\/media?parent=194"}],"wp:term":[{"taxonomy":"category","embeddable":true,"href":"https:\/\/www.szentimrekorhaz.hu\/index.php\/wp-json\/wp\/v2\/categories?post=194"},{"taxonomy":"post_tag","embeddable":true,"href":"https:\/\/www.szentimrekorhaz.hu\/index.php\/wp-json\/wp\/v2\/tags?post=194"}],"curies":[{"name":"wp","href":"https:\/\/api.w.org\/{rel}","templated":true}]}}