{"id":224,"date":"2009-10-07T15:37:10","date_gmt":"2009-10-07T13:37:10","guid":{"rendered":"http:\/\/localhost\/index.php\/plasztikai-sebeszeti-profil\/"},"modified":"2026-02-09T12:11:56","modified_gmt":"2026-02-09T11:11:56","slug":"plasztikai-sebeszeti-profil","status":"publish","type":"page","link":"https:\/\/www.szentimrekorhaz.hu\/index.php\/plasztikai-sebeszeti-profil\/","title":{"rendered":"Plasztikai Seb\u00e9szeti Profil"},"content":{"rendered":"<p><strong>\u201eA\u201d \u00e9p\u00fclet III. emelet<\/strong><\/p>\n<p><strong>Profilvezet\u0151 f\u0151orvos: Dr. J\u00f3svay J\u00e1nos Ph.D.\u00a0<\/strong><\/p>\n<p><strong>Telefon:<\/strong>\u00a0<strong>+36-1\/464-8640<\/strong><\/p>\n<p><strong>E-mail:<\/strong>\u00a0<a href=\"mailto:plasztika@szentimrekorhaz.hu\"><em>plasztika@szentimrekorhaz.hu<\/em><\/a><\/p>\n<p><strong>Profilmenedzser:<\/strong> <strong>K\u00f3bory Zita\u00a0<\/strong><\/p>\n<p><strong>E-mail:<\/strong>\u00a0<a href=\"mailto:plasztikaprofilmenedzser@szentimrekorhaz.hu\"><em>plasztikaprofilmenedzser@szentimrekorhaz.hu<\/em><\/a><\/p>\n<p><strong>B\u00e1zis \u00e1pol\u00e1si egys\u00e9g:<\/strong> <strong>1. sz. Operat\u00edv \u00c1pol\u00e1si Egys\u00e9g<\/strong><\/p>\n<p><strong>Telefon:<\/strong> <strong>+36-1-464-8600\/1718 mell\u00e9k<\/strong><\/p>\n<div>\u00a0<\/div>\n<div><strong>Feladata:<\/strong><\/div>\n<div>\u00a0<\/div>\n<div>\u2013 a plasztikai seb\u00e9szeti ell\u00e1t\u00e1st ig\u00e9nyl\u0151 betegek fel-, illetve \u00e1tv\u00e9tele az \u00e1ltala m\u0171k\u00f6dtetett ambulanci\u00e1r\u00f3l, illetve a k\u00f3rh\u00e1z m\u00e1s oszt\u00e1lyair\u00f3l\/profiljair\u00f3l;<\/div>\n<div>\u2013 sz\u00fcks\u00e9g eset\u00e9n a betegek m\u0171t\u00e9ti \u00e9s m\u0171t\u00e9ti ut\u00f3kezel\u00e9s\u00e9nek elv\u00e9gz\u00e9se;<\/div>\n<div>\u2013 a betegek hazabocs\u00e1t\u00e1sa vagy sz\u00fcks\u00e9g eset\u00e9n m\u00e1s k\u00f3rh\u00e1zi oszt\u00e1lyra\/profilra \u00e1thelyez\u00e9se;<\/div>\n<div>\u2013 plasztikai seb\u00e9szeti konz\u00edlium ad\u00e1sa a k\u00f3rh\u00e1zi t\u00e1rsprofiloknak;<\/div>\n<div>\u2013 az orvosk\u00e9pz\u00e9sben, szakorvosk\u00e9pz\u00e9sben \u00e9s szakdolgoz\u00f3i k\u00e9pz\u00e9sben akkredit\u00e1ci\u00f3j\u00e1nak megfelel\u0151 feladatok ell\u00e1t\u00e1sa.<\/div>\n<div>\u00a0<\/div>\n<div>A D\u00e9l-budai Centrumk\u00f3rh\u00e1z Szent Imre Egyetemi Oktat\u00f3k\u00f3rh\u00e1zban az \u00f6n\u00e1ll\u00f3 plasztikai seb\u00e9szeti profil 2003-ban alakult, az Operat\u00edv Szakm\u00e1k M\u00e1trix Szervezet\u00e9n bel\u00fcl.<\/div>\n<div>A NEAK finansz\u00edrozott fekv\u0151betegek az 1. sz\u00e1m\u00fa \u00e1pol\u00e1si egys\u00e9gben ker\u00fclnek elhelyez\u00e9sre. K\u00fcl\u00f6n k\u00e9r\u00e9sre, t\u00e9r\u00edt\u00e9s ellen\u00e9ben kiemelt hotelszolg\u00e1ltat\u00e1st is tudunk biztos\u00edtani.<\/div>\n<div>A profil a plasztikai seb\u00e9szet helyre\u00e1ll\u00edt\u00f3 plasztikai seb\u00e9szeti \u00e1g\u00e1t m\u0171veli.<\/div>\n<div>\u00a0<\/div>\n<div>A helyre\u00e1ll\u00edt\u00f3 (NEAK \u00e1ltal finansz\u00edrozott) plasztikai seb\u00e9szet keret\u00e9ben v\u00e9gzik a t\u00f6rv\u00e9nyek, rendelkez\u00e9sek \u00e1ltal meghat\u00e1rozott felt\u00e9telek szerint:<\/div>\n<div>\u2013 a s\u00e9r\u00fcl\u00e9sek, \u00e9g\u00e9s, k\u00fcl\u00f6nb\u00f6z\u0151 orvosi beavatkoz\u00e1sok (m\u0171t\u00e9t, besug\u00e1rz\u00e1s stb.) ut\u00e1n visszamaradt hegek, torzul\u00e1sok, fejl\u0151d\u00e9si rendelleness\u00e9gek (ajakhasad\u00e9k csecsem\u0151kori z\u00e1r\u00e1sa ut\u00e1n visszamaradt feln\u0151ttkori ajak- \u00e9s orr-deformit\u00e1sok, az eml\u0151 fejl\u0151d\u00e9si rendelleness\u00e9gei stb.) korrekci\u00f3j\u00e1t;<\/div>\n<div>\u2013 a b\u0151r \u00e9s a l\u00e1gyr\u00e9szek j\u00f3- \u00e9s rosszindulat\u00fa daganatainak elt\u00e1vol\u00edt\u00e1s\u00e1t;<\/div>\n<div>\u2013 az eml\u0151 j\u00f3- \u00e9s rosszindulat\u00fa elv\u00e1ltoz\u00e1sainak m\u0171t\u00e9teit;<\/div>\n<div>\u2013 az eml\u0151r\u00e1k miatt csonkolt eml\u0151 helyre\u00e1ll\u00edt\u00e1s\u00e1t;<\/div>\n<div>\u2013 extr\u00e9m nagym\u00e9ret\u0171 eml\u0151 kisebb\u00edt\u00e9s\u00e9t;<\/div>\n<div>\u2013 nagyfok\u00fa tests\u00falycs\u00f6kken\u00e9st k\u00f6vet\u0151, m\u00e9retein\u00e9l fogva higien\u00e9s panaszokat okoz\u00f3, a szoci\u00e1lis beilleszked\u00e9st zavar\u00f3 b\u0151r-zs\u00edrfeleslegek elt\u00e1vol\u00edt\u00e1s\u00e1t;<\/div>\n<div>\u2013 baleseteket k\u00f6vet\u0151en kialakult l\u00e1gyr\u00e9sz hi\u00e1nyok p\u00f3tl\u00e1s\u00e1t;<\/div>\n<div>\u2013 tart\u00f3s fekv\u00e9s sor\u00e1n kialakult felfekv\u00e9sek m\u0171t\u00e9ti kezel\u00e9s\u00e9t.<\/div>\n<div>\u00a0<\/div>\n<div><strong>A profil \u00e1ltal m\u0171k\u00f6dtetett szakambulancia:<\/strong><\/div>\n<div>A profilhoz a h\u00e9t minden munkanapj\u00e1n m\u0171k\u00f6d\u0151 bels\u0151 ambulancia tartozik, melynek feladata az oper\u00e1lt betegek ut\u00f3kezel\u00e9se (varratszed\u00e9s, sebkezel\u00e9s stb.).<\/div>\n<div>A m\u0171t\u00e9tre jelentkez\u0151 \u00faj betegek vizsg\u00e1lata, szaktan\u00e1csad\u00e1s, m\u0171t\u00e9ti el\u0151jegyz\u00e9s \u00e9s az oper\u00e1lt betegek k\u00e9s\u0151i kontrollvizsg\u00e1lata \u2013 d\u00e9lut\u00e1nonk\u00e9nt \u2013 a B\u00e1rtfai utcai Rendel\u0151int\u00e9zet 3. emelet\u00e9n m\u0171k\u00f6d\u0151 szakambulanci\u00e1n (308-szoba) t\u00f6rt\u00e9nik.<\/div>\n<div>\u00a0<\/div>\n<div>A rendel\u00e9sre el\u0151jegyz\u00e9s sz\u00fcks\u00e9ges, amelyet a +36-1\/464 \u2013 8600\/ 1808 vagy 1718 mell\u00e9ken telefonon naponta 10.00-14.00 \u00f3r\u00e1ig lehet megtenni.<\/div>\n<div>\u00a0<\/div>\n<div>\n<p align=\"left\"><strong>A rendel\u00e9ssel kapcsolatos inform\u00e1ci\u00f3k:<\/strong><\/p>\n<\/div>\n\n\n<table id=\"tablepress-24\" class=\"tablepress tablepress-id-24 tbody-has-connected-cells\">\n<thead>\n<tr class=\"row-1\">\n\t<th colspan=\"4\" class=\"column-1\"><strong>Plasztikai Seb\u00e9szet<\/strong><\/th>\n<\/tr>\n<tr class=\"row-2\">\n\t<th colspan=\"4\" class=\"column-1\"><em>R \u00e9p\u00fclet, III. emelet 308.<\/em><\/th>\n<\/tr>\n<\/thead>\n<tbody class=\"row-striping row-hover\">\n<tr class=\"row-3\">\n\t<td rowspan=\"4\" class=\"column-1\"><em>H\u00e9tf\u0151<\/em><\/td><td rowspan=\"2\" class=\"column-2\"><em>9-12<\/em><\/td><td class=\"column-3\"><strong>Dr. Nagy Endre<\/strong><\/td><td rowspan=\"14\" class=\"column-4\"><em>A rendel\u00e9sekre el\u0151jegyz\u00e9s sz\u00fcks\u00e9ges.<br>\nTel.:<br>\n+36-1\/464-8600\/1808 mell\u00e9k vagy<br>\n+36-1\/464-8600\/1718 mell\u00e9k<br>\nnaponta 10-14 \u00f3ra k\u00f6z\u00f6tt<\/em><\/td>\n<\/tr>\n<tr class=\"row-4\">\n\t<td class=\"column-3\"><em>e-mail: nagyendre@icloud.com<\/em><\/td>\n<\/tr>\n<tr class=\"row-5\">\n\t<td rowspan=\"2\" class=\"column-2\"><em>12-15<\/em><\/td><td class=\"column-3\"><strong>Dr. J\u00f3zsef Zs\u00f3fia<\/strong><\/td>\n<\/tr>\n<tr class=\"row-6\">\n\t<td class=\"column-3\"><em>e-mail: zsofia.jozsef@gmail.com<\/em><\/td>\n<\/tr>\n<tr class=\"row-7\">\n\t<td rowspan=\"2\" class=\"column-1\"><em>Kedd<\/em><\/td><td rowspan=\"2\" class=\"column-2\"><em>12-14<\/em><\/td><td class=\"column-3\"><strong>Dr. Nagy Di\u00e1na<\/strong><\/td>\n<\/tr>\n<tr class=\"row-8\">\n\t<td class=\"column-3\"><em>e-mail: dr.diana.nagy@gmail.com<\/em><\/td>\n<\/tr>\n<tr class=\"row-9\">\n\t<td class=\"column-1\"><em>Szerda<\/em><\/td><td class=\"column-2\"><em>13-15<\/em><\/td><td class=\"column-3\"><\/td>\n<\/tr>\n<tr class=\"row-10\">\n\t<td rowspan=\"5\" class=\"column-1\"><em>Cs\u00fct\u00f6rt\u00f6k<\/em><\/td><td rowspan=\"2\" class=\"column-2\">9-11<\/td><td class=\"column-3\"><strong>Dr. J\u00f3svay J\u00e1nos<\/strong><\/td>\n<\/tr>\n<tr class=\"row-11\">\n\t<td class=\"column-3\"><em>e-mail: plasztika@szentimrekorhaz.hu<\/em><\/td>\n<\/tr>\n<tr class=\"row-12\">\n\t<td rowspan=\"2\" class=\"column-2\">12-14<\/td><td class=\"column-3\"><strong>Dr. Nagy Endre<\/strong><\/td>\n<\/tr>\n<tr class=\"row-13\">\n\t<td class=\"column-3\"><em>e-mail: nagyendre@icloud.com<\/em><\/td>\n<\/tr>\n<tr class=\"row-14\">\n\t<td class=\"column-2\">14-15<\/td><td class=\"column-3\"><strong>Dr. Bor Mih\u00e1ly<\/strong><\/td>\n<\/tr>\n<tr class=\"row-15\">\n\t<td rowspan=\"2\" class=\"column-1\"><em>P\u00e9ntek<\/em><\/td><td rowspan=\"2\" class=\"column-2\">12-14<\/td><td class=\"column-3\"><strong>Dr. Nagy Endre<\/strong><\/td>\n<\/tr>\n<tr class=\"row-16\">\n\t<td class=\"column-3\"><em>e-mail: nagyendre@icloud.com<\/em><\/td>\n<\/tr>\n<\/tbody>\n<\/table>\n<!-- #tablepress-24 from cache -->\n\n\n<p><a href=\"https:\/\/www.szentimrekorhaz.hu\/szolgaltatasaink\/jarobetegszakellatas\/106-plasztikai-sebeszet.html\">Kattints ide az oszt\u00e1ly j\u00e1r\u00f3beteg ell\u00e1t\u00e1s\u00e1ra.<\/a><\/p>\n\n\n\n<p><strong>Az oszt\u00e1ly orvosai:<\/strong><\/p>\n\n\n\n<figure class=\"wp-block-table\"><table class=\"has-fixed-layout\"><tbody><tr><td>Dr. J\u00f3svay J\u00e1nos Ph.D<\/td><td>profilvezet\u0151 f\u0151orvos<\/td><\/tr><tr><td>Dr. Bor Mih\u00e1ly<\/td><td>szakorvos<\/td><\/tr><tr><td>Dr. Rozsos P\u00e9ter<\/td><td>szakorvos<\/td><\/tr><tr><td>Dr. J\u00f3zsef-Bog\u00e1r Zs\u00f3fia<\/td><td>szakorvos<\/td><\/tr><tr><td>Dr. Nagy Diana<\/td><td>szakorvos<\/td><\/tr><tr><td>Dr. Nagy Endre<\/td><td>szakorvos<\/td><\/tr><\/tbody><\/table><\/figure>\n\n\n\n\t<div class=\"dkpdf-button-container\" style=\"            text-align:right \">\n\n\t\t<a class=\"dkpdf-button\" href=\"\/index.php\/wp-json\/wp\/v2\/pages\/224?pdf=224\" target=\"_blank\"><span class=\"dkpdf-button-icon\"><i class=\"fa fa-file-pdf-o\"><\/i><\/span> Let\u00f6lt\u00e9s<\/a>\n\n\t<\/div>\n\n\n\n\n\n<!-- PMB print buttons is only displayed on a single post\/page URLs-->","protected":false},"excerpt":{"rendered":"<p>\u201eA\u201d \u00e9p\u00fclet III. emelet Profilvezet\u0151 f\u0151orvos: Dr. J\u00f3svay J\u00e1nos Ph.D.\u00a0 Telefon:\u00a0+36-1\/464-8640 E-mail:\u00a0plasztika@szentimrekorhaz.hu Profilmenedzser: K\u00f3bory Zita\u00a0 E-mail:\u00a0plasztikaprofilmenedzser@szentimrekorhaz.hu B\u00e1zis \u00e1pol\u00e1si egys\u00e9g: 1. sz. Operat\u00edv \u00c1pol\u00e1si Egys\u00e9g Telefon:&hellip;<\/p>\n","protected":false},"author":3,"featured_media":0,"parent":0,"menu_order":3,"comment_status":"closed","ping_status":"closed","template":"","meta":{"_acf_changed":false,"footnotes":""},"categories":[],"tags":[],"class_list":["post-224","page","type-page","status-publish","hentry"],"acf":[],"post_type":"page","author_name":"backup","_links":{"self":[{"href":"https:\/\/www.szentimrekorhaz.hu\/index.php\/wp-json\/wp\/v2\/pages\/224","targetHints":{"allow":["GET"]}}],"collection":[{"href":"https:\/\/www.szentimrekorhaz.hu\/index.php\/wp-json\/wp\/v2\/pages"}],"about":[{"href":"https:\/\/www.szentimrekorhaz.hu\/index.php\/wp-json\/wp\/v2\/types\/page"}],"author":[{"embeddable":true,"href":"https:\/\/www.szentimrekorhaz.hu\/index.php\/wp-json\/wp\/v2\/users\/3"}],"replies":[{"embeddable":true,"href":"https:\/\/www.szentimrekorhaz.hu\/index.php\/wp-json\/wp\/v2\/comments?post=224"}],"version-history":[{"count":4,"href":"https:\/\/www.szentimrekorhaz.hu\/index.php\/wp-json\/wp\/v2\/pages\/224\/revisions"}],"predecessor-version":[{"id":3759,"href":"https:\/\/www.szentimrekorhaz.hu\/index.php\/wp-json\/wp\/v2\/pages\/224\/revisions\/3759"}],"wp:attachment":[{"href":"https:\/\/www.szentimrekorhaz.hu\/index.php\/wp-json\/wp\/v2\/media?parent=224"}],"wp:term":[{"taxonomy":"category","embeddable":true,"href":"https:\/\/www.szentimrekorhaz.hu\/index.php\/wp-json\/wp\/v2\/categories?post=224"},{"taxonomy":"post_tag","embeddable":true,"href":"https:\/\/www.szentimrekorhaz.hu\/index.php\/wp-json\/wp\/v2\/tags?post=224"}],"curies":[{"name":"wp","href":"https:\/\/api.w.org\/{rel}","templated":true}]}}