{"id":229,"date":"2009-10-07T16:00:21","date_gmt":"2009-10-07T14:00:21","guid":{"rendered":"http:\/\/localhost\/index.php\/angiologiai-profil\/"},"modified":"2025-11-20T11:35:50","modified_gmt":"2025-11-20T10:35:50","slug":"angiologiai-profil","status":"publish","type":"page","link":"https:\/\/www.szentimrekorhaz.hu\/index.php\/angiologiai-profil\/","title":{"rendered":"Angiol\u00f3giai  Profil"},"content":{"rendered":"<p><strong>\u00c1pol\u00e1si egys\u00e9g: B1. \u201eK\u201d \u00e9p\u00fclet IV. emelet<\/strong><\/p>\n<p><strong>Profilvezet\u0151 f\u0151orvos: Dr. Kolossv\u00e1ry Endre L\u00e1szl\u00f3<\/strong><\/p>\n<p><strong>Tel.:(+36-1) 464-8600\/1367 mell\u00e9k<\/strong><\/p>\n<p><strong>Tel: (+36-1) 464-8766<\/strong><\/p>\n<p><strong>Vezet\u0151 \u00c1pol\u00f3: K\u00f6k\u00e9ny Ildik\u00f3<\/strong><\/p>\n<p><strong>E-mail c\u00edm:<\/strong>\u00a0<a href=\"mailto:angiologia@szentimrekorhaz.hu\"><u>angiologia@szentimrekorhaz.hu<\/u><\/a><\/p>\n<p>Az angiol\u00f3gia az art\u00e9ri\u00e1k, a v\u00e9n\u00e1k, valamint a nyirokerek k\u00fcl\u00f6nb\u00f6z\u0151 betegs\u00e9geinek, \u00e9s azok kezel\u00e9s\u00e9nek tudom\u00e1nya.<\/p>\n<p>Az angiol\u00f3gus, feladata az erekkel \u00f6sszef\u00fcgg\u0151 betegs\u00e9gek diagnosztiz\u00e1l\u00e1sa, annak\u00a0 figyelemmel k\u00eds\u00e9r\u00e9se, ha sz\u00fcks\u00e9ges gy\u00f3gyszeres, vagy egy\u00e9b ter\u00e1pi\u00e1val val\u00f3 kezel\u00e9se.<\/p>\n<p>Ha az eg\u00e9szs\u00e9g\u00fcgyi probl\u00e9ma m\u0171t\u00e9ti beavatkoz\u00e1st ig\u00e9nyel, azt minden esetben \u00e9rseb\u00e9sz v\u00e9gzi.<\/p>\n<p>A m\u0171t\u00e9tet k\u00f6vet\u0151 rehabilit\u00e1ci\u00f3 ism\u00e9t az angiol\u00f3gus feladata.<\/p>\n<p>K\u00fcl\u00f6n k\u00e9r\u00e9sre, t\u00e9r\u00edt\u00e9s ellen\u00e9ben kiemelt hotelszolg\u00e1ltat\u00e1st is tudunk biztos\u00edtani.<\/p>\n<p><strong>A profil \u00e1ltal m\u0171k\u00f6dtetett szakambulanci\u00e1k rendel\u00e9si idej\u00e9t \u00e9s a tudnival\u00f3kat az al\u00e1bbi linkre kattintva tekintheti meg.<\/strong><\/p>\n<p><a href=\"https:\/\/www.szentimrekorhaz.hu\/index.php\/angiologia\/\">Ambulanci\u00e1k rendel\u00e9si ideje<\/a><\/p>\n<p><strong>Az oszt\u00e1ly orvosai:<\/strong><\/p>\n\n\n<figure class=\"wp-block-table\"><table class=\"has-fixed-layout\"><tbody><tr><td>Dr. Kolossv\u00e1ry Endre Ph.D<\/td><td>profilvezet\u0151 f\u0151orvos<\/td><\/tr><tr><td>Dr. B\u00e9k\u00e9si S\u00e1ndor Gy\u00f6rgyn\u00e9 Ph.D<\/td><td>szakorvos<\/td><\/tr><tr><td>Dr. Borvend\u00e9g J\u00e1nos Sebesty\u00e9n Ph.D<\/td><td>szakorvos<\/td><\/tr><tr><td>Dr. G\u00e1sp\u00e1r Krisztina<\/td><td>szakorvos<\/td><\/tr><tr><td>L\u00e1ngn\u00e9 Dr. Jacz\u00f3 Zsuzsanna<\/td><td>szakorvos<\/td><\/tr><tr><td>Dr. P\u00e1lfi T\u00edmea<\/td><td>szakorvos<\/td><\/tr><tr><td>Dr. Szab\u00f3 Ildik\u00f3 \u00c9va<\/td><td>szakorvos<\/td><\/tr><tr><td>Dr. Vir\u00e1g \u00c9va <\/td><td>szakorvos<\/td><\/tr><tr><td>Dr. Jass\u00f3 N\u00f3ra<\/td><td>rezidens, \u00e1ltal\u00e1nos orvos<\/td><\/tr><tr><td>Dr. Murai Csilla<\/td><td>rezidens<\/td><\/tr><tr><td>Dr. Radaleczki S\u00e1ndor <\/td><td>rezidens<\/td><\/tr><\/tbody><\/table><\/figure>\n\n\n\n\t<div class=\"dkpdf-button-container\" style=\"            text-align:right \">\n\n\t\t<a class=\"dkpdf-button\" href=\"\/index.php\/wp-json\/wp\/v2\/pages\/229?pdf=229\" target=\"_blank\"><span class=\"dkpdf-button-icon\"><i class=\"fa fa-file-pdf-o\"><\/i><\/span> Let\u00f6lt\u00e9s<\/a>\n\n\t<\/div>\n\n\n\n\n\n<!-- PMB print buttons is only displayed on a single post\/page URLs-->","protected":false},"excerpt":{"rendered":"<p>\n\t\u00a0<\/p>\n","protected":false},"author":3,"featured_media":0,"parent":0,"menu_order":4,"comment_status":"closed","ping_status":"closed","template":"","meta":{"_acf_changed":false,"footnotes":""},"categories":[],"tags":[],"class_list":["post-229","page","type-page","status-publish","hentry"],"acf":[],"post_type":"page","author_name":"backup","_links":{"self":[{"href":"https:\/\/www.szentimrekorhaz.hu\/index.php\/wp-json\/wp\/v2\/pages\/229","targetHints":{"allow":["GET"]}}],"collection":[{"href":"https:\/\/www.szentimrekorhaz.hu\/index.php\/wp-json\/wp\/v2\/pages"}],"about":[{"href":"https:\/\/www.szentimrekorhaz.hu\/index.php\/wp-json\/wp\/v2\/types\/page"}],"author":[{"embeddable":true,"href":"https:\/\/www.szentimrekorhaz.hu\/index.php\/wp-json\/wp\/v2\/users\/3"}],"replies":[{"embeddable":true,"href":"https:\/\/www.szentimrekorhaz.hu\/index.php\/wp-json\/wp\/v2\/comments?post=229"}],"version-history":[{"count":3,"href":"https:\/\/www.szentimrekorhaz.hu\/index.php\/wp-json\/wp\/v2\/pages\/229\/revisions"}],"predecessor-version":[{"id":3277,"href":"https:\/\/www.szentimrekorhaz.hu\/index.php\/wp-json\/wp\/v2\/pages\/229\/revisions\/3277"}],"wp:attachment":[{"href":"https:\/\/www.szentimrekorhaz.hu\/index.php\/wp-json\/wp\/v2\/media?parent=229"}],"wp:term":[{"taxonomy":"category","embeddable":true,"href":"https:\/\/www.szentimrekorhaz.hu\/index.php\/wp-json\/wp\/v2\/categories?post=229"},{"taxonomy":"post_tag","embeddable":true,"href":"https:\/\/www.szentimrekorhaz.hu\/index.php\/wp-json\/wp\/v2\/tags?post=229"}],"curies":[{"name":"wp","href":"https:\/\/api.w.org\/{rel}","templated":true}]}}