{"id":236,"date":"2009-10-07T16:20:52","date_gmt":"2009-10-07T14:20:52","guid":{"rendered":"http:\/\/localhost\/index.php\/neurologiai-stroke-betegellato-rehabilitacios-osztaly-b-ep-i-em\/"},"modified":"2025-11-20T12:45:10","modified_gmt":"2025-11-20T11:45:10","slug":"neurologiai-stroke-betegellato-rehabilitacios-osztaly-b-ep-i-em","status":"publish","type":"page","link":"https:\/\/www.szentimrekorhaz.hu\/index.php\/neurologiai-stroke-betegellato-rehabilitacios-osztaly-b-ep-i-em\/","title":{"rendered":"Neurol\u00f3gia &#8211; Stroke Rehabilit\u00e1ci\u00f3s Oszt\u00e1ly- \u201eB\u201d \u00e9p. I. em."},"content":{"rendered":"<p><strong>Oszt\u00e1lyvezet\u0151 f\u0151orvos: Dr. Thomka Magdolna tel.:(+36-1) 464-8634<br><\/strong><\/p>\n<p><strong>Szakorvos: Dr. G\u00f6nczi Gergely<br><\/strong><\/p>\n<p><strong>Megb\u00edzott Vezet\u0151 \u00c1pol\u00f3: Szab\u00f3 \u00c9va<\/strong><\/p>\n<p><strong>R\u00e9szlegvezet\u0151 N\u0151v\u00e9r: P\u00f3kecz M\u00f3nika<\/strong><\/p>\n<p><strong>Rehabilit\u00e1ci\u00f3s Oszt\u00e1ly\u00a0<\/strong>tel: (+36-1) 464-8600\/2328 mell\u00e9k<\/p>\n<p>Feladata els\u0151sorban a stroke -, \u00e9s neurol\u00f3giai megbeteged\u00e9sek k\u00f6vetkezt\u00e9ben s\u00e9r\u00fclt betegek rehabilit\u00e1ci\u00f3ja.<\/p>\n<p><!--more--><\/p>\n<p><strong>Neurol\u00f3gia<\/strong> tel: (+36-1) 464-8600-1376<br>helye: \u201eC\u201d \u00e9p\u00fclet II. emelet<\/p>\n<p><strong>Stroke<\/strong> tel: (+36-1) 464-8600\/1369 mell\u00e9k<br>helye: \u201eC\u201d \u00e9p\u00fclet II. emelet<\/p>\n<p><a href=\"https:\/\/www.szentimrekorhaz.hu\/index.php\/neurologia\/\">Kattints ide a Neurol\u00f3gia j\u00e1r\u00f3beteg ell\u00e1t\u00e1s\u00e1ra.<\/a><\/p>\n<p><strong>Az oszt\u00e1ly orvosai:<\/strong><\/p>\n\n\n<figure class=\"wp-block-table\"><table class=\"has-fixed-layout\"><tbody><tr><td>Dr. Thomka Magdolna<\/td><td>oszt\u00e1lyvezet\u0151 f\u0151orvos<\/td><\/tr><tr><td>Dr. G\u00f6nczi Gergely<\/td><td>szakorvos<\/td><\/tr><tr><td>Dr. Batta Barbara Ph.D<\/td><td>szakpszichol\u00f3gus<\/td><\/tr><\/tbody><\/table><\/figure>\n\n\n\n\t<div class=\"dkpdf-button-container\" style=\"            text-align:right \">\n\n\t\t<a class=\"dkpdf-button\" href=\"\/index.php\/wp-json\/wp\/v2\/pages\/236?pdf=236\" target=\"_blank\"><span class=\"dkpdf-button-icon\"><i class=\"fa fa-file-pdf-o\"><\/i><\/span> Let\u00f6lt\u00e9s<\/a>\n\n\t<\/div>\n\n\n\n\n\n<!-- PMB print buttons is only displayed on a single post\/page URLs-->","protected":false},"excerpt":{"rendered":"<p>Oszt\u00e1lyvezet\u0151 f\u0151orvos: Dr. Thomka Magdolna tel.:(+36-1) 464-8634 Szakorvos: Dr. G\u00f6nczi Gergely Megb\u00edzott Vezet\u0151 \u00c1pol\u00f3: Szab\u00f3 \u00c9va R\u00e9szlegvezet\u0151 N\u0151v\u00e9r: P\u00f3kecz M\u00f3nika Rehabilit\u00e1ci\u00f3s Oszt\u00e1ly\u00a0tel: (+36-1) 464-8600\/2328 mell\u00e9k&hellip;<\/p>\n","protected":false},"author":3,"featured_media":0,"parent":0,"menu_order":3,"comment_status":"closed","ping_status":"closed","template":"","meta":{"_acf_changed":false,"footnotes":""},"categories":[],"tags":[],"class_list":["post-236","page","type-page","status-publish","hentry"],"acf":[],"post_type":"page","author_name":"backup","_links":{"self":[{"href":"https:\/\/www.szentimrekorhaz.hu\/index.php\/wp-json\/wp\/v2\/pages\/236","targetHints":{"allow":["GET"]}}],"collection":[{"href":"https:\/\/www.szentimrekorhaz.hu\/index.php\/wp-json\/wp\/v2\/pages"}],"about":[{"href":"https:\/\/www.szentimrekorhaz.hu\/index.php\/wp-json\/wp\/v2\/types\/page"}],"author":[{"embeddable":true,"href":"https:\/\/www.szentimrekorhaz.hu\/index.php\/wp-json\/wp\/v2\/users\/3"}],"replies":[{"embeddable":true,"href":"https:\/\/www.szentimrekorhaz.hu\/index.php\/wp-json\/wp\/v2\/comments?post=236"}],"version-history":[{"count":6,"href":"https:\/\/www.szentimrekorhaz.hu\/index.php\/wp-json\/wp\/v2\/pages\/236\/revisions"}],"predecessor-version":[{"id":3305,"href":"https:\/\/www.szentimrekorhaz.hu\/index.php\/wp-json\/wp\/v2\/pages\/236\/revisions\/3305"}],"wp:attachment":[{"href":"https:\/\/www.szentimrekorhaz.hu\/index.php\/wp-json\/wp\/v2\/media?parent=236"}],"wp:term":[{"taxonomy":"category","embeddable":true,"href":"https:\/\/www.szentimrekorhaz.hu\/index.php\/wp-json\/wp\/v2\/categories?post=236"},{"taxonomy":"post_tag","embeddable":true,"href":"https:\/\/www.szentimrekorhaz.hu\/index.php\/wp-json\/wp\/v2\/tags?post=236"}],"curies":[{"name":"wp","href":"https:\/\/api.w.org\/{rel}","templated":true}]}}