{"id":242,"date":"2009-10-07T16:43:23","date_gmt":"2009-10-07T14:43:23","guid":{"rendered":"http:\/\/localhost\/index.php\/koezponti-laboratorium-qrq-epuelet\/"},"modified":"2025-06-16T14:28:29","modified_gmt":"2025-06-16T12:28:29","slug":"koezponti-laboratorium-qrq-epuelet","status":"publish","type":"page","link":"https:\/\/www.szentimrekorhaz.hu\/index.php\/koezponti-laboratorium-qrq-epuelet\/","title":{"rendered":"K\u00f6zponti Laborat\u00f3rium &#8211; B\u00e1rtfai utcai Szakambulanci\u00e1k &#8222;R&#8221; \u00e9p\u00fclet"},"content":{"rendered":"<h2>K\u00f6zponti Laborat\u00f3rium \u2013 B\u00e1rtfai utcai Szakambulanci\u00e1k \u201eR\u201d \u00e9p\u00fclet I. emelet<\/h2>\n<p><strong>Oszt\u00e1lyvezet\u0151 f\u0151orvos: dr. Szakony Szilvia<\/strong>, klinikai laborat\u00f3riumi vizsg\u00e1latok \u00e9s orvosi mikrobiol\u00f3gia szakorvosa (tel:+36-1 464-8746)<br>\n<strong>Vezet\u0151 asszisztens: Szak\u00e1cs J\u00falia <\/strong>(tel: +36-1 464-8600\/1256)<\/p>\n<p><em>K\u00f6zponti Laborat\u00f3rium el\u00e9rhet\u0151s\u00e9ge munkanapokon <\/em>(7:30-15:30) tel: +36-1 464-86-00\/1255<\/p>\n<p><em>Hogyan m\u0171k\u00f6dik a laborat\u00f3rium?<\/em><\/p>\n<p>A K\u00f6zponti Laborat\u00f3riumban az oszt\u00e1lyvezet\u0151 f\u0151orvos ir\u00e1ny\u00edt\u00e1s\u00e1val diplom\u00e1sok, tov\u00e1bb\u00e1 a vezet\u0151 asszisztens fel\u00fcgyelet\u00e9vel szakdolgoz\u00f3k (szakasszisztensek, asszisztensek, adminisztr\u00e1tor \u00e9s kiseg\u00edt\u0151) v\u00e9gzik a munk\u00e1jukat. A K\u00f6zponti Laborat\u00f3rium minden munkat\u00e1rsa elk\u00f6telezett a magas sz\u00ednvonalon ny\u00fajtott min\u0151s\u00e9gi betegell\u00e1t\u00e1s mellett.<\/p>\n<p>A Laborat\u00f3riumban klinikai k\u00e9miai, hematol\u00f3giai, v\u00e9ralvad\u00e1si, immunol\u00f3giai, immunk\u00e9miai, szerol\u00f3giai, mikrobiol\u00f3giai vizsg\u00e1latokat (m\u00e1s int\u00e9zettel egy\u00fcttm\u0171k\u00f6dve) v\u00e9gz\u00fcnk, illetve a vizsg\u00e1latokhoz sz\u00fcks\u00e9ges mintav\u00e9telez\u00e9s t\u00f6rt\u00e9nik.<\/p>\n<p><em>Hogyan lehet vizsg\u00e1latra jelentkezni? <\/em><\/p>\n<p>A k\u00f3rh\u00e1zi laborat\u00f3rium csak a k\u00f3rh\u00e1zi szakambulanci\u00e1k \u00e9s fekv\u0151beteg profilok \/ oszt\u00e1lyok beutal\u00f3it fogadja el. A t\u00e9r\u00edt\u00e9smentes ell\u00e1t\u00e1shoz a k\u00f3rh\u00e1zi szakambulanci\u00e1kon az ell\u00e1t\u00e1st v\u00e9gz\u0151 orvos a k\u00f3rh\u00e1zi inform\u00e1ci\u00f3s rendszeren kereszt\u00fcl rendeli el a vizsg\u00e1latokat.<\/p>\n<p>H\u00e1ziorvosi beutal\u00f3val \u00e9rkez\u0151 p\u00e1cienseket nem tudunk fogadni, azzal a ter\u00fcletileg illet\u00e9kes laborat\u00f3riumba kell jelentkezni.<\/p>\n<p>A VIP ambulanci\u00e1n kereszt\u00fcl lehet\u0151s\u00e9g van t\u00e9r\u00edt\u00e9ses laborat\u00f3riumi vizsg\u00e1latokra is.<\/p>\n<p><strong>Laborat\u00f3riumi v\u00e9rv\u00e9tel: 08:00-09:00 \u00f3ra k\u00f6z\u00f6tt<\/strong>.<\/p>\n<p><em>Hogyan kell felk\u00e9sz\u00fclni a mintav\u00e9telre?<\/em><\/p>\n<p>A legt\u00f6bb vizsg\u00e1latn\u00e1l \u00e9hgyomorra (10-12 \u00f3r\u00e1s t\u00e1pl\u00e1l\u00e9k megvon\u00e1st k\u00f6vet\u0151en, v\u00edz fogyaszt\u00e1sa megengedett) kell megjelenni a v\u00e9rv\u00e9telre. Az \u00e9lvezeti szerek pl.: k\u00e1v\u00e9, tea, doh\u00e1ny, alkohol fogyaszt\u00e1sa tilos a v\u00e9rv\u00e9telt megel\u0151z\u0151en, mivel a vizsg\u00e1latok eredm\u00e9ny\u00e9t befoly\u00e1solj\u00e1k. A v\u00e9rminta v\u00e9tele el\u0151tt tart\u00f3zkodjon az er\u0151s fizikai terhel\u00e9st\u0151l is.<\/p>\n<p>A reggeli gy\u00f3gyszerei bev\u00e9tel\u00e9r\u0151l a kezel\u0151orvosa utas\u00edt\u00e1s\u00e1t k\u00f6vesse.<\/p>\n<p>Vizeletvizsg\u00e1lathoz \u00e1ltal\u00e1ban a reggeli tiszt\u00e1lkod\u00e1s ut\u00e1n \u00fcr\u00edtett k\u00f6z\u00e9psugaras minta sz\u00fcks\u00e9ges.<\/p>\n<p><em>Hogyan juthat a leletekhez?<\/em><\/p>\n<p>A laborat\u00f3rium a leleteket a k\u00f3rh\u00e1zi inform\u00e1ci\u00f3s rendszeren kereszt\u00fcl megk\u00fcldi a vizsg\u00e1latot k\u00e9r\u0151 orvosnak. A betegnek nem kell k\u00fcl\u00f6n jelentkezni a leletek\u00e9rt a laborat\u00f3riumban. \u00c9rdekl\u0151d\u00e9s telefonon (8-14 \u00f3ra k\u00f6z\u00f6tt) csak a leletek elk\u00e9sz\u00fclt\u00e9r\u0151l lehets\u00e9ges.<\/p>\n<p><strong>Az oszt\u00e1ly orvosai:<\/strong><\/p>\n<table style=\"width: 549px;\" border=\"0\" width=\"549\" cellspacing=\"0\" cellpadding=\"0\">\n<colgroup>\n<col>\n<col> <\/colgroup>\n<tbody>\n<tr>\n<td style=\"height: 20px; width: 252px;\" height=\"20\">Dr. Szakony Szilvia<\/td>\n<td style=\"width: 297px;\">oszt\u00e1lyvezet\u0151 f\u0151orvos<\/td>\n<\/tr>\n<tr>\n<td style=\"height: 20px; width: 252px;\" height=\"20\">Lendvain\u00e9 Dr. Szurovecz M\u00f3nika<\/td>\n<td style=\"width: 297px;\">szakorvos<\/td>\n<\/tr>\n<tr>\n<td style=\"height: 20px;\" height=\"20\">Dr. Spitzer N\u00f3ra<\/td>\n<td>szakorvos<\/td>\n<\/tr>\n<tr>\n<td style=\"height: 20px;\" height=\"20\">Dr. Zempl\u00e9nyi M\u00e1ria Veronika<\/td>\n<td>szakorvos<\/td>\n<\/tr>\n<\/tbody>\n<\/table>\n\n\n\n\t<div class=\"dkpdf-button-container\" style=\"            text-align:right \">\n\n\t\t<a class=\"dkpdf-button\" href=\"\/index.php\/wp-json\/wp\/v2\/pages\/242?pdf=242\" target=\"_blank\"><span class=\"dkpdf-button-icon\"><i class=\"fa fa-file-pdf-o\"><\/i><\/span> Let\u00f6lt\u00e9s<\/a>\n\n\t<\/div>\n\n\n\n\n\n<!-- PMB print buttons is only displayed on a single post\/page URLs-->","protected":false},"excerpt":{"rendered":"<p>K\u00f6zponti Laborat\u00f3rium \u2013 B\u00e1rtfai utcai Szakambulanci\u00e1k \u201eR\u201d \u00e9p\u00fclet I. emelet Oszt\u00e1lyvezet\u0151 f\u0151orvos: dr. Szakony Szilvia, klinikai laborat\u00f3riumi vizsg\u00e1latok \u00e9s orvosi mikrobiol\u00f3gia szakorvosa (tel:+36-1 464-8746) Vezet\u0151&hellip;<\/p>\n","protected":false},"author":3,"featured_media":0,"parent":0,"menu_order":2,"comment_status":"closed","ping_status":"closed","template":"","meta":{"_acf_changed":false,"footnotes":""},"categories":[],"tags":[],"class_list":["post-242","page","type-page","status-publish","hentry"],"acf":[],"post_type":"page","author_name":"backup","_links":{"self":[{"href":"https:\/\/www.szentimrekorhaz.hu\/index.php\/wp-json\/wp\/v2\/pages\/242","targetHints":{"allow":["GET"]}}],"collection":[{"href":"https:\/\/www.szentimrekorhaz.hu\/index.php\/wp-json\/wp\/v2\/pages"}],"about":[{"href":"https:\/\/www.szentimrekorhaz.hu\/index.php\/wp-json\/wp\/v2\/types\/page"}],"author":[{"embeddable":true,"href":"https:\/\/www.szentimrekorhaz.hu\/index.php\/wp-json\/wp\/v2\/users\/3"}],"replies":[{"embeddable":true,"href":"https:\/\/www.szentimrekorhaz.hu\/index.php\/wp-json\/wp\/v2\/comments?post=242"}],"version-history":[{"count":1,"href":"https:\/\/www.szentimrekorhaz.hu\/index.php\/wp-json\/wp\/v2\/pages\/242\/revisions"}],"predecessor-version":[{"id":1501,"href":"https:\/\/www.szentimrekorhaz.hu\/index.php\/wp-json\/wp\/v2\/pages\/242\/revisions\/1501"}],"wp:attachment":[{"href":"https:\/\/www.szentimrekorhaz.hu\/index.php\/wp-json\/wp\/v2\/media?parent=242"}],"wp:term":[{"taxonomy":"category","embeddable":true,"href":"https:\/\/www.szentimrekorhaz.hu\/index.php\/wp-json\/wp\/v2\/categories?post=242"},{"taxonomy":"post_tag","embeddable":true,"href":"https:\/\/www.szentimrekorhaz.hu\/index.php\/wp-json\/wp\/v2\/tags?post=242"}],"curies":[{"name":"wp","href":"https:\/\/api.w.org\/{rel}","templated":true}]}}