{"id":246,"date":"2009-10-08T13:50:37","date_gmt":"2009-10-08T11:50:37","guid":{"rendered":"http:\/\/localhost\/index.php\/plasztikai-sebeszet\/"},"modified":"2025-11-13T13:48:53","modified_gmt":"2025-11-13T12:48:53","slug":"plasztikai-sebeszet","status":"publish","type":"page","link":"https:\/\/www.szentimrekorhaz.hu\/index.php\/plasztikai-sebeszet\/","title":{"rendered":"Plasztikai seb\u00e9szet"},"content":{"rendered":"<p><strong>A rendel\u00e9ssel kapcsolatos inform\u00e1ci\u00f3k:<\/strong><\/p>\n\n\n<table id=\"tablepress-24\" class=\"tablepress tablepress-id-24 tbody-has-connected-cells\">\n<thead>\n<tr class=\"row-1\">\n\t<th colspan=\"4\" class=\"column-1\"><strong>Plasztikai Seb\u00e9szet<\/strong><\/th>\n<\/tr>\n<tr class=\"row-2\">\n\t<th colspan=\"4\" class=\"column-1\"><em>R \u00e9p\u00fclet, III. emelet 308.<\/em><\/th>\n<\/tr>\n<\/thead>\n<tbody class=\"row-striping row-hover\">\n<tr class=\"row-3\">\n\t<td rowspan=\"4\" class=\"column-1\"><em>H\u00e9tf\u0151<\/em><\/td><td rowspan=\"2\" class=\"column-2\"><em>9-12<\/em><\/td><td class=\"column-3\"><strong>Dr. Nagy Endre<\/strong><\/td><td rowspan=\"14\" class=\"column-4\"><em>A rendel\u00e9sekre el\u0151jegyz\u00e9s sz\u00fcks\u00e9ges.<br>\nTel.:<br>\n+36-1\/464-8600\/1808 mell\u00e9k vagy<br>\n+36-1\/464-8600\/1718 mell\u00e9k<br>\nnaponta 10-14 \u00f3ra k\u00f6z\u00f6tt<\/em><\/td>\n<\/tr>\n<tr class=\"row-4\">\n\t<td class=\"column-3\"><em>e-mail: nagyendre@icloud.com<\/em><\/td>\n<\/tr>\n<tr class=\"row-5\">\n\t<td rowspan=\"2\" class=\"column-2\"><em>12-15<\/em><\/td><td class=\"column-3\"><strong>Dr. J\u00f3zsef Zs\u00f3fia<\/strong><\/td>\n<\/tr>\n<tr class=\"row-6\">\n\t<td class=\"column-3\"><em>e-mail: zsofia.jozsef@gmail.com<\/em><\/td>\n<\/tr>\n<tr class=\"row-7\">\n\t<td rowspan=\"2\" class=\"column-1\"><em>Kedd<\/em><\/td><td rowspan=\"2\" class=\"column-2\"><em>12-14<\/em><\/td><td class=\"column-3\"><strong>Dr. Nagy Di\u00e1na<\/strong><\/td>\n<\/tr>\n<tr class=\"row-8\">\n\t<td class=\"column-3\"><em>e-mail: dr.diana.nagy@gmail.com<\/em><\/td>\n<\/tr>\n<tr class=\"row-9\">\n\t<td class=\"column-1\"><em>Szerda<\/em><\/td><td class=\"column-2\"><em>13-15<\/em><\/td><td class=\"column-3\"><\/td>\n<\/tr>\n<tr class=\"row-10\">\n\t<td rowspan=\"5\" class=\"column-1\"><em>Cs\u00fct\u00f6rt\u00f6k<\/em><\/td><td rowspan=\"2\" class=\"column-2\">9-11<\/td><td class=\"column-3\"><strong>Dr. J\u00f3svay J\u00e1nos<\/strong><\/td>\n<\/tr>\n<tr class=\"row-11\">\n\t<td class=\"column-3\"><em>e-mail: plasztika@szentimrekorhaz.hu<\/em><\/td>\n<\/tr>\n<tr class=\"row-12\">\n\t<td rowspan=\"2\" class=\"column-2\">12-14<\/td><td class=\"column-3\"><strong>Dr. Nagy Endre<\/strong><\/td>\n<\/tr>\n<tr class=\"row-13\">\n\t<td class=\"column-3\"><em>e-mail: nagyendre@icloud.com<\/em><\/td>\n<\/tr>\n<tr class=\"row-14\">\n\t<td class=\"column-2\">14-15<\/td><td class=\"column-3\"><strong>Dr. Bor Mih\u00e1ly<\/strong><\/td>\n<\/tr>\n<tr class=\"row-15\">\n\t<td rowspan=\"2\" class=\"column-1\"><em>P\u00e9ntek<\/em><\/td><td rowspan=\"2\" class=\"column-2\">12-14<\/td><td class=\"column-3\"><strong>Dr. Nagy Endre<\/strong><\/td>\n<\/tr>\n<tr class=\"row-16\">\n\t<td class=\"column-3\"><em>e-mail: nagyendre@icloud.com<\/em><\/td>\n<\/tr>\n<\/tbody>\n<\/table>\n<!-- #tablepress-24 from cache -->\n\n\n<p><a href=\"https:\/\/www.szentimrekorhaz.hu\/index.php\/plasztikai-sebeszeti-profil\/\">Kattints ide az oszt\u00e1ly fekv\u0151beteg ell\u00e1t\u00e1s\u00e1ra.<\/a><\/p>\n\n\n\n<p><\/p>\n\n\n\n\t<div class=\"dkpdf-button-container\" style=\"            text-align:right \">\n\n\t\t<a class=\"dkpdf-button\" href=\"\/index.php\/wp-json\/wp\/v2\/pages\/246?pdf=246\" target=\"_blank\"><span class=\"dkpdf-button-icon\"><i class=\"fa fa-file-pdf-o\"><\/i><\/span> Let\u00f6lt\u00e9s<\/a>\n\n\t<\/div>\n\n\n\n\n\n<!-- PMB print buttons is only displayed on a single post\/page URLs-->","protected":false},"excerpt":{"rendered":"<p>A rendel\u00e9ssel kapcsolatos inform\u00e1ci\u00f3k: Kattints ide az oszt\u00e1ly fekv\u0151beteg ell\u00e1t\u00e1s\u00e1ra. Let\u00f6lt\u00e9s<\/p>\n","protected":false},"author":3,"featured_media":0,"parent":0,"menu_order":5,"comment_status":"closed","ping_status":"closed","template":"","meta":{"_acf_changed":false,"footnotes":""},"categories":[],"tags":[],"class_list":["post-246","page","type-page","status-publish","hentry"],"acf":[],"post_type":"page","author_name":"backup","_links":{"self":[{"href":"https:\/\/www.szentimrekorhaz.hu\/index.php\/wp-json\/wp\/v2\/pages\/246","targetHints":{"allow":["GET"]}}],"collection":[{"href":"https:\/\/www.szentimrekorhaz.hu\/index.php\/wp-json\/wp\/v2\/pages"}],"about":[{"href":"https:\/\/www.szentimrekorhaz.hu\/index.php\/wp-json\/wp\/v2\/types\/page"}],"author":[{"embeddable":true,"href":"https:\/\/www.szentimrekorhaz.hu\/index.php\/wp-json\/wp\/v2\/users\/3"}],"replies":[{"embeddable":true,"href":"https:\/\/www.szentimrekorhaz.hu\/index.php\/wp-json\/wp\/v2\/comments?post=246"}],"version-history":[{"count":3,"href":"https:\/\/www.szentimrekorhaz.hu\/index.php\/wp-json\/wp\/v2\/pages\/246\/revisions"}],"predecessor-version":[{"id":3191,"href":"https:\/\/www.szentimrekorhaz.hu\/index.php\/wp-json\/wp\/v2\/pages\/246\/revisions\/3191"}],"wp:attachment":[{"href":"https:\/\/www.szentimrekorhaz.hu\/index.php\/wp-json\/wp\/v2\/media?parent=246"}],"wp:term":[{"taxonomy":"category","embeddable":true,"href":"https:\/\/www.szentimrekorhaz.hu\/index.php\/wp-json\/wp\/v2\/categories?post=246"},{"taxonomy":"post_tag","embeddable":true,"href":"https:\/\/www.szentimrekorhaz.hu\/index.php\/wp-json\/wp\/v2\/tags?post=246"}],"curies":[{"name":"wp","href":"https:\/\/api.w.org\/{rel}","templated":true}]}}