{"id":257,"date":"2009-10-08T13:57:43","date_gmt":"2009-10-08T11:57:43","guid":{"rendered":"http:\/\/localhost\/index.php\/endokrinologiai-es-pajzsmirigy-szakambulancia\/"},"modified":"2026-03-30T12:58:49","modified_gmt":"2026-03-30T10:58:49","slug":"endokrinologiai-es-pajzsmirigy-szakambulancia","status":"publish","type":"page","link":"https:\/\/www.szentimrekorhaz.hu\/index.php\/endokrinologiai-es-pajzsmirigy-szakambulancia\/","title":{"rendered":"Endokrinol\u00f3giai \u00e9s Pajzsmirigy Szakambulancia"},"content":{"rendered":"\n<p><strong>Fontos tudnival\u00f3k!<\/strong><\/p>\n\n\n\n<p>A <strong>Pajzsmirigy Szakambulanci\u00e1ra<\/strong> beutal\u00f3 \u00e9s el\u0151jegyz\u00e9s sz\u00fcks\u00e9ges. El\u0151jegyz\u00e9s h\u00e9tf\u0151t\u0151l-p\u00e9ntekig 8:00-10:00 \u00f3r\u00e1ig.<\/p>\n\n\n\n<p>Az <strong>Endokrinol\u00f3giai rendel\u00e9sre <\/strong>beutal\u00f3 \u00e9s el\u0151jegyz\u00e9s sz\u00fcks\u00e9ges, ezen fel\u00fcl k\u00e9rj\u00fck a beteg adatait: n\u00e9v, sz\u00fclet\u00e9si id\u0151, sz\u00fclet\u00e9si hely, TAJ sz\u00e1m, anyja neve, lakc\u00edme, el\u00e9rhet\u0151s\u00e9gi telefonsz\u00e1m, vizsg\u00e1latk\u00e9r\u00e9s indoka. El\u0151jegyz\u00e9s: h\u00e9tf\u0151t\u0151l-p\u00e9ntekig 8:00-10:00 k\u00f6z\u00f6tt lehets\u00e9ges.<\/p>\n\n\n\n<p>Az ambulanci\u00e1k rendel\u00e9si ideje \u00e9s adatai:<\/p>\n\n\n\n<table id=\"tablepress-16\" class=\"tablepress tablepress-id-16 tbody-has-connected-cells\">\n<thead>\n<tr class=\"row-1\">\n\t<th colspan=\"2\" class=\"column-1\"><strong>Ambulancia megnevez\u00e9se<\/strong><\/th><th class=\"column-3\"><strong>Rendel\u00e9s helye<\/strong><\/th><th class=\"column-4\"><strong>Rendel\u00e9s ideje<\/strong><\/th><th class=\"column-5\"><strong>Rendel\u00e9st v\u00e9gz\u0151 orvos<\/strong><\/th><th class=\"column-6\"><strong>Telefonsz\u00e1m<\/strong><\/th><th class=\"column-7\"><strong>\u00a0Fontos Tudnival\u00f3<\/strong><\/th>\n<\/tr>\n<\/thead>\n<tbody class=\"row-striping row-hover\">\n<tr class=\"row-2\">\n\t<td colspan=\"2\" rowspan=\"9\" class=\"column-1\"><strong>Pajzsmirigy<br>\nAmbulancia<\/strong><\/td><td rowspan=\"9\" class=\"column-3\">\u201eK\u201d \u00e9p\u00fclet f\u00f6ldszint 28-29<\/td><td rowspan=\"2\" class=\"column-4\">H\u00e9tf\u0151n a rendel\u00e9s sz\u00fcnetel<\/td><td rowspan=\"2\" class=\"column-5\"><\/td><td rowspan=\"9\" class=\"column-6\"><strong>061\/464-8756                                    <\/strong><\/td><td rowspan=\"9\" class=\"column-7\"><strong>Beutal\u00f3 \u00e9s el\u0151jegyz\u00e9s sz\u00fcks\u00e9ges.            El\u0151jegyz\u00e9s                        H\u00e9tf\u0151t\u0151l-Cs\u00fct\u00f6rt\u00f6kig                8:00-10:00<\/strong><\/td>\n<\/tr>\n<tr class=\"row-3\">\n\t\n<\/tr>\n<tr class=\"row-4\">\n\t<td rowspan=\"2\" class=\"column-4\">Kedd:12:00-14:00<\/td><td class=\"column-5\">Dr.Alf\u00f6ldi S\u00e1ndor<\/td>\n<\/tr>\n<tr class=\"row-5\">\n\t<td class=\"column-5\">Dr.Csit\u00e1ri Gerg\u0151<\/td>\n<\/tr>\n<tr class=\"row-6\">\n\t<td class=\"column-4\">Szerda:12:00-14:00<\/td><td class=\"column-5\">Dr.Spaszk\u00edj Zsuzsanna<\/td>\n<\/tr>\n<tr class=\"row-7\">\n\t<td rowspan=\"2\" class=\"column-4\">Cs\u00fct\u00f6rt\u00f6k:12:00-14:00<\/td><td class=\"column-5\">Dr.Alf\u00f6ldi S\u00e1ndor<\/td>\n<\/tr>\n<tr class=\"row-8\">\n\t<td class=\"column-5\">Dr.Sipos Evelyn<\/td>\n<\/tr>\n<tr class=\"row-9\">\n\t<td rowspan=\"2\" class=\"column-4\">P\u00e9ntek:12:00-14:00<\/td><td class=\"column-5\">Dr.Spaszk\u00edj Zsuzsanna<\/td>\n<\/tr>\n<tr class=\"row-10\">\n\t<td class=\"column-5\">Dr. Bes\u00edr Vikt\u00f3ria<\/td>\n<\/tr>\n<tr class=\"row-11\">\n\t<td class=\"column-1\"><\/td><td class=\"column-2\"><\/td><td class=\"column-3\"><\/td><td class=\"column-4\"><\/td><td class=\"column-5\"><\/td><td class=\"column-6\"><\/td><td class=\"column-7\"><\/td>\n<\/tr>\n<tr class=\"row-12\">\n\t<td class=\"column-1\"><\/td><td class=\"column-2\"><\/td><td class=\"column-3\"><\/td><td class=\"column-4\"><\/td><td class=\"column-5\"><\/td><td class=\"column-6\"><\/td><td class=\"column-7\"><\/td>\n<\/tr>\n<tr class=\"row-13\">\n\t<td class=\"column-1\"><strong>Ambulancia megnevez\u00e9se<\/strong><\/td><td class=\"column-2\"><strong>Rendel\u00e9s helye<\/strong><\/td><td class=\"column-3\"><strong>Rendel\u00e9si id\u0151<\/strong><\/td><td class=\"column-4\"><strong>Rendel\u00e9st v\u00e9gz\u0151 orvos<\/strong><\/td><td class=\"column-5\"><strong>Telefonsz\u00e1m<\/strong><\/td><td class=\"column-6\"><strong>Fontos Tudnival\u00f3<\/strong><\/td><td class=\"column-7\"><\/td>\n<\/tr>\n<tr class=\"row-14\">\n\t<td rowspan=\"5\" class=\"column-1\"><strong>\u00a0Endokrinol\u00f3gia rendel\u00e9s<\/strong><\/td><td rowspan=\"5\" class=\"column-2\">\u201eK\u201d \u00e9p\u00fclet             f\u00f6ldszint 24-25.<\/td><td rowspan=\"5\" class=\"column-3\">H\u00e9tf\u0151: 12:30-14:00     Szerda: 12:30-14:00 P\u00e9ntek:12:30-14:00<\/td><td rowspan=\"5\" class=\"column-4\">Dr. Alf\u00f6ldi S\u00e1ndor<\/td><td rowspan=\"5\" class=\"column-5\"><span style=\"color:#333333;\"><strong>061\/464-8668<\/strong><\/span><\/td><td rowspan=\"5\" class=\"column-6\"><strong>Beutal\u00f3 \u00e9s el\u0151jegyz\u00e9s sz\u00fcks\u00e9ges,ezen fel\u00fcl k\u00e9rj\u00fck a beteg adatait: n\u00e9v,sz\u00fclet\u00e9si id\u0151,hely ,TAJ sz\u00e1m,     anyja neve,lakc\u00edme, el\u00e9rhet\u0151s\u00e9gi telefonsz\u00e1m,vizsg\u00e1latk\u00e9r\u00e9s indoka.                  El\u0151jegyz\u00e9s: H\u00e9tf\u0151t\u0151l-P\u00e9ntekig 8:00-10:00 k\u00f6z\u00f6tt lehets\u00e9ges.<\/strong><\/td><td class=\"column-7\"><\/td>\n<\/tr>\n<tr class=\"row-15\">\n\t<td class=\"column-7\"><\/td>\n<\/tr>\n<tr class=\"row-16\">\n\t<td class=\"column-7\"><\/td>\n<\/tr>\n<tr class=\"row-17\">\n\t<td class=\"column-7\"><\/td>\n<\/tr>\n<tr class=\"row-18\">\n\t<td class=\"column-7\"><\/td>\n<\/tr>\n<tr class=\"row-19\">\n\t<td class=\"column-1\"><\/td><td class=\"column-2\"><\/td><td class=\"column-3\"><\/td><td class=\"column-4\"><\/td><td class=\"column-5\"><\/td><td class=\"column-6\"><\/td><td class=\"column-7\"><\/td>\n<\/tr>\n<\/tbody>\n<\/table>\n<!-- #tablepress-16 from cache -->\n\n\n<p><a href=\"https:\/\/www.szentimrekorhaz.hu\/index.php\/kardiometabolikus-centrum\/\">Kattints ide az oszt\u00e1ly fekv\u0151beteg ell\u00e1t\u00e1s\u00e1ra.<\/a><\/p>\n\n\n\n\t<div class=\"dkpdf-button-container\" style=\"            text-align:right \">\n\n\t\t<a class=\"dkpdf-button\" href=\"\/index.php\/wp-json\/wp\/v2\/pages\/257?pdf=257\" target=\"_blank\"><span class=\"dkpdf-button-icon\"><i class=\"fa fa-file-pdf-o\"><\/i><\/span> Let\u00f6lt\u00e9s<\/a>\n\n\t<\/div>\n\n\n\n\n\n<!-- PMB print buttons is only displayed on a single post\/page URLs-->","protected":false},"excerpt":{"rendered":"<p>Fontos tudnival\u00f3k! A Pajzsmirigy Szakambulanci\u00e1ra beutal\u00f3 \u00e9s el\u0151jegyz\u00e9s sz\u00fcks\u00e9ges. El\u0151jegyz\u00e9s h\u00e9tf\u0151t\u0151l-p\u00e9ntekig 8:00-10:00 \u00f3r\u00e1ig. Az Endokrinol\u00f3giai rendel\u00e9sre beutal\u00f3 \u00e9s el\u0151jegyz\u00e9s sz\u00fcks\u00e9ges, ezen fel\u00fcl k\u00e9rj\u00fck a beteg&hellip;<\/p>\n","protected":false},"author":3,"featured_media":0,"parent":0,"menu_order":15,"comment_status":"closed","ping_status":"closed","template":"","meta":{"_acf_changed":false,"footnotes":""},"categories":[],"tags":[],"class_list":["post-257","page","type-page","status-publish","hentry"],"acf":[],"post_type":"page","author_name":"backup","_links":{"self":[{"href":"https:\/\/www.szentimrekorhaz.hu\/index.php\/wp-json\/wp\/v2\/pages\/257","targetHints":{"allow":["GET"]}}],"collection":[{"href":"https:\/\/www.szentimrekorhaz.hu\/index.php\/wp-json\/wp\/v2\/pages"}],"about":[{"href":"https:\/\/www.szentimrekorhaz.hu\/index.php\/wp-json\/wp\/v2\/types\/page"}],"author":[{"embeddable":true,"href":"https:\/\/www.szentimrekorhaz.hu\/index.php\/wp-json\/wp\/v2\/users\/3"}],"replies":[{"embeddable":true,"href":"https:\/\/www.szentimrekorhaz.hu\/index.php\/wp-json\/wp\/v2\/comments?post=257"}],"version-history":[{"count":8,"href":"https:\/\/www.szentimrekorhaz.hu\/index.php\/wp-json\/wp\/v2\/pages\/257\/revisions"}],"predecessor-version":[{"id":4040,"href":"https:\/\/www.szentimrekorhaz.hu\/index.php\/wp-json\/wp\/v2\/pages\/257\/revisions\/4040"}],"wp:attachment":[{"href":"https:\/\/www.szentimrekorhaz.hu\/index.php\/wp-json\/wp\/v2\/media?parent=257"}],"wp:term":[{"taxonomy":"category","embeddable":true,"href":"https:\/\/www.szentimrekorhaz.hu\/index.php\/wp-json\/wp\/v2\/categories?post=257"},{"taxonomy":"post_tag","embeddable":true,"href":"https:\/\/www.szentimrekorhaz.hu\/index.php\/wp-json\/wp\/v2\/tags?post=257"}],"curies":[{"name":"wp","href":"https:\/\/api.w.org\/{rel}","templated":true}]}}