{"id":260,"date":"2009-10-08T14:02:36","date_gmt":"2009-10-08T12:02:36","guid":{"rendered":"http:\/\/localhost\/index.php\/pszichiatria\/"},"modified":"2025-07-30T10:53:52","modified_gmt":"2025-07-30T08:53:52","slug":"pszichiatria","status":"publish","type":"page","link":"https:\/\/www.szentimrekorhaz.hu\/index.php\/pszichiatria\/","title":{"rendered":"Pszichi\u00e1tria"},"content":{"rendered":"<table style=\"width: 808px; height: 201px;\" border=\"1\" cellspacing=\"0\" cellpadding=\"0\">\n<colgroup>\n<col>\n<col>\n<col>\n<col>\n<col>\n<col> <\/colgroup>\n<tbody>\n<tr>\n<td style=\"text-align: center; width: 141px; height: 20px;\" height=\"20\"><strong>Ambulancia megnevez\u00e9se <\/strong><\/td>\n<td style=\"text-align: center; width: 96px;\"><strong>Rendel\u00e9s helye<\/strong><\/td>\n<td style=\"text-align: center; width: 131px;\"><strong>Rendel\u00e9s ideje<\/strong><\/td>\n<td style=\"text-align: center; width: 146px;\"><strong>Rendel\u00e9st v\u00e9gz\u0151 orvos<\/strong><\/td>\n<td style=\"text-align: center; width: 97px;\"><strong>Telefonsz\u00e1m<\/strong><\/td>\n<td style=\"text-align: center; width: 182px;\"><strong>Tudnival\u00f3k<\/strong><\/td>\n<\/tr>\n<tr>\n<td style=\"text-align: center; height: 20px; width: 141px;\" colspan=\"1\" rowspan=\"6\" height=\"20\">Pszichoter\u00e1pia \u2013 Pszichi\u00e1tria ambulancia<\/td>\n<td style=\"text-align: center; width: 96px;\" colspan=\"1\" rowspan=\"6\">\u201eB\u201d \u00e9p\u00fclet<br>\nII. emelet<\/td>\n<td style=\"width: 131px;\" colspan=\"1\" rowspan=\"6\">H\u00e9tf\u0151 06:00-12:00\n<p>Kedd 06:00-12:00<\/p>\n<p>Szerda 06:00-12:00<\/p>\n<p>Cs\u00fct\u00f6rt\u00f6k 06:00-12:00<\/p>\n<p>P\u00e9ntek 06:00-12:00<\/p><\/td>\n<td style=\"width: 146px;\" colspan=\"1\" rowspan=\"6\">\n<p style=\"text-align: center;\">\n<\/p><p style=\"text-align: center;\">A h\u00e9t minden napj\u00e1n a rendel\u00e9st v\u00e9gz\u0151 orvos<\/p>\n<p style=\"text-align: center;\">Dr. Udvarhelyi P\u00e1l<\/p>\n<p style=\"text-align: center;\">\n<\/p><\/td>\n<td style=\"text-align: center; width: 97px;\" colspan=\"1\" rowspan=\"6\">464-86-00\/1378<\/td>\n<td style=\"width: 182px;\" colspan=\"1\" rowspan=\"6\">\n<p style=\"text-align: center;\">Beutal\u00f3 sz\u00fcks\u00e9ges<\/p>\n<p style=\"text-align: center;\">\nBejelentkez\u00e9s h\u00e9tk\u00f6znapokon 08:00-12:00 \u00f3r\u00e1ig a<\/p>\n<p style=\"text-align: center;\">464-8600\/1378 mell\u00e9ken.<\/p>\n<\/td>\n<\/tr>\n<\/tbody>\n<\/table>\n<p><a href=\"https:\/\/www.szentimrekorhaz.hu\/index.php\/pszichiatriai-osztaly-qbq-epuelet-ii-emelet\/\">Kattints ide az oszt\u00e1ly fekv\u0151beteg ell\u00e1t\u00e1s\u00e1ra.<\/a><\/p>\n\n\n\n\t<div class=\"dkpdf-button-container\" style=\"            text-align:right \">\n\n\t\t<a class=\"dkpdf-button\" href=\"\/index.php\/wp-json\/wp\/v2\/pages\/260?pdf=260\" target=\"_blank\"><span class=\"dkpdf-button-icon\"><i class=\"fa fa-file-pdf-o\"><\/i><\/span> Let\u00f6lt\u00e9s<\/a>\n\n\t<\/div>\n\n\n\n\n\n<!-- PMB print buttons is only displayed on a single post\/page URLs-->","protected":false},"excerpt":{"rendered":"<p>Ambulancia megnevez\u00e9se Rendel\u00e9s helye Rendel\u00e9s ideje Rendel\u00e9st v\u00e9gz\u0151 orvos Telefonsz\u00e1m Tudnival\u00f3k Pszichoter\u00e1pia \u2013 Pszichi\u00e1tria ambulancia \u201eB\u201d \u00e9p\u00fclet II. emelet H\u00e9tf\u0151 06:00-12:00 Kedd 06:00-12:00 Szerda 06:00-12:00&hellip;<\/p>\n","protected":false},"author":3,"featured_media":0,"parent":0,"menu_order":18,"comment_status":"closed","ping_status":"closed","template":"","meta":{"_acf_changed":false,"footnotes":""},"categories":[],"tags":[],"class_list":["post-260","page","type-page","status-publish","hentry"],"acf":[],"post_type":"page","author_name":"backup","_links":{"self":[{"href":"https:\/\/www.szentimrekorhaz.hu\/index.php\/wp-json\/wp\/v2\/pages\/260","targetHints":{"allow":["GET"]}}],"collection":[{"href":"https:\/\/www.szentimrekorhaz.hu\/index.php\/wp-json\/wp\/v2\/pages"}],"about":[{"href":"https:\/\/www.szentimrekorhaz.hu\/index.php\/wp-json\/wp\/v2\/types\/page"}],"author":[{"embeddable":true,"href":"https:\/\/www.szentimrekorhaz.hu\/index.php\/wp-json\/wp\/v2\/users\/3"}],"replies":[{"embeddable":true,"href":"https:\/\/www.szentimrekorhaz.hu\/index.php\/wp-json\/wp\/v2\/comments?post=260"}],"version-history":[{"count":1,"href":"https:\/\/www.szentimrekorhaz.hu\/index.php\/wp-json\/wp\/v2\/pages\/260\/revisions"}],"predecessor-version":[{"id":2142,"href":"https:\/\/www.szentimrekorhaz.hu\/index.php\/wp-json\/wp\/v2\/pages\/260\/revisions\/2142"}],"wp:attachment":[{"href":"https:\/\/www.szentimrekorhaz.hu\/index.php\/wp-json\/wp\/v2\/media?parent=260"}],"wp:term":[{"taxonomy":"category","embeddable":true,"href":"https:\/\/www.szentimrekorhaz.hu\/index.php\/wp-json\/wp\/v2\/categories?post=260"},{"taxonomy":"post_tag","embeddable":true,"href":"https:\/\/www.szentimrekorhaz.hu\/index.php\/wp-json\/wp\/v2\/tags?post=260"}],"curies":[{"name":"wp","href":"https:\/\/api.w.org\/{rel}","templated":true}]}}