{"id":323,"date":"2011-03-22T15:38:51","date_gmt":"2011-03-22T14:38:51","guid":{"rendered":"http:\/\/localhost\/index.php\/anesztamb\/"},"modified":"2025-09-20T09:54:17","modified_gmt":"2025-09-20T07:54:17","slug":"anesztamb","status":"publish","type":"page","link":"https:\/\/www.szentimrekorhaz.hu\/index.php\/anesztamb\/","title":{"rendered":"Aneszteziol\u00f3giai Szakambulancia"},"content":{"rendered":"\n<div>\n<p><strong>Aneszteziol\u00f3giai Szakambulancia \u2013 B\u00e1rtfai u. \u201eR\u201d \u00e9p. I. emelet<\/strong><\/p>\n<p><strong>Oszt\u00e1lyvezet\u0151 f\u0151orvos:<\/strong>\u00a0Dr. Dob\u00e1k \u00c9va<\/p>\n<p><strong>Tel.:\u00a0<\/strong>(+36-1) 464-8642 vagy a (+36-1) 464-8600\/1758<\/p>\n<p><strong>Fax: <\/strong>(+36-1) 464-8642<\/p>\n<p>E-mail: ite@szentimrekorhaz.hu<\/p>\n<\/div>\n\n\n\n<div><span style=\"font-size: revert; background-color: rgba(30, 115, 190, 0);\"><br>Els\u0151sorban az ambul\u00e1ns, de a k\u00f3rh\u00e1zban fekv\u0151 betegek m\u0171t\u00e9t vagy altat\u00e1sos beavatkoz\u00e1s el\u0151tti altat\u00f3-orvosi vizsg\u00e1lat\u00e1t v\u00e9gezz\u00fck. A betegek fogad\u00e1sa \u2013 el\u0151jegyz\u00e9s alapj\u00e1n \u2013 t\u00f6rt\u00e9nik, a m\u0171t\u00e9t el\u0151tt 5-10 nappal. A vizsg\u00e1lathoz sz\u00fcks\u00e9ges id\u0151pontot az al\u00e1bb jelzett sz\u00e1mokon, munkaid\u0151ben k\u00e9rhetik.<\/span><\/div>\n\n\n\n\n\n<p><\/p>\n\n\n\n<p><\/p>\n\n\n\n<table id=\"tablepress-5\" class=\"tablepress tablepress-id-5\">\n<thead>\n<tr class=\"row-1\">\n\t<th class=\"column-1\"><strong>Ambulancia megnevez\u00e9se<\/strong><\/th><th class=\"column-2\"><strong>Rendel\u00e9s helye<\/strong><\/th><th class=\"column-3\"><strong>Rendel\u00e9s ideje<\/strong><\/th><th class=\"column-4\"><strong>Rendel\u00e9st v\u00e9gez\u0151 orvos<\/strong><\/th><th class=\"column-5\"><strong>Ambulancia Telefonsz\u00e1ma<\/strong><\/th><th class=\"column-6\"><strong>Tudnival\u00f3k<\/strong><\/th><td class=\"column-7\"><\/td><td class=\"column-8\"><\/td><td class=\"column-9\"><\/td><td class=\"column-10\"><\/td><td class=\"column-11\"><\/td><td class=\"column-12\"><\/td><td class=\"column-13\"><\/td><td class=\"column-14\"><\/td><td class=\"column-15\"><\/td><td class=\"column-16\"><\/td><td class=\"column-17\"><\/td>\n<\/tr>\n<\/thead>\n<tbody class=\"row-striping row-hover\">\n<tr class=\"row-2\">\n\t<td class=\"column-1\"><strong>Aneszteziol\u00f3giai Szakambulancia<\/strong><\/td><td class=\"column-2\">\u201eR\u201d\u00e9p\u00fclet                        I. emelet 113.<\/td><td class=\"column-3\">H\u00e9tf\u0151t\u0151l-P\u00e9ntekig            8:00-14:00<\/td><td class=\"column-4\">Aneszteziol\u00f3giai \u00e9s Intenz\u00edv ter\u00e1pi\u00e1s Oszt\u00e1ly orvosai V\u00c1LTOZ\u00d3 beoszt\u00e1sban<\/td><td class=\"column-5\"><strong> 061-464-8642  061\/464-8600\/1758 <\/strong><\/td><td class=\"column-6\">Beutal\u00f3 sz\u00fcks\u00e9ges  El\u0151jegyz\u00e9s rendel\u00e9si id\u0151ben.\u00a0<\/td><td class=\"column-7\"><\/td><td class=\"column-8\"><\/td><td class=\"column-9\"><\/td><td class=\"column-10\"><\/td><td class=\"column-11\"><\/td><td class=\"column-12\"><\/td><td class=\"column-13\"><\/td><td class=\"column-14\"><\/td><td class=\"column-15\"><\/td><td class=\"column-16\"><\/td><td class=\"column-17\"><\/td>\n<\/tr>\n<\/tbody>\n<\/table>\n<!-- #tablepress-5 from cache -->\n\n\n<p><\/p>\n\n\n\n<p><strong>A vizsg\u00e1lat elv\u00e9gz\u00e9s\u00e9hez a k\u00f6vetkez\u0151 dokumentumokat felt\u00e9tlen\u00fcl hozza mag\u00e1val: <\/strong><\/p>\n\n\n\n<ul class=\"wp-block-list\">\n<li>frissen k\u00e9sz\u00fclt laborat\u00f3riumi leletek<\/li>\n\n\n\n<li>kor\u00e1bbi z\u00e1r\u00f3jelent\u00e9sek<\/li>\n\n\n\n<li>kr\u00f3nikus betegs\u00e9geire vonatkoz\u00f3 (pl.: pajzsmirigy betegs\u00e9g, magas v\u00e9rnyom\u00e1s, cukorbetegs\u00e9g, sz\u00edv-, \u00e9r-, t\u00fcd\u0151betegs\u00e9g, idegrendszeri k\u00f3rk\u00e9pek) \u2013 egy \u00e9ven bel\u00fcli \u2013 ellen\u0151rz\u0151 vizsg\u00e1lati dokumentumok, orvosi javaslatok<\/li>\n\n\n\n<li>otthon szedett gy\u00f3gyszerek list\u00e1ja.<\/li>\n\n\n\n<li>\u201eAltat\u00e1sra \u00e9s region\u00e1lis \u00e9rz\u00e9stelen\u00edt\u00e9sre vonatkoz\u00f3 k\u00e9rd\u0151\u00edv\u201d let\u00f6lthet\u0151, kit\u00f6lt\u00f6tt p\u00e9ld\u00e1ny\u00e1t.<\/li>\n<\/ul>\n\n\n\n<p>A hossz\u00fa v\u00e1rakoz\u00e1s elker\u00fcl\u00e9se \u00e9rdek\u00e9ben, a beutal\u00f3n jelzett, vagy a telefonon kapott id\u0151pontban pontosan jelenjen meg, \u00e9s hozza mag\u00e1val az innen let\u00f6lthet\u0151, kit\u00f6lt\u00f6tt k\u00e9rd\u0151\u00edvet:<\/p>\n\n\n\n<p><a id=\"wp-block-file--media-f63b6874-3e47-44d4-805f-9696462eee80\" href=\"https:\/\/www.szentimrekorhaz.hu\/wp-content\/uploads\/2025\/06\/fny1005-8_betegtajekoztato_es_beleegyezo_nyilatkozat_valamint_allapotfelmero_kerdoiv_mutet_elott_allo_pacienseknek-2.pdf\">Betegt\u00e1j\u00e9koztat\u00f3 \u00e9s beleegyez\u0151 nyilatkozat, valamint \u00e1llapotfelm\u00e9r\u0151 k\u00e9rd\u0151\u00edv m\u0171t\u00e9t el\u0151tt \u00e1ll\u00f3 p\u00e1cienseknek<\/a><\/p>\n\n\n\n<p><a href=\"https:\/\/www.szentimrekorhaz.hu\/index.php\/intenziv-terapas-egyseg-2\/\">Kattints ide az oszt\u00e1ly fekv\u0151beteg ell\u00e1t\u00e1s\u00e1ra.<\/a><\/p>\n\n\n\n<p><\/p>\n\n\n\n\t<div class=\"dkpdf-button-container\" style=\"            text-align:right \">\n\n\t\t<a class=\"dkpdf-button\" href=\"\/index.php\/wp-json\/wp\/v2\/pages\/323?pdf=323\" target=\"_blank\"><span class=\"dkpdf-button-icon\"><i class=\"fa fa-file-pdf-o\"><\/i><\/span> Let\u00f6lt\u00e9s<\/a>\n\n\t<\/div>\n\n\n\n\n\n<!-- PMB print buttons is only displayed on a single post\/page URLs-->","protected":false},"excerpt":{"rendered":"<p>\n\t&nbsp;<\/p>\n","protected":false},"author":2,"featured_media":0,"parent":0,"menu_order":9,"comment_status":"closed","ping_status":"closed","template":"","meta":{"_acf_changed":false,"footnotes":""},"categories":[],"tags":[],"class_list":["post-323","page","type-page","status-publish","hentry"],"acf":[],"post_type":"page","author_name":"Bal\u00f3 \u00c1d\u00e1m","_links":{"self":[{"href":"https:\/\/www.szentimrekorhaz.hu\/index.php\/wp-json\/wp\/v2\/pages\/323","targetHints":{"allow":["GET"]}}],"collection":[{"href":"https:\/\/www.szentimrekorhaz.hu\/index.php\/wp-json\/wp\/v2\/pages"}],"about":[{"href":"https:\/\/www.szentimrekorhaz.hu\/index.php\/wp-json\/wp\/v2\/types\/page"}],"author":[{"embeddable":true,"href":"https:\/\/www.szentimrekorhaz.hu\/index.php\/wp-json\/wp\/v2\/users\/2"}],"replies":[{"embeddable":true,"href":"https:\/\/www.szentimrekorhaz.hu\/index.php\/wp-json\/wp\/v2\/comments?post=323"}],"version-history":[{"count":5,"href":"https:\/\/www.szentimrekorhaz.hu\/index.php\/wp-json\/wp\/v2\/pages\/323\/revisions"}],"predecessor-version":[{"id":2797,"href":"https:\/\/www.szentimrekorhaz.hu\/index.php\/wp-json\/wp\/v2\/pages\/323\/revisions\/2797"}],"wp:attachment":[{"href":"https:\/\/www.szentimrekorhaz.hu\/index.php\/wp-json\/wp\/v2\/media?parent=323"}],"wp:term":[{"taxonomy":"category","embeddable":true,"href":"https:\/\/www.szentimrekorhaz.hu\/index.php\/wp-json\/wp\/v2\/categories?post=323"},{"taxonomy":"post_tag","embeddable":true,"href":"https:\/\/www.szentimrekorhaz.hu\/index.php\/wp-json\/wp\/v2\/tags?post=323"}],"curies":[{"name":"wp","href":"https:\/\/api.w.org\/{rel}","templated":true}]}}