{"id":414,"date":"2016-07-22T09:40:08","date_gmt":"2016-07-22T07:40:08","guid":{"rendered":"http:\/\/localhost\/index.php\/koltsegvetesibeszamolokesleszamadatok\/"},"modified":"2025-06-19T13:26:15","modified_gmt":"2025-06-19T11:26:15","slug":"koltsegvetesibeszamolokesleszamadatok","status":"publish","type":"page","link":"https:\/\/www.szentimrekorhaz.hu\/index.php\/koltsegvetesibeszamolokesleszamadatok\/","title":{"rendered":"K\u00f6lts\u00e9gvet\u00e9si besz\u00e1mol\u00f3k \u00e9s l\u00e9tsz\u00e1madatok"},"content":{"rendered":"\n<div data-wp-interactive=\"core\/file\" class=\"wp-block-file\"><object data-wp-bind--hidden=\"!state.hasPdfPreview\" hidden class=\"wp-block-file__embed\" data=\"https:\/\/www.szentimrekorhaz.hu\/wp-content\/uploads\/2025\/06\/2024.-evi-koltsegvetesi-beszamolo.pdf\" type=\"application\/pdf\" style=\"width:100%;height:200px\" aria-label=\"2024. \u00e9vi k\u00f6lts\u00e9gvet\u00e9si besz\u00e1mol\u00f3 be\u00e1gyaz\u00e1sa\"><\/object><a id=\"wp-block-file--media-12493e66-72de-4c38-8ae3-dd99693f3d17\" href=\"https:\/\/www.szentimrekorhaz.hu\/wp-content\/uploads\/2025\/06\/2024.-evi-koltsegvetesi-beszamolo.pdf\">2024. \u00e9vi k\u00f6lts\u00e9gvet\u00e9si besz\u00e1mol\u00f3<\/a><a href=\"https:\/\/www.szentimrekorhaz.hu\/wp-content\/uploads\/2025\/06\/2024.-evi-koltsegvetesi-beszamolo.pdf\" class=\"wp-block-file__button wp-element-button\" download aria-describedby=\"wp-block-file--media-12493e66-72de-4c38-8ae3-dd99693f3d17\">Let\u00f6lt\u00e9s<\/a><\/div>\n\n\n<p><a href=\"\/wp-content\/uploads\/2016\/07\/eves_ktgvetesi_beszamolo_2023.pdf\">\u00c9ves k\u00f6lts\u00e9gvet\u00e9si besz\u00e1mol\u00f3 2023. \u00e9v (let\u00f6lt\u00e9s)<\/a><\/p>\n<p><a href=\"\/wp-content\/uploads\/2016\/07\/eves_ktgvetesi_beszamolo_2022.pdf\" target=\"_blank\" rel=\"noopener\" name=\"Beszamolo%202022\">\u00c9ves k\u00f6lts\u00e9gvet\u00e9si besz\u00e1mol\u00f3 2022. \u00e9v (let\u00f6lt\u00e9s)<\/a><\/p>\n<p><a href=\"\/wp-content\/uploads\/2016\/07\/eves_ktgvetesi_beszamolo_2021.pdf\">\u00c9ves k\u00f6lts\u00e9gvet\u00e9si besz\u00e1mol\u00f3 2021. \u00e9v (let\u00f6lt\u00e9s)<\/a><\/p>\n<p><a href=\"\/wp-content\/uploads\/2016\/07\/eves_ktgvetesi_beszamolo_2020.pdf\">\u00c9ves k\u00f6lts\u00e9gvet\u00e9si besz\u00e1mol\u00f3 2020. \u00e9v (let\u00f6lt\u00e9s)<\/a><\/p>\n<p><a href=\"\/wp-content\/uploads\/2016\/07\/eves_ktgvetesi_beszamolo_2019.pdf\">\u00c9ves k\u00f6lts\u00e9gvet\u00e9si besz\u00e1mol\u00f3 2019. \u00e9v (let\u00f6lt\u00e9s)<\/a><\/p>\n<p><a href=\"\/wp-content\/uploads\/2016\/07\/eves_ktgvetesi_beszamolo_2018.pdf\">\u00c9ves k\u00f6lts\u00e9gvet\u00e9si besz\u00e1mol\u00f3 2018. \u00e9v (let\u00f6lt\u00e9s)<\/a><\/p>\n<p><a href=\"\/wp-content\/uploads\/2016\/07\/eves_ktgvetesi_beszamolo_2017.pdf\">\u00c9ves k\u00f6lts\u00e9gvet\u00e9si besz\u00e1mol\u00f3 2017. \u00e9v (let\u00f6lt\u00e9s)<\/a><\/p>\n<p><a href=\"\/wp-content\/uploads\/2016\/07\/eves_ktgvetesi_beszamolo_2016.pdf\">\u00c9ves k\u00f6lts\u00e9gvet\u00e9si besz\u00e1mol\u00f3 2016. \u00e9v (let\u00f6lt\u00e9s)<\/a><\/p>\n<p><a href=\"\/wp-content\/uploads\/2016\/07\/eves_ktgvetesi_beszamolo_2015.pdf\">\u00c9ves k\u00f6lts\u00e9gvet\u00e9si besz\u00e1mol\u00f3 2015. \u00e9v (let\u00f6lt\u00e9s)<\/a><\/p>\n<p><a href=\"\/wp-content\/uploads\/2016\/07\/eves_ktgvetesi_beszamolo_2014.pdf\">\u00c9ves k\u00f6lts\u00e9gvet\u00e9si besz\u00e1mol\u00f3 2014. \u00e9v (let\u00f6lt\u00e9s)<\/a><\/p>\n<p><a href=\"\/wp-content\/uploads\/2016\/07\/eves_ktgvetesi_beszamolo_2013.pdf\">\u00c9ves k\u00f6lts\u00e9gvet\u00e9si besz\u00e1mol\u00f3 2013. \u00e9v (let\u00f6lt\u00e9s)<\/a><\/p>\n<p>\u00a0<\/p>\n<p>\u00a0<\/p>\n<p>\u00a0<\/p>\n\n\n\t<div class=\"dkpdf-button-container\" style=\"            text-align:right \">\n\n\t\t<a class=\"dkpdf-button\" href=\"\/index.php\/wp-json\/wp\/v2\/pages\/414?pdf=414\" target=\"_blank\"><span class=\"dkpdf-button-icon\"><i class=\"fa fa-file-pdf-o\"><\/i><\/span> Let\u00f6lt\u00e9s<\/a>\n\n\t<\/div>\n\n\n\n\n\n<!-- PMB print buttons is only displayed on a single post\/page URLs-->","protected":false},"excerpt":{"rendered":"<p>\u00c9ves k\u00f6lts\u00e9gvet\u00e9si besz\u00e1mol\u00f3 2023. \u00e9v (let\u00f6lt\u00e9s) \u00c9ves k\u00f6lts\u00e9gvet\u00e9si besz\u00e1mol\u00f3 2022. \u00e9v (let\u00f6lt\u00e9s) \u00c9ves k\u00f6lts\u00e9gvet\u00e9si besz\u00e1mol\u00f3 2021. \u00e9v (let\u00f6lt\u00e9s) \u00c9ves k\u00f6lts\u00e9gvet\u00e9si besz\u00e1mol\u00f3 2020. \u00e9v (let\u00f6lt\u00e9s) \u00c9ves&hellip;<\/p>\n","protected":false},"author":4,"featured_media":0,"parent":0,"menu_order":15,"comment_status":"closed","ping_status":"closed","template":"","meta":{"_acf_changed":false,"footnotes":""},"categories":[],"tags":[],"class_list":["post-414","page","type-page","status-publish","hentry"],"acf":[],"post_type":"page","author_name":"Informatikai csoport","_links":{"self":[{"href":"https:\/\/www.szentimrekorhaz.hu\/index.php\/wp-json\/wp\/v2\/pages\/414","targetHints":{"allow":["GET"]}}],"collection":[{"href":"https:\/\/www.szentimrekorhaz.hu\/index.php\/wp-json\/wp\/v2\/pages"}],"about":[{"href":"https:\/\/www.szentimrekorhaz.hu\/index.php\/wp-json\/wp\/v2\/types\/page"}],"author":[{"embeddable":true,"href":"https:\/\/www.szentimrekorhaz.hu\/index.php\/wp-json\/wp\/v2\/users\/4"}],"replies":[{"embeddable":true,"href":"https:\/\/www.szentimrekorhaz.hu\/index.php\/wp-json\/wp\/v2\/comments?post=414"}],"version-history":[{"count":2,"href":"https:\/\/www.szentimrekorhaz.hu\/index.php\/wp-json\/wp\/v2\/pages\/414\/revisions"}],"predecessor-version":[{"id":1713,"href":"https:\/\/www.szentimrekorhaz.hu\/index.php\/wp-json\/wp\/v2\/pages\/414\/revisions\/1713"}],"wp:attachment":[{"href":"https:\/\/www.szentimrekorhaz.hu\/index.php\/wp-json\/wp\/v2\/media?parent=414"}],"wp:term":[{"taxonomy":"category","embeddable":true,"href":"https:\/\/www.szentimrekorhaz.hu\/index.php\/wp-json\/wp\/v2\/categories?post=414"},{"taxonomy":"post_tag","embeddable":true,"href":"https:\/\/www.szentimrekorhaz.hu\/index.php\/wp-json\/wp\/v2\/tags?post=414"}],"curies":[{"name":"wp","href":"https:\/\/api.w.org\/{rel}","templated":true}]}}