{"id":4175,"date":"2026-04-30T09:13:36","date_gmt":"2026-04-30T07:13:36","guid":{"rendered":"https:\/\/www.szentimrekorhaz.hu\/?page_id=4175"},"modified":"2026-05-04T13:13:26","modified_gmt":"2026-05-04T11:13:26","slug":"mellkasi-fajdalom","status":"publish","type":"page","link":"https:\/\/www.szentimrekorhaz.hu\/index.php\/mellkasi-fajdalom\/","title":{"rendered":"Mellkasi f\u00e1jdalom"},"content":{"rendered":"\n<p><strong>Kedves Beteg\u00fcnk!<\/strong><\/p>\n\n\n\n<p>\u00d6r\u00fcl\u00fcnk, hogy az \u00e1llapota jelenleg stabil, \u00e9s hazat\u00e9rhet otthon\u00e1ba. A s\u00fcrg\u0151ss\u00e9gi oszt\u00e1lyon elv\u00e9gzett vizsg\u00e1latokkal (p\u00e9ld\u00e1ul EKG-val, laborral) kiz\u00e1rtuk a k\u00f6zvetlen \u00e9letvesz\u00e9lyt, vagyis azt, hogy a mellkasi f\u00e1jdalm\u00e1t ebben a pillanatban heveny sz\u00edvizominfarktus vagy m\u00e1s, azonnali beavatkoz\u00e1st ig\u00e9nyl\u0151 baj okozn\u00e1.<\/p>\n\n\n\n<p>Azonban a mellkasi f\u00e1jdalom figyelmeztet\u0151 jel, amivel a t\u00e1voz\u00e1s ut\u00e1n is foglalkozni kell. K\u00e9rj\u00fck, hallgassa meg a legfontosabb teend\u0151ket.<\/p>\n\n\n\n<p><strong>\ud83c\udfe0 Mire figyeljen az els\u0151 napokban?<\/strong><\/p>\n\n\n\n<ul class=\"wp-block-list\">\n<li><strong>K\u00edm\u00e9l\u0151 \u00e9letm\u00f3d:<\/strong>\u00a0Ker\u00fclje a neh\u00e9z fizikai meger\u0151ltet\u00e9st, a sportol\u00e1st \u00e9s a stresszes helyzeteket. Most a szervezet\u00e9nek nyugalomra van sz\u00fcks\u00e9ge.<\/li>\n\n\n\n<li><strong>V\u00e9rnyom\u00e1sm\u00e9r\u00e9s:<\/strong>\u00a0M\u00e9rje meg a v\u00e9rnyom\u00e1s\u00e1t \u00e9s a pulzus\u00e1t naponta k\u00e9tszer, \u00e9s \u00edrja fel egy f\u00fczetbe. A mellkasi szor\u00edt\u00e1st gyakran a megemelkedett v\u00e9rnyom\u00e1s okozza.<\/li>\n\n\n\n<li><strong>Gy\u00f3gyszerek:<\/strong>\u00a0Csak azokat a k\u00e9sz\u00edtm\u00e9nyeket szedje, amiket a z\u00e1r\u00f3jelent\u00e9sben javasoltunk. Ha kapott Nitroglycerin spray-t vagy tablett\u00e1t \u201esz\u00fcks\u00e9g eset\u00e9re\u201d, tartsa mindig mag\u00e1n\u00e1l!<\/li>\n<\/ul>\n\n\n\n<p><strong>\ud83d\udc68\u200d<\/strong><strong>\u2695\ufe0f Hogyan tov\u00e1bb? A kivizsg\u00e1l\u00e1s nem \u00e9rt v\u00e9get<\/strong><\/p>\n\n\n\n<p>A s\u00fcrg\u0151ss\u00e9gi ell\u00e1t\u00e1s csak a \u201epillanatfelv\u00e9telt\u201d k\u00e9sz\u00edtette el. A f\u00e1jdalom ok\u00e1t (ami lehet sz\u00edv eredet\u0171, de ak\u00e1r gyomorsav, izomf\u00e1jdalom vagy stressz is) szakorvosnak kell tiszt\u00e1znia.<\/p>\n\n\n\n<ol start=\"1\" class=\"wp-block-list\">\n<li><strong>H\u00e1ziorvos:<\/strong>\u00a01-2 munkanapon bel\u00fcl keresse fel a z\u00e1r\u00f3jelent\u00e9ssel. \u0150 fogja \u00e1tn\u00e9zni a leleteit \u00e9s be\u00e1ll\u00edtani a tart\u00f3s gy\u00f3gyszereit.<\/li>\n\n\n\n<li><strong>Kardiol\u00f3gia:<\/strong>\u00a0Ha a z\u00e1r\u00f3jelent\u00e9sben javasoltuk, miel\u0151bb k\u00e9rjen id\u0151pontot kardiol\u00f3giai szakrendel\u00e9sre. Ott olyan vizsg\u00e1latokat v\u00e9gezhetnek (pl. sz\u00edvultrahang, terhel\u00e9ses EKG), amikre a s\u00fcrg\u0151ss\u00e9gin nem volt m\u00f3d.<\/li>\n\n\n\n<li><strong>Egy\u00e9b vizsg\u00e1latok:<\/strong>\u00a0Ha a f\u00e1jdalma \u00e9tkez\u00e9shez k\u00f6t\u0151dik, gasztroenterol\u00f3giai kivizsg\u00e1l\u00e1s is sz\u00f3ba j\u00f6het.<\/li>\n<\/ol>\n\n\n\n<p><strong>\ud83d\udea8 Mikor kell azonnal ment\u0151t h\u00edvni (112)?<\/strong><\/p>\n\n\n\n<p>B\u00e1r most stabilan bocs\u00e1tjuk haza, a mellkasi panaszok b\u00e1rmikor ki\u00fajulhatnak. Azonnal k\u00e9rjen seg\u00edts\u00e9get, ha:<\/p>\n\n\n\n<p>\ud83d\udccd\u00a0<strong>Er\u0151s, szor\u00edt\u00f3 vagy nyom\u00f3 f\u00e1jdalmat<\/strong>\u00a0\u00e9rez a mellkasa k\u00f6zep\u00e9n, ami nem m\u00falik el pihen\u00e9sre sem.<\/p>\n\n\n\n<p>\ud83d\udccd A f\u00e1jdalom\u00a0<strong>kisug\u00e1rzik<\/strong>\u00a0a bal karj\u00e1ba, a v\u00e1ll\u00e1ba, az \u00e1llkapcs\u00e1ba vagy a h\u00e1t\u00e1ba.<\/p>\n\n\n\n<p>\ud83d\udccd A mellkasi panasz mell\u00e9\u00a0<strong>hideg verejt\u00e9kez\u00e9s<\/strong>, h\u00e1nyinger vagy hal\u00e1lf\u00e9lelem t\u00e1rsul.<\/p>\n\n\n\n<p>\ud83d\udccd Hirtelen fell\u00e9p\u0151, s\u00falyos\u00a0<strong>l\u00e9gszomja<\/strong>\u00a0t\u00e1mad.<\/p>\n\n\n\n<p>\ud83d\udccd \u00dagy \u00e9rzi,\u00a0<strong>el fog \u00e1julni<\/strong>, vagy hirtelen nagyon gyeng\u00e9v\u00e9 v\u00e1lik.<\/p>\n\n\n\n<p>Vigy\u00e1zzon mag\u00e1ra, \u00e9s ne v\u00e1rjon a t\u00fcnetek elm\u00fal\u00e1s\u00e1ra, ha azok fokoz\u00f3dnak!<\/p>\n\n\n\n<div class=\"wp-block-buttons is-layout-flex wp-block-buttons-is-layout-flex\">\n<div class=\"wp-block-button\"><a class=\"wp-block-button__link wp-element-button\" href=\"javascript:history.back()\">Vissza az el\u0151z\u0151 oldalra<\/a><\/div>\n\n\n\n<div class=\"wp-block-button\"><a class=\"wp-block-button__link wp-element-button\" href=\"https:\/\/www.szentimrekorhaz.hu\/index.php\/otthoni-tamogatas\/\">Vissza a t\u00fcnetekhez<\/a><\/div>\n\n\n\n<div class=\"wp-block-button\"><a class=\"wp-block-button__link wp-element-button\" href=\"https:\/\/www.szentimrekorhaz.hu\/\">F\u0151oldal<\/a><\/div>\n<\/div>\n\n\n\n\t<div class=\"dkpdf-button-container\" style=\"            text-align:right \">\n\n\t\t<a class=\"dkpdf-button\" href=\"\/index.php\/wp-json\/wp\/v2\/pages\/4175?pdf=4175\" target=\"_blank\"><span class=\"dkpdf-button-icon\"><i class=\"fa fa-file-pdf-o\"><\/i><\/span> Let\u00f6lt\u00e9s<\/a>\n\n\t<\/div>\n\n\n\n\n\n<!-- PMB print buttons is only displayed on a single post\/page URLs-->","protected":false},"excerpt":{"rendered":"<p>Kedves Beteg\u00fcnk! \u00d6r\u00fcl\u00fcnk, hogy az \u00e1llapota jelenleg stabil, \u00e9s hazat\u00e9rhet otthon\u00e1ba. A s\u00fcrg\u0151ss\u00e9gi oszt\u00e1lyon elv\u00e9gzett vizsg\u00e1latokkal (p\u00e9ld\u00e1ul EKG-val, laborral) kiz\u00e1rtuk a k\u00f6zvetlen \u00e9letvesz\u00e9lyt, vagyis azt,&hellip;<\/p>\n","protected":false},"author":31,"featured_media":0,"parent":0,"menu_order":0,"comment_status":"closed","ping_status":"closed","template":"","meta":{"_acf_changed":false,"_uag_custom_page_level_css":"","footnotes":""},"categories":[],"tags":[150],"class_list":["post-4175","page","type-page","status-publish","hentry","tag-mellkasi-fajdalom"],"acf":[],"uagb_featured_image_src":{"full":false,"thumbnail":false,"medium":false,"medium_large":false,"large":false,"1536x1536":false,"2048x2048":false,"410x410":false},"uagb_author_info":{"display_name":"draviczkiakos","author_link":"https:\/\/www.szentimrekorhaz.hu\/index.php\/author\/draviczkiakos\/"},"uagb_comment_info":0,"uagb_excerpt":"Kedves Beteg\u00fcnk! \u00d6r\u00fcl\u00fcnk, hogy az \u00e1llapota jelenleg stabil, \u00e9s hazat\u00e9rhet otthon\u00e1ba. A s\u00fcrg\u0151ss\u00e9gi oszt\u00e1lyon elv\u00e9gzett vizsg\u00e1latokkal (p\u00e9ld\u00e1ul EKG-val, laborral) kiz\u00e1rtuk a k\u00f6zvetlen \u00e9letvesz\u00e9lyt, vagyis azt,&hellip;","post_type":"page","author_name":"draviczkiakos","_links":{"self":[{"href":"https:\/\/www.szentimrekorhaz.hu\/index.php\/wp-json\/wp\/v2\/pages\/4175","targetHints":{"allow":["GET"]}}],"collection":[{"href":"https:\/\/www.szentimrekorhaz.hu\/index.php\/wp-json\/wp\/v2\/pages"}],"about":[{"href":"https:\/\/www.szentimrekorhaz.hu\/index.php\/wp-json\/wp\/v2\/types\/page"}],"author":[{"embeddable":true,"href":"https:\/\/www.szentimrekorhaz.hu\/index.php\/wp-json\/wp\/v2\/users\/31"}],"replies":[{"embeddable":true,"href":"https:\/\/www.szentimrekorhaz.hu\/index.php\/wp-json\/wp\/v2\/comments?post=4175"}],"version-history":[{"count":3,"href":"https:\/\/www.szentimrekorhaz.hu\/index.php\/wp-json\/wp\/v2\/pages\/4175\/revisions"}],"predecessor-version":[{"id":4280,"href":"https:\/\/www.szentimrekorhaz.hu\/index.php\/wp-json\/wp\/v2\/pages\/4175\/revisions\/4280"}],"wp:attachment":[{"href":"https:\/\/www.szentimrekorhaz.hu\/index.php\/wp-json\/wp\/v2\/media?parent=4175"}],"wp:term":[{"taxonomy":"category","embeddable":true,"href":"https:\/\/www.szentimrekorhaz.hu\/index.php\/wp-json\/wp\/v2\/categories?post=4175"},{"taxonomy":"post_tag","embeddable":true,"href":"https:\/\/www.szentimrekorhaz.hu\/index.php\/wp-json\/wp\/v2\/tags?post=4175"}],"curies":[{"name":"wp","href":"https:\/\/api.w.org\/{rel}","templated":true}]}}