{"id":44,"date":"2009-09-03T10:08:50","date_gmt":"2009-09-03T08:08:50","guid":{"rendered":"http:\/\/localhost\/index.php\/korhazunktortenete\/"},"modified":"2025-08-29T16:17:02","modified_gmt":"2025-08-29T14:17:02","slug":"korhazunktortenete","status":"publish","type":"page","link":"https:\/\/www.szentimrekorhaz.hu\/index.php\/korhazunktortenete\/","title":{"rendered":"K\u00f3rh\u00e1zunk t\u00f6rt\u00e9nete"},"content":{"rendered":"<p style=\"text-align: center;\"><img decoding=\"async\" class=\" size-full wp-image-5\" style=\"border-width: 0px; border-style: solid;\" src=\"\/wp-content\/uploads\/2009\/09\/01.jpg\" alt=\"gy\u00f3gy\u00fcd\u00fcl\u0151 fot\u00f3\" width=\"110\" height=\"160\"><\/p>\n<p>A XIX. sz\u00e1zad v\u00e9g\u00e9n \u00e9s a XX. sz\u00e1zad els\u0151 fel\u00e9ben a Szent Imre K\u00f3rh\u00e1z hely\u00e9n egy \u201eErzs\u00e9bet S\u00f3sf\u00fcrd\u0151\u201d nev\u0171 gy\u00f3gy\u00fcd\u00fcl\u0151 k\u00f6zpont m\u0171k\u00f6d\u00f6tt. A f\u00fcrd\u0151 t\u00f6rt\u00e9nete 1850 k\u00f6r\u00fcl kezd\u0151d\u00f6tt, mikor a ter\u00fclet tulajdonosa kutakat \u00e1satott, mert \u2013 z\u00f6lds\u00e9gtermel\u0151 l\u00e9v\u00e9n \u2013 az \u00f6nt\u00f6z\u00e9shez sok v\u00edzre volt sz\u00fcks\u00e9ge. A felt\u00f6r\u0151 vizet meglep\u0151en keser\u0171nek tal\u00e1lt\u00e1k, ez\u00e9rt 1853-ban vegyelemeztett\u00e9k, s a szakv\u00e9lem\u00e9nynek megfelel\u0151en egy \u00e9vvel k\u00e9s\u0151bb Unger Ferenc budai gy\u00f3gyszer\u00e9sz a forr\u00e1sok felhaszn\u00e1l\u00e1s\u00e1val gy\u00f3gyv\u00edz-f\u00fcrd\u0151t \u00e9p\u00edttetett. A vizet szorul\u00e1s, gyomor- \u00e9s vastagb\u00e9lhurut, n\u0151gy\u00f3gy\u00e1szati \u00e9s mozg\u00e1sszervi panaszok eset\u00e9n (k\u00f6szv\u00e9ny, cs\u00faz), valamint id\u00fclt b\u0151rbetegs\u00e9gek ellen aj\u00e1nlott\u00e1k.<\/p>\n<div style=\"text-align: center;\"><img decoding=\"async\" class=\"asd size-full wp-image-6\" style=\"border-width: 0px; border-style: solid;\" src=\"\/wp-content\/uploads\/2009\/09\/02.jpg\" alt=\"gy\u00f3gyf\u00fcrd\u0151 az I. vil\u00e1gh\u00e1bor\u00fa el\u0151tt fot\u00f3\" width=\"160\" height=\"110\"><img decoding=\"async\" class=\" size-full wp-image-7\" style=\"border-width: 0px; border-style: solid;\" src=\"\/wp-content\/uploads\/2009\/09\/03.jpg\" alt=\"gy\u00f3gyf\u00fcrd\u0151 az I. vil\u00e1gh\u00e1bor\u00fa el\u0151tt fot\u00f3\" width=\"160\" height=\"110\"><\/div>\n<p style=\"text-align: justify;\">A k\u00e9t Vil\u00e1gh\u00e1bor\u00fa k\u00f6z\u00f6tt a f\u00fcrd\u0151 k\u00f6rnyezet\u00e9t be\u00e9p\u00edtett\u00e9k, minek k\u00f6vetkezt\u00e9ben a felsz\u00edni kutak v\u00edzhozama jelent\u0151s m\u00e9rt\u00e9kben cs\u00f6kkent. A term\u00e9szetes gy\u00f3gym\u00f3d e n\u00e9pszer\u0171 eszk\u00f6ze m\u00e1r-m\u00e1r elapadni l\u00e1tszott, mikor v\u00e1ratlanul 1943-ban 536 m\u00e9ter m\u00e9lyen a kutat\u00f3k 49\u00b0C h\u0151m\u00e9rs\u00e9klet\u0171 term\u00e1lv\u00edzre bukkantak. N\u0151gy\u00f3gy\u00e1szati f\u00fcrd\u0151k\u00f3rh\u00e1z l\u00e9tes\u00edt\u00e9s\u00e9t tervezt\u00e9k, az \u00faj lehet\u0151s\u00e9get azonban a II. vil\u00e1gh\u00e1bor\u00fa kirobban\u00e1sa miatt nem tudt\u00e1k kihaszn\u00e1lni. A h\u00e1bor\u00fa ut\u00e1n folytatt\u00e1k a m\u00e1r megkezdett munk\u00e1latokat, \u00e1m egy korm\u00e1nyrendeletnek megfelel\u0151en \u2013 \u00e9s a r\u00e9gi \u00e1lmokkal ellent\u00e9tben \u2013 a d\u00e9l-budai ter\u00fclet ell\u00e1t\u00e1s\u00e1ra szolg\u00e1l\u00f3, 362 \u00e1gyas, \u00e1ltal\u00e1nos jelleg\u0171 k\u00f3rh\u00e1zat \u00e9p\u00edtettek. A F\u0151v\u00e1rosi Tan\u00e1cs T\u00e9t\u00e9nyi \u00fati K\u00f3rh\u00e1za 1950. j\u00fanius 20.-\u00e1n nyitotta meg kapuit a r\u00e1szorul\u00f3k el\u0151tt.<\/p>\n<p align=\"center\"><img decoding=\"async\" class=\" size-full wp-image-10\" style=\"border-width: 0px; border-style: solid;\" src=\"\/wp-content\/uploads\/2009\/09\/06.jpg\" alt=\"T\u00e9t\u00e9nyi k\u00f3rh\u00e1z fot\u00f3\" width=\"160\" height=\"110\"><img decoding=\"async\" class=\" size-full wp-image-11\" style=\"border-width: 0px; border-style: solid;\" src=\"\/wp-content\/uploads\/2009\/09\/07.jpg\" alt=\"T\u00e9t\u00e9nyi k\u00f3rh\u00e1z fot\u00f3\" width=\"160\" height=\"110\"><img decoding=\"async\" class=\" size-full wp-image-12\" style=\"border-width: 0px; border-style: solid;\" src=\"\/wp-content\/uploads\/2009\/09\/08.jpg\" alt=\"T\u00e9t\u00e9nyi k\u00f3rh\u00e1z fot\u00f3\" width=\"160\" height=\"110\"><\/p>\n<p align=\"center\"><img decoding=\"async\" class=\" size-full wp-image-13\" style=\"border-width: 0px; border-style: solid;\" src=\"\/wp-content\/uploads\/2009\/09\/09.jpg\" alt=\"T\u00e9t\u00e9nyi k\u00f3rh\u00e1z fot\u00f3\" width=\"160\" height=\"110\"><img decoding=\"async\" class=\" size-full wp-image-14\" style=\"border-width: 0px; border-style: solid;\" src=\"\/wp-content\/uploads\/2009\/09\/10.jpg\" alt=\"T\u00e9t\u00e9nyi k\u00f3rh\u00e1z fot\u00f3\" width=\"160\" height=\"110\"><img decoding=\"async\" class=\" size-full wp-image-15\" style=\"border-width: 0px; border-style: solid;\" src=\"\/wp-content\/uploads\/2009\/09\/11.jpg\" alt=\"T\u00e9t\u00e9nyi k\u00f3rh\u00e1z fot\u00f3\" width=\"160\" height=\"110\"><\/p>\n<p>A 60-as \u00e9vek v\u00e9g\u00e9n \u00e9s a 70-es \u00e9vekben jelent\u0151s m\u00e9rt\u00e9kben megn\u0151tt D\u00e9l-Buda lakoss\u00e1gsz\u00e1ma. A n\u00f6vekv\u0151 ig\u00e9nyek hat\u00e1s\u00e1ra a K\u00f3rh\u00e1zat \u00faj pavilonokkal b\u0151v\u00edtett\u00e9k: 1972-ben adt\u00e1k \u00e1t a \u201eC\u201d, majd 1978-ban a \u201eB\u201d \u00e9p\u00fcletet.<\/p>\n<p>A \u201970-es \u00e9vekben lezajlott f\u0151v\u00e1rosi k\u00f3rh\u00e1z-integr\u00e1ci\u00f3k keret\u00e9ben t\u00f6bb int\u00e9zm\u00e9nyt is a F\u0151v\u00e1rosi Tan\u00e1cs T\u00e9t\u00e9nyi \u00fati K\u00f3rh\u00e1z\u00e1hoz csatoltak, minek k\u00f6sz\u00f6nhet\u0151en az \u00e1gyak sz\u00e1ma 1980-ban m\u00e1r el\u00e9rte a 1143-at, s miut\u00e1n a d\u00e9l-budai alapell\u00e1t\u00e1st is a k\u00f3rh\u00e1zhoz vont\u00e1k, az itt dolgoz\u00f3 munkat\u00e1rsak sz\u00e1ma 2200 f\u0151re emelkedett.<\/p>\n<p>1988-ban a k\u00f3rh\u00e1z ter\u00fclet\u00e9re egy R\u00e9szv\u00e9nyt\u00e1rsas\u00e1g \u00fczemeltette m\u0171vese \u00e1llom\u00e1st telep\u00edtettek, amely 19 \u00e9ven \u00e1t ideiglenes \u00e9p\u00fcletben m\u0171k\u00f6d\u00f6tt, s k\u00f6zben tulajdonosa is v\u00e1ltozott. 2007-ben azut\u00e1n fel\u00e9p\u00fclt a B.Braun Avitum Hungary Zrt. korszer\u0171, \u00faj nefrocentruma, amely a k\u00f3rh\u00e1zzal szoros egy\u00fcttm\u0171k\u00f6d\u00e9sben komplex vesebeteg-ell\u00e1t\u00e1st biztos\u00edt a ter\u00fclet lakoss\u00e1g\u00e1nak.<\/p>\n<div style=\"text-align: center;\"><img decoding=\"async\" class=\" size-full wp-image-16\" style=\"border-width: 0px; border-style: solid;\" src=\"\/wp-content\/uploads\/2009\/09\/12.jpg\" alt=\"m\u0171vese \u00e1llom\u00e1s 1988 fot\u00f3\" width=\"160\" height=\"110\"><\/div>\n<p>Az 1990-es \u00e9vekben r\u00e9szben az eg\u00e9szs\u00e9g\u00fcgyi kapacit\u00e1st\u00f6rv\u00e9ny el\u0151\u00edr\u00e1sai miatt, r\u00e9szben saj\u00e1t elhat\u00e1roz\u00e1sb\u00f3l, valamint a \u201eB\u201d \u00e9s \u201eC\u201d \u00e9p\u00fcletek komfortos\u00edt\u00e1s\u00e1nak k\u00f6vetkezm\u00e9nyek\u00e9nt a k\u00f3rh\u00e1z \u00e1gysz\u00e1ma fokozatosan cs\u00f6kkent. Megsz\u0171nt az integr\u00e1ci\u00f3 is. Az int\u00e9zm\u00e9ny k\u00f6tel\u00e9k\u00e9b\u0151l lev\u00e1lt el\u0151bb a d\u00e9l-budai alapell\u00e1t\u00e1s, majd a k\u00e9t ker\u00fcleti szakorvosi rendel\u0151int\u00e9zet. V\u00e9g\u00fcl \u2013 2003-ban \u2013 a k\u00f3rh\u00e1z egy telephely\u0171v\u00e9 v\u00e1lt.<\/p>\n<div style=\"text-align: center;\"><img decoding=\"async\" class=\" size-full wp-image-17\" style=\"border-width: 0px; border-style: solid;\" src=\"\/wp-content\/uploads\/2009\/09\/13.jpg\" alt=\"rendel\u0151int\u00e9zet fot\u00f3\" width=\"160\" height=\"110\"><img decoding=\"async\" class=\" size-full wp-image-18\" style=\"border-width: 0px; border-style: solid;\" src=\"\/wp-content\/uploads\/2009\/09\/14.jpg\" alt=\"\u00e9p\u00edtkez\u00e9s fot\u00f3\" width=\"160\" height=\"110\"><img decoding=\"async\" class=\" size-full wp-image-19\" style=\"border-width: 0px; border-style: solid;\" src=\"\/wp-content\/uploads\/2009\/09\/15.jpg\" alt=\"\u00e9p\u00edtkez\u00e9s fot\u00f3\" width=\"160\" height=\"110\"><\/div>\n<p style=\"text-align: justify;\">A Szent Imre K\u00f3rh\u00e1z a szakorvos-k\u00e9pz\u00e9sben, az orvos-tov\u00e1bbk\u00e9pz\u00e9sben \u00e9s a medikusok gyakorlati oktat\u00e1s\u00e1ban egyar\u00e1nt \u00e9vtizedek \u00f3ta r\u00e9szt vesz. 1999 \u0151sz\u00e9n a SOTE az int\u00e9zet Patol\u00f3giai Oszt\u00e1ly\u00e1t teljes k\u00f6r\u0171, az \u00f6sszes t\u00f6bbi oszt\u00e1lyt pedig r\u00e9szk\u00e9pz\u00e9sre akkredit\u00e1lta. Az akkredit\u00e1ci\u00f3t 2008-ban meg\u00faj\u00edtott\u00e1k.<\/p>\n<p style=\"text-align: justify;\">1999-ben kezdt\u00e9k meg a k\u00f3rh\u00e1z teljes rekonstrukci\u00f3j\u00e1t, melynek els\u0151 l\u00e9p\u00e9s\u00e9ben a m\u0171t\u00e9ti szakm\u00e1kat, valamint az intenz\u00edv ell\u00e1t\u00e1st mag\u00e1ban foglal\u00f3 \u201eA\u201d \u00e9p\u00fclet b\u0151v\u00edt\u00e9s\u00e9t \u00e9s \u00e1t\u00e9p\u00edt\u00e9s\u00e9t val\u00f3s\u00edtott\u00e1k meg. Ennek keret\u00e9ben K\u00f6zponti M\u0171t\u0151blokkot alak\u00edtottak ki, folyamatosan m\u0171k\u00f6d\u0151, \u00faj S\u00fcrg\u0151ss\u00e9gi Egys\u00e9get hoztak l\u00e9tre, korszer\u0171s\u00edtett\u00e9k a hotelszolg\u00e1latot \u00e9s modern, digit\u00e1lis eszk\u00f6z\u00f6kkel l\u00e1tt\u00e1k el a c\u00e9lszer\u0171en telep\u00edtett k\u00e9palkot\u00f3 diagnosztik\u00e1t.<\/p>\n<div style=\"text-align: center;\"><img decoding=\"async\" class=\" size-full wp-image-20\" style=\"border-width: 0px; border-style: solid;\" src=\"\/wp-content\/uploads\/2009\/09\/16.jpg\" alt=\"k\u00f3rh\u00e1z f\u0151bej\u00e1rat fot\u00f3\" width=\"160\" height=\"110\"><img decoding=\"async\" class=\" size-full wp-image-21\" style=\"border-width: 0px; border-style: solid;\" src=\"\/wp-content\/uploads\/2009\/09\/17.jpg\" alt=\"A \u00e9p\u00fclet fot\u00f3\" width=\"160\" height=\"110\"><img decoding=\"async\" class=\" size-full wp-image-22\" style=\"border-width: 0px; border-style: solid;\" src=\"\/wp-content\/uploads\/2009\/09\/18.jpg\" alt=\"B \u00e9p\u00fclet fot\u00f3\" width=\"160\" height=\"110\"><\/div>\n<p style=\"text-align: justify;\">A jelenleg 678 \u00e1gyas Szent Imre K\u00f3rh\u00e1zban az akt\u00edv ell\u00e1t\u00e1st a S\u00fcrg\u0151ss\u00e9gi Betegell\u00e1t\u00f3 Centrum, az Operat\u00edv Szakm\u00e1k M\u00e1trix Szervezete, a Belgy\u00f3gy\u00e1szati Szakm\u00e1k M\u00e1trix Szervezete, valamint az oszt\u00e1lyszerkezetben m\u0171k\u00f6d\u0151 Neurol\u00f3gia \u00e9s Pszichi\u00e1tria k\u00e9pviselik. A hosszabb idej\u0171 \u00e1pol\u00e1st ny\u00fajt\u00f3 egys\u00e9gek: a Neurol\u00f3giai (Stroke-) Rehabilit\u00e1ci\u00f3s Oszt\u00e1ly, a Kr\u00f3nikus Pszichi\u00e1triai Oszt\u00e1ly, a Kr\u00f3nikus Oszt\u00e1ly, a Geri\u00e1triai \u00e9s Geronto-pszichi\u00e1triai Rehabilit\u00e1ci\u00f3s Oszt\u00e1ly.<\/p>\n<p style=\"text-align: justify;\">A S\u00fcrg\u0151ss\u00e9gi Centrumban a S\u00fcrg\u0151ss\u00e9gi Betegell\u00e1t\u00f3 Egys\u00e9g mellett Intenz\u00edv Ter\u00e1pi\u00e1s Egys\u00e9g, \u00e9s K\u00f6zponti M\u0171t\u0151 \u00e9s Aneszteziol\u00f3giai Szolg\u00e1lat tal\u00e1lhat\u00f3. A S\u00fcrg\u0151ss\u00e9gi Betegell\u00e1t\u00f3 Egys\u00e9ghez k\u00f6zvetlen\u00fcl kapcsol\u00f3dik az Orsz\u00e1gos Ment\u0151szolg\u00e1lat \u00e9s a F\u0151nix Betegsz\u00e1ll\u00edt\u00f3 Szolg\u00e1lat kihelyezett egys\u00e9ge, valamint a F\u0151nix \u00e1ltal \u00fczemeltetett alapell\u00e1t\u00e1si \u00fcgyelet. A 2009-ben l\u00e9trehozott Speci\u00e1lis Intenz\u00edv \u00c1pol\u00e1si Egys\u00e9g a kor\u00e1bbi Postoperat\u00edv \u0150rz\u0151, a Koron\u00e1ria \u0150rz\u0151 \u00e9s a Neurointenz\u00edv Ter\u00e1pi\u00e1s Egys\u00e9g jogut\u00f3djak\u00e9nt alakult meg.<\/p>\n<p style=\"text-align: justify;\">Az Operat\u00edv Szakm\u00e1k M\u00e1trix Szervezet\u00e9hez \u00c1ltal\u00e1nos Seb\u00e9szeti-, \u00c9rseb\u00e9szeti-, Plasztikai Seb\u00e9szeti-, Sz\u00fcl\u00e9szeti-N\u0151gy\u00f3gy\u00e1szati-, F\u00fcl-Orr-G\u00e9g\u00e9szeti- \u00e9s Szem\u00e9szeti Profil tartozik.<br>\nA Belgy\u00f3gy\u00e1szati Szakm\u00e1k M\u00e1trix Szervezet\u00e9nek egyes profiljai a k\u00f6vetkez\u0151k: Nefrol\u00f3giai- Hipert\u00f3nia Profil, Angiol\u00f3giai Profil, Gastroenterol\u00f3giai Profil, Kardiometabolikus Centrum \u2013 ezen bel\u00fcl Kardiol\u00f3giai Profil, Endokrinol\u00f3giai- \u00e9s Diabetol\u00f3giai R\u00e9szleg, valamint az Obezitol\u00f3giai- Lipidol\u00f3giai Profil, a Klinikai Onkol\u00f3giai Profil \u00e9s a Kiemelt Hotelszolg\u00e1lati Egys\u00e9g.<\/p>\n<p style=\"text-align: justify;\">A klinikai oszt\u00e1lyok munk\u00e1j\u00e1hoz korszer\u0171 sz\u00ednvonal\u00fa k\u00f6zponti diagnosztika szolg\u00e1l h\u00e1tt\u00e9r\u00fcl. A laborat\u00f3riumban hematol\u00f3giai \u00e9s k\u00e9miai vizsg\u00e1latokat v\u00e9geznek. A ritka, k\u00fcl\u00f6nleges vizsg\u00e1latokhoz k\u00fcls\u0151 szolg\u00e1ltat\u00f3t vesznek ig\u00e9nybe. A K\u00e9palkot\u00f3 Diagnosztikai Oszt\u00e1lyon hagyom\u00e1nyos r\u00f6ntgen, ultrahang diagnosztikai, mammogr\u00e1fi\u00e1s \u00e9s denzitometri\u00e1s egys\u00e9g, valamint CT \u00e9s izot\u00f3p laborat\u00f3rium v\u00e1rja a betegeket, valamint az angiogr\u00e1fi\u00e1s r\u00e9szleg.<\/p>\n<p style=\"text-align: justify;\">A k\u00f3rh\u00e1z oszt\u00e1lyainak sz\u00e1mos beteg-klub, illetve egyes\u00fclet k\u00f6sz\u00f6nheti l\u00e9trej\u00f6tt\u00e9t, ilyen p\u00e9ld\u00e1ul a t\u00f6bb mint 20 \u00e9ve m\u0171k\u00f6d\u0151 Lipid Klub, a t\u00f6bb mint m\u00e1sf\u00e9l \u00e9vtizedes Daganatos Betegek TUBA Klubja, valamint a nemr\u00e9g l\u00e9tes\u00edtett \u0150szir\u00f3zsa Menopauza Klub, a Kismama Klub, a Sz\u00fcl\u00e9sre Felk\u00e9sz\u00edt\u0151 Klub, a Gasztro Klub, a Cukorbeteg Klub, a Sclerosis Multiplex (SM) Klub.<\/p>\n<p style=\"text-align: justify;\">A Szent Imre K\u00f3rh\u00e1z 2009-ben a d\u00e9l-budai feln\u0151tt lakosok fekv\u0151beteg-ell\u00e1t\u00f3 int\u00e9zm\u00e9nye. Az int\u00e9zm\u00e9ny ell\u00e1t\u00e1si k\u00f6telezetts\u00e9ge azonban kiterjed k\u00e9t agglomer\u00e1ci\u00f3s telep\u00fcl\u00e9sre (Etyek \u00e9s M\u00e1ny) is.<br>\nA j\u00e1r\u00f3beteg-ell\u00e1t\u00e1s a B\u00e1rtfai utcai Rendel\u0151ben \u00e9s a \u201eK\u201d \u00e9p\u00fclet f\u00f6ldszintj\u00e9n elhelyezett k\u00f3rh\u00e1zi Szakambulanci\u00e1kon folyik.<\/p>\n<p style=\"text-align: justify;\">A k\u00f3rh\u00e1z teljes rekonstrukci\u00f3j\u00e1nak m\u00e1sodik \u00fcteme a \u2019C\u201d, illetve az \u201eR\u201d \u00e9p\u00fcletek korszer\u0171s\u00edt\u00e9s\u00e9t t\u0171zte ki c\u00e9lul, s emellett egy \u00faj, 180 f\u00e9r\u0151helyes hotel\u00e9p\u00fclet \u2013 \u201eK\u201d \u00e9p\u00fclet \u2013 is elk\u00e9sz\u00fclt m\u00e1r. A h\u00e1rom \u00e9p\u00fclet a\u00a0\u201eC\u201d,\u00a0az \u201eR\u201d \u00e9s a \u201eK\u201d\u00a0haszn\u00e1latba v\u00e9tele 2010 v\u00e9g\u00e9re be is fejez\u0151d\u00f6tt.<br>\nA harmadik \u00fctem c\u00e9lkit\u0171z\u00e9se a \u201eB\u201d \u00e9p\u00fclet, egy \u00faj kiszolg\u00e1l\u00f3 \u00e9s igazgat\u00e1si \u00e9p\u00fclet, valamint a kaz\u00e1nh\u00e1z \u00e9s a m\u0171hely\u00e9p\u00fclet rekonstrukci\u00f3ja, mely m\u00e9g v\u00e1rat mag\u00e1ra.<\/p>\n<p style=\"text-align: justify;\">A k\u00f3rh\u00e1zvezet\u00e9s nagy er\u0151fesz\u00edt\u00e9seinek \u00e9s kem\u00e9ny munk\u00e1j\u00e1nak k\u00f6sz\u00f6nhet\u0151en, 2012-ben \u00fcnnep\u00e9lyes c\u00edm\u00e1tad\u00f3 rendezv\u00e9ny keret\u00e9ben a P\u00e9csi Tudom\u00e1nyegyetem, 2016-ban a Semmelweis Egyetem \u00c1ltal\u00e1nos Orvostudom\u00e1nyi Kara a Szent Imre K\u00f3rh\u00e1znak adom\u00e1nyozta az \u201eOktat\u00f3k\u00f3rh\u00e1z\u201d c\u00edmet, ezzel elismerve a t\u00f6bb \u00e9vtizede foly\u00f3 tudom\u00e1nyos \u00e9s oktat\u00e1si tev\u00e9kenys\u00e9g\u00fcnket.<\/p>\n<p style=\"text-align: center;\"><img decoding=\"async\" style=\"width: 160px; height: 110px;\" src=\"\/wp-content\/uploads\/2009\/09\/23_thumb.JPG\" alt=\"c\u00edm\u00e1tad\u00f3 rendezv\u00e9ny\"><img decoding=\"async\" style=\"width: 160px; height: 110px;\" src=\"\/wp-content\/uploads\/2009\/09\/24_thumb.JPG\" alt=\"c\u00edm\u00e1tad\u00f3 rendezv\u00e9ny\"><img decoding=\"async\" style=\"width: 160px; height: 110px;\" src=\"\/wp-content\/uploads\/2009\/09\/25_thumb.JPG\" alt=\"c\u00edm\u00e1tad\u00f3 rendezv\u00e9ny\"><img decoding=\"async\" style=\"width: 160px; height: 110px;\" src=\"\/wp-content\/uploads\/2009\/09\/26_thumb.JPG\" alt=\"c\u00edm\u00e1tad\u00f3 rendezv\u00e9ny\"><\/p>\n<p style=\"text-align: center;\"><img decoding=\"async\" class=\" size-full wp-image-33\" style=\"width: 160px; height: 110px;\" src=\"\/wp-content\/uploads\/2009\/09\/27_thumb.JPG\" alt=\"c\u00edm\u00e1tad\u00f3 rendezv\u00e9ny\"><img decoding=\"async\" style=\"width: 160px; height: 110px;\" src=\"\/wp-content\/uploads\/2009\/09\/28_thumb.JPG\" alt=\"c\u00edm\u00e1tad\u00f3 rendezv\u00e9ny\" width=\"160\" height=\"110\"><img decoding=\"async\" style=\"width: 160px; height: 110px;\" src=\"\/wp-content\/uploads\/2009\/09\/29_thumb.JPG\" alt=\"c\u00edm\u00e1tad\u00f3 rendezv\u00e9ny\"><img decoding=\"async\" style=\"width: 160px; height: 110px;\" src=\"\/wp-content\/uploads\/2009\/09\/30_thumb.JPG\" alt=\"c\u00edm\u00e1tad\u00f3 rendezv\u00e9ny\"><\/p>\n<p style=\"text-align: center;\"><img decoding=\"async\" style=\"width: 160px; height: 110px;\" src=\"\/wp-content\/uploads\/2009\/09\/20_thumb.jpg\" alt=\"c\u00edm\u00e1tad\u00f3 rendezv\u00e9ny\"><\/p>\n<p style=\"text-align: justify;\">Az \u00fcnnep\u00e9lyes c\u00edm\u00e1tad\u00f3t k\u00f6vet\u0151en a k\u00f3rh\u00e1z f\u0151igazgat\u00f3ja, Dr. Bedros J. R\u00f3bert 2013-ban szorgalmazta az int\u00e9zet megnevez\u00e9s\u00e9nek m\u00f3dos\u00edt\u00e1s\u00e1t, \u00edgy az Szent Imre Egyetemi Oktat\u00f3k\u00f3rh\u00e1zra m\u00f3dosult.<\/p>\n<p style=\"text-align: justify;\">A k\u00f3rh\u00e1z fejl\u0151d\u00e9s\u00e9nek elismer\u00e9sek\u00e9nt \u00e9s kit\u0171n\u0151 munk\u00e1nk eredm\u00e9nyek\u00e9nt 2021. szeptember\u00e9ben a Semmelweis Egyetem \u00c1ltal\u00e1nos Orvostudom\u00e1nyi Kar Tan\u00e1csa a \u201eSemmelweis Egyetem \u00c1ltal\u00e1nos Orvostudom\u00e1nyi Kar Gyakorl\u00f3 K\u00f3rh\u00e1za\u201d c\u00edmet adom\u00e1nyozta a Szent Imre Egyetemi Oktat\u00f3k\u00f3rh\u00e1z r\u00e9sz\u00e9re.<\/p>\n<p style=\"text-align: center;\"><img decoding=\"async\" style=\"width: 110px; height: 140px;\" src=\"\/wp-content\/uploads\/2009\/09\/21_thumb.jpg\" alt=\"c\u00edm\u00e1tad\u00f3 rendezv\u00e9ny\"><img decoding=\"async\" style=\"width: 160px; height: 110px;\" src=\"\/wp-content\/uploads\/2009\/09\/22_thumb.jpg\" alt=\"c\u00edm\u00e1tad\u00f3 rendezv\u00e9ny\"><\/p>\n<p style=\"text-align: justify;\">2021-ben h\u00e1rom f\u0151v\u00e1rosi centrumk\u00f3rh\u00e1z al\u00e1 szervezt\u00e9k \u00e1t Budapest \u00e9s Pest megye k\u00f3rh\u00e1zi ell\u00e1t\u00e1s\u00e1nak j\u00f3 r\u00e9sz\u00e9t az \u00e1llami eg\u00e9szs\u00e9g\u00fcgyi ell\u00e1t\u00f3rendszer hat\u00e9konyabb m\u0171k\u00f6d\u00e9se, \u00e9s ez\u00e1ltal a koronav\u00edrus-vil\u00e1gj\u00e1rv\u00e1ny k\u00f6vetkezt\u00e9ben megn\u00f6vekedett eg\u00e9szs\u00e9g\u00fcgyi feladatok eredm\u00e9nyes ell\u00e1t\u00e1sa \u00e9rdek\u00e9ben. 2021. janu\u00e1rj\u00e1t\u00f3l a Szent Imre Egyetemi Oktat\u00f3k\u00f3rh\u00e1z is centrumk\u00f3rh\u00e1zk\u00e9nt folytatta m\u0171k\u00f6d\u00e9s\u00e9t, megnevez\u00e9s\u00e9t m\u00e9g ebben az \u00e9vben D\u00e9l-budai Centrumk\u00f3rh\u00e1z Szent Imre Egyetemi Oktat\u00f3k\u00f3rh\u00e1zra m\u00f3dos\u00edtotta Dr. Bedros J. R\u00f3bert, a k\u00f3rh\u00e1z f\u0151igazgat\u00f3ja.<\/p>\n<p style=\"text-align: justify;\">2022-ben a D\u00e9l-budai Centrumk\u00f3rh\u00e1z Szent Imre Egyetemi Oktat\u00f3k\u00f3rh\u00e1z f\u0151igazgat\u00f3ja, Dr. Bedros J. R\u00f3bert t\u00f6bb \u00e9vtizedes munk\u00e1j\u00e1nak k\u00f6sz\u00f6nhet\u0151en \u00fajabb sikereket \u00e9rt el az int\u00e9zm\u00e9ny. Eur\u00f3p\u00e1ban el\u0151sz\u00f6r haz\u00e1nkban l\u00e9tes\u00fclt obezitol\u00f3giai tansz\u00e9k, amely a P\u00e9csi Tudom\u00e1nyegyetem \u00e9s a D\u00e9l-budai Centrumk\u00f3rh\u00e1z Szent Imre Egyetemi Oktat\u00f3k\u00f3rh\u00e1z \u00e9vek \u00f3ta tart\u00f3 szoros egy\u00fcttm\u0171k\u00f6d\u00e9s\u00e9ben j\u00f6tt l\u00e9tre. Dr. Bedros J. R\u00f3bert m\u00e1r t\u00f6bb mint h\u00fasz \u00e9ve foglalkozik a szakter\u00fclettel \u00e9s az obezitol\u00f3giai tansz\u00e9k l\u00e9trehoz\u00e1s\u00e1nak \u00f6tlete m\u00e1r sok \u00e9ve megfogalmaz\u00f3dott benne.<\/p>\n\n\n\n\t<div class=\"dkpdf-button-container\" style=\"            text-align:right \">\n\n\t\t<a class=\"dkpdf-button\" href=\"\/index.php\/wp-json\/wp\/v2\/pages\/44?pdf=44\" target=\"_blank\"><span class=\"dkpdf-button-icon\"><i class=\"fa fa-file-pdf-o\"><\/i><\/span> Let\u00f6lt\u00e9s<\/a>\n\n\t<\/div>\n\n\n\n\n\n<!-- PMB print buttons is only displayed on a single post\/page URLs-->","protected":false},"excerpt":{"rendered":"<p>\n\t&nbsp;<\/p>\n","protected":false},"author":3,"featured_media":5,"parent":0,"menu_order":24,"comment_status":"closed","ping_status":"closed","template":"","meta":{"_acf_changed":false,"footnotes":""},"categories":[],"tags":[],"class_list":["post-44","page","type-page","status-publish","has-post-thumbnail","hentry"],"acf":[],"post_type":"page","author_name":"backup","_links":{"self":[{"href":"https:\/\/www.szentimrekorhaz.hu\/index.php\/wp-json\/wp\/v2\/pages\/44","targetHints":{"allow":["GET"]}}],"collection":[{"href":"https:\/\/www.szentimrekorhaz.hu\/index.php\/wp-json\/wp\/v2\/pages"}],"about":[{"href":"https:\/\/www.szentimrekorhaz.hu\/index.php\/wp-json\/wp\/v2\/types\/page"}],"author":[{"embeddable":true,"href":"https:\/\/www.szentimrekorhaz.hu\/index.php\/wp-json\/wp\/v2\/users\/3"}],"replies":[{"embeddable":true,"href":"https:\/\/www.szentimrekorhaz.hu\/index.php\/wp-json\/wp\/v2\/comments?post=44"}],"version-history":[{"count":8,"href":"https:\/\/www.szentimrekorhaz.hu\/index.php\/wp-json\/wp\/v2\/pages\/44\/revisions"}],"predecessor-version":[{"id":2410,"href":"https:\/\/www.szentimrekorhaz.hu\/index.php\/wp-json\/wp\/v2\/pages\/44\/revisions\/2410"}],"wp:featuredmedia":[{"embeddable":true,"href":"https:\/\/www.szentimrekorhaz.hu\/index.php\/wp-json\/wp\/v2\/media\/5"}],"wp:attachment":[{"href":"https:\/\/www.szentimrekorhaz.hu\/index.php\/wp-json\/wp\/v2\/media?parent=44"}],"wp:term":[{"taxonomy":"category","embeddable":true,"href":"https:\/\/www.szentimrekorhaz.hu\/index.php\/wp-json\/wp\/v2\/categories?post=44"},{"taxonomy":"post_tag","embeddable":true,"href":"https:\/\/www.szentimrekorhaz.hu\/index.php\/wp-json\/wp\/v2\/tags?post=44"}],"curies":[{"name":"wp","href":"https:\/\/api.w.org\/{rel}","templated":true}]}}