{"id":448,"date":"2017-10-27T19:26:16","date_gmt":"2017-10-27T17:26:16","guid":{"rendered":"http:\/\/localhost\/index.php\/20171023-2\/"},"modified":"2017-10-27T19:26:16","modified_gmt":"2017-10-27T17:26:16","slug":"20171023-2","status":"publish","type":"page","link":"https:\/\/www.szentimrekorhaz.hu\/index.php\/20171023-2\/","title":{"rendered":"Megeml\u00e9kez\u00e9s"},"content":{"rendered":"<p>\n\tAz 1956-os szabads\u00e1gharc 61. \u00e9vfordul\u00f3ja alkalm\u00e1b\u00f3l tartott megeml\u00e9kez\u00e9sen a Szent Imre Egyetemi Oktat\u00f3k\u00f3rh\u00e1zban, besz\u00e9det mondott Dr. Guly\u00e1s Gergely a Fidesz frakci\u00f3vezet\u0151je.<\/p>\n<p style=\"text-align: center;\">\n\t<img decoding=\"async\" class=\" size-full wp-image-447\" alt=\"\" src=\"\/wp-content\/uploads\/2017\/10\/IMG_8981.jpeg\" style=\"width: 640px; height: 427px;\" width=\"640\" height=\"427\" srcset=\"https:\/\/www.szentimrekorhaz.hu\/wp-content\/uploads\/2017\/10\/IMG_8981.jpeg 640w, https:\/\/www.szentimrekorhaz.hu\/wp-content\/uploads\/2017\/10\/IMG_8981-300x200.jpeg 300w\" sizes=\"(max-width: 640px) 100vw, 640px\" \/><\/p>\n<p style=\"text-align: center;\">\n\t<img decoding=\"async\" class=\" size-full wp-image-446\" alt=\"\" src=\"\/wp-content\/uploads\/2017\/10\/IMG_8846.jpg\" style=\"width: 640px; height: 427px;\" width=\"640\" height=\"427\" srcset=\"https:\/\/www.szentimrekorhaz.hu\/wp-content\/uploads\/2017\/10\/IMG_8846.jpg 640w, https:\/\/www.szentimrekorhaz.hu\/wp-content\/uploads\/2017\/10\/IMG_8846-300x200.jpg 300w\" sizes=\"(max-width: 640px) 100vw, 640px\" \/><\/p>\n\n\n\n\t<div class=\"dkpdf-button-container\" style=\"            text-align:right \">\n\n\t\t<a class=\"dkpdf-button\" href=\"\/index.php\/wp-json\/wp\/v2\/pages\/448?pdf=448\" target=\"_blank\"><span class=\"dkpdf-button-icon\"><i class=\"fa fa-file-pdf-o\"><\/i><\/span> Let\u00f6lt\u00e9s<\/a>\n\n\t<\/div>\n\n\n\n\n\n<!-- PMB print buttons is only displayed on a single post\/page URLs-->","protected":false},"excerpt":{"rendered":"<p>\n\t<img decoding=\"async\" class=\" alignleft size-full wp-image-446\" alt=\"\" src=\"\/wp-content\/uploads\/2017\/10\/IMG_8846.jpg\" style=\"width: 156px; height: 104px; margin-left: 5px; margin-right: 5px; float: left;\" width=\"640\" height=\"427\" srcset=\"https:\/\/www.szentimrekorhaz.hu\/wp-content\/uploads\/2017\/10\/IMG_8846.jpg 640w, https:\/\/www.szentimrekorhaz.hu\/wp-content\/uploads\/2017\/10\/IMG_8846-300x200.jpg 300w\" sizes=\"(max-width: 640px) 100vw, 640px\" \/>&nbsp;Az 1956-os szabads&aacute;gharc 61. &eacute;vfordul&oacute;ja alkalm&aacute;b&oacute;l tartott megeml&eacute;kez&eacute;sen a Szent Imre Egyetemi Oktat&oacute;k&oacute;rh&aacute;zban, besz&eacute;det mondott Dr. Guly&aacute;s Gergely a Fidesz frakci&oacute;vezet\u0151je.<\/p>\n","protected":false},"author":2,"featured_media":446,"parent":0,"menu_order":2,"comment_status":"closed","ping_status":"closed","template":"","meta":{"_acf_changed":false,"footnotes":""},"categories":[],"tags":[],"class_list":["post-448","page","type-page","status-publish","has-post-thumbnail","hentry"],"acf":[],"post_type":"page","author_name":"Bal\u00f3 \u00c1d\u00e1m","_links":{"self":[{"href":"https:\/\/www.szentimrekorhaz.hu\/index.php\/wp-json\/wp\/v2\/pages\/448","targetHints":{"allow":["GET"]}}],"collection":[{"href":"https:\/\/www.szentimrekorhaz.hu\/index.php\/wp-json\/wp\/v2\/pages"}],"about":[{"href":"https:\/\/www.szentimrekorhaz.hu\/index.php\/wp-json\/wp\/v2\/types\/page"}],"author":[{"embeddable":true,"href":"https:\/\/www.szentimrekorhaz.hu\/index.php\/wp-json\/wp\/v2\/users\/2"}],"replies":[{"embeddable":true,"href":"https:\/\/www.szentimrekorhaz.hu\/index.php\/wp-json\/wp\/v2\/comments?post=448"}],"version-history":[{"count":0,"href":"https:\/\/www.szentimrekorhaz.hu\/index.php\/wp-json\/wp\/v2\/pages\/448\/revisions"}],"wp:featuredmedia":[{"embeddable":true,"href":"https:\/\/www.szentimrekorhaz.hu\/index.php\/wp-json\/wp\/v2\/media\/446"}],"wp:attachment":[{"href":"https:\/\/www.szentimrekorhaz.hu\/index.php\/wp-json\/wp\/v2\/media?parent=448"}],"wp:term":[{"taxonomy":"category","embeddable":true,"href":"https:\/\/www.szentimrekorhaz.hu\/index.php\/wp-json\/wp\/v2\/categories?post=448"},{"taxonomy":"post_tag","embeddable":true,"href":"https:\/\/www.szentimrekorhaz.hu\/index.php\/wp-json\/wp\/v2\/tags?post=448"}],"curies":[{"name":"wp","href":"https:\/\/api.w.org\/{rel}","templated":true}]}}