{"id":48,"date":"2009-09-03T10:10:49","date_gmt":"2009-09-03T08:10:49","guid":{"rendered":"http:\/\/localhost\/index.php\/szolgaltatasitajekoztato\/"},"modified":"2025-08-22T08:58:14","modified_gmt":"2025-08-22T06:58:14","slug":"szolgaltatasitajekoztato-2","status":"publish","type":"page","link":"https:\/\/www.szentimrekorhaz.hu\/index.php\/szolgaltatasitajekoztato-2\/","title":{"rendered":"Szolg\u00e1ltat\u00e1si t\u00e1j\u00e9koztat\u00f3"},"content":{"rendered":"\n<div data-wp-interactive=\"core\/file\" class=\"wp-block-file\"><object data-wp-bind--hidden=\"!state.hasPdfPreview\" hidden class=\"wp-block-file__embed\" data=\"https:\/\/www.szentimrekorhaz.hu\/wp-content\/uploads\/2025\/08\/Szolgaltatasi-tajekoztato-EREDETI_MOD.pdf\" type=\"application\/pdf\" style=\"width:100%;height:600px\" aria-label=\"Szolg\u00e1ltat\u00e1si t\u00e1j\u00e9koztat\u00f3 be\u00e1gyaz\u00e1sa\"><\/object><a id=\"wp-block-file--media-11c43130-4cb1-4844-89d3-f18e9cd06d22\" href=\"https:\/\/www.szentimrekorhaz.hu\/wp-content\/uploads\/2025\/08\/Szolgaltatasi-tajekoztato-EREDETI_MOD.pdf\">Szolg\u00e1ltat\u00e1si t\u00e1j\u00e9koztat\u00f3<\/a><a href=\"https:\/\/www.szentimrekorhaz.hu\/wp-content\/uploads\/2025\/08\/Szolgaltatasi-tajekoztato-EREDETI_MOD.pdf\" class=\"wp-block-file__button wp-element-button\" download aria-describedby=\"wp-block-file--media-11c43130-4cb1-4844-89d3-f18e9cd06d22\">Let\u00f6lt\u00e9s<\/a><\/div>\n\n\n\n<div data-wp-interactive=\"core\/file\" class=\"wp-block-file\"><object data-wp-bind--hidden=\"!state.hasPdfPreview\" hidden class=\"wp-block-file__embed\" data=\"https:\/\/www.szentimrekorhaz.hu\/wp-content\/uploads\/2025\/08\/Szolgaltatasi_tajekoztato_821_fin.pdf\" type=\"application\/pdf\" style=\"width:100%;height:200px\" aria-label=\"Szolg\u00e1ltat\u00e1si t\u00e1j\u00e9koztat\u00f3 (tartalmilag egyez\u0151, akad\u00e1lymentes v\u00e1ltozat) be\u00e1gyaz\u00e1sa\"><\/object><a id=\"wp-block-file--media-61545abb-fab7-42ee-8422-8abc28a236ca\" href=\"https:\/\/www.szentimrekorhaz.hu\/wp-content\/uploads\/2025\/08\/Szolgaltatasi_tajekoztato_821_fin.pdf\">Szolg\u00e1ltat\u00e1si t\u00e1j\u00e9koztat\u00f3 (tartalmilag egyez\u0151, akad\u00e1lymentes v\u00e1ltozat)<\/a><a href=\"https:\/\/www.szentimrekorhaz.hu\/wp-content\/uploads\/2025\/08\/Szolgaltatasi_tajekoztato_821_fin.pdf\" class=\"wp-block-file__button wp-element-button\" download aria-describedby=\"wp-block-file--media-61545abb-fab7-42ee-8422-8abc28a236ca\">Let\u00f6lt\u00e9s<\/a><\/div>\n\n\n\n\t<div class=\"dkpdf-button-container\" style=\"            text-align:right \">\n\n\t\t<a class=\"dkpdf-button\" href=\"\/index.php\/wp-json\/wp\/v2\/pages\/48?pdf=48\" target=\"_blank\"><span class=\"dkpdf-button-icon\"><i class=\"fa fa-file-pdf-o\"><\/i><\/span> Let\u00f6lt\u00e9s<\/a>\n\n\t<\/div>\n\n\n\n\n\n<!-- PMB print buttons is only displayed on a single post\/page URLs-->","protected":false},"excerpt":{"rendered":"<p>Let\u00f6lt\u00e9s<\/p>\n","protected":false},"author":3,"featured_media":0,"parent":0,"menu_order":27,"comment_status":"closed","ping_status":"closed","template":"","meta":{"_acf_changed":false,"footnotes":""},"categories":[],"tags":[],"class_list":["post-48","page","type-page","status-publish","hentry"],"acf":[],"post_type":"page","author_name":"backup","_links":{"self":[{"href":"https:\/\/www.szentimrekorhaz.hu\/index.php\/wp-json\/wp\/v2\/pages\/48","targetHints":{"allow":["GET"]}}],"collection":[{"href":"https:\/\/www.szentimrekorhaz.hu\/index.php\/wp-json\/wp\/v2\/pages"}],"about":[{"href":"https:\/\/www.szentimrekorhaz.hu\/index.php\/wp-json\/wp\/v2\/types\/page"}],"author":[{"embeddable":true,"href":"https:\/\/www.szentimrekorhaz.hu\/index.php\/wp-json\/wp\/v2\/users\/3"}],"replies":[{"embeddable":true,"href":"https:\/\/www.szentimrekorhaz.hu\/index.php\/wp-json\/wp\/v2\/comments?post=48"}],"version-history":[{"count":8,"href":"https:\/\/www.szentimrekorhaz.hu\/index.php\/wp-json\/wp\/v2\/pages\/48\/revisions"}],"predecessor-version":[{"id":2365,"href":"https:\/\/www.szentimrekorhaz.hu\/index.php\/wp-json\/wp\/v2\/pages\/48\/revisions\/2365"}],"wp:attachment":[{"href":"https:\/\/www.szentimrekorhaz.hu\/index.php\/wp-json\/wp\/v2\/media?parent=48"}],"wp:term":[{"taxonomy":"category","embeddable":true,"href":"https:\/\/www.szentimrekorhaz.hu\/index.php\/wp-json\/wp\/v2\/categories?post=48"},{"taxonomy":"post_tag","embeddable":true,"href":"https:\/\/www.szentimrekorhaz.hu\/index.php\/wp-json\/wp\/v2\/tags?post=48"}],"curies":[{"name":"wp","href":"https:\/\/api.w.org\/{rel}","templated":true}]}}