{"id":500,"date":"2019-03-26T13:59:19","date_gmt":"2019-03-26T12:59:19","guid":{"rendered":"http:\/\/localhost\/index.php\/klinikai-onkologia-osztaly\/"},"modified":"2025-11-20T11:37:06","modified_gmt":"2025-11-20T10:37:06","slug":"klinikai-onkologia-osztaly","status":"publish","type":"page","link":"https:\/\/www.szentimrekorhaz.hu\/index.php\/klinikai-onkologia-osztaly\/","title":{"rendered":"Klinikai Onkol\u00f3gia Oszt\u00e1ly"},"content":{"rendered":"<p><strong>Klinikai Onkol\u00f3giai Oszt\u00e1ly \u00c1pol\u00e1s:. \u2013 \u201eA\u201d \u00e9p\u00fclet I. emelet.<\/strong><\/p>\n<p><strong>Oszt\u00e1lyvezet\u0151 f\u0151orvos: Dr. Nagy Zsuzsanna Ph.D<\/strong><\/p>\n<p><strong>Tel.:(+36-1) 464-8732<\/strong><\/p>\n<p><strong>Vezet\u0151 \u00c1pol\u00f3: Tornyai Nikolett<\/strong><\/p>\n<p><strong>E-mail:\u00a0onkologia@szentimrekorhaz.hu<\/strong><\/p>\n<p><strong>Feladata:<\/strong><\/p>\n<ul>\n<li>a malignus betegs\u00e9gben szenved\u0151, kivizsg\u00e1lt betegek fel, illetve \u00e1tv\u00e9tele. A felv\u00e9tel el\u0151jegyz\u00e9ssel t\u00f6rt\u00e9nik.<\/li>\n<li>a megfelel\u0151 kemoter\u00e1pia, c\u00e9lzott ter\u00e1pia, immunter\u00e1pia \u00e9s palliat\u00edv ter\u00e1pia be\u00e1ll\u00edt\u00e1sa;<\/li>\n<li>a betegek hazabocs\u00e1t\u00e1sa, vagy sz\u00fcks\u00e9g eset\u00e9n m\u00e1s k\u00f3rh\u00e1zi profilra (oszt\u00e1lyra) \u00e1thelyez\u00e9se, vagy sz\u00fcks\u00e9g eset\u00e9n m\u00e1s k\u00f3rh\u00e1zba (int\u00e9zetbe) t\u00f6rt\u00e9n\u0151 \u00e1thelyez\u00e9se;<\/li>\n<li>onkol\u00f3giai szakmai konz\u00edlium ad\u00e1sa a t\u00e1rsprofiloknak (oszt\u00e1lyoknak);<\/li>\n<li>az Onkol\u00f3giai Bizotts\u00e1g m\u0171k\u00f6dtet\u00e9se.<\/li>\n<\/ul>\n<p><strong>A profil \u00e1ltal m\u0171k\u00f6dtetett szakambulancia:<\/strong><\/p>\n<p>Klinikai <strong>Onkol\u00f3giai Szakambulancia <\/strong>\u2013 kiz\u00e1r\u00f3lag a profilon kezelt betegek vizsg\u00e1lata, kontrollja \u00e9rdek\u00e9ben, el\u0151jegyz\u00e9s szerint m\u0171k\u00f6dik.<\/p>\n<p><a href=\"https:\/\/www.szentimrekorhaz.hu\/index.php\/klinikaionkologiaszakambulancia\/\">Kattints ide az oszt\u00e1ly j\u00e1r\u00f3beteg kontroll ell\u00e1t\u00e1s\u00e1ra<\/a><\/p>\n<p>Az <strong>Onkol\u00f3giai Bizotts\u00e1g <\/strong>minden kedden du.13 \u00f3r\u00e1t\u00f3l \u00fcl\u00e9sezik a Klinikai Onkol\u00f3giai Oszt\u00e1ly ter\u00fclet\u00e9n (A. \u00e9p. I.emelet) . El\u0151zetes id\u0151pontk\u00e9r\u00e9s nem sz\u00fcks\u00e9ges. A ter\u00fcletr\u0151l \u00e9rkez\u0151 betegeknek h\u00e1ziorvosi beutal\u00f3 sz\u00fcks\u00e9ges, valamint k\u00e9rn\u00e9nk, az el\u0151zetes vizsg\u00e1lati leletek bemutat\u00e1s\u00e1t is.<br>A sorsz\u00e1mokat 12 \u00f3r\u00e1t\u00f3l tessz\u00fck ki, a betegek jelentkez\u00e9s\u00e9t du. 14 \u00f3r\u00e1ig tudjuk elfogadni.<br>Az Onkol\u00f3giai Bizotts\u00e1g keretein bel\u00fcl sug\u00e1rter\u00e1pi\u00e1s konz\u00edliumra is van lehet\u0151s\u00e9g.<\/p>\n<table style=\"height: 305px;\" width=\"838\">\n<tbody>\n<tr>\n<td width=\"89\">\n<p style=\"text-align: left;\"><strong>Az oszt\u00e1ly orvosai:<\/strong><\/p>\n<\/td>\n<td width=\"65\">\u00a0<\/td>\n<\/tr>\n<tr>\n<td width=\"89\">Dr. Nagy Zsuzsanna Ph.D<\/td>\n<td width=\"65\">oszt\u00e1lyvezet\u0151 f\u0151orvos<\/td>\n<\/tr>\n<tr>\n<td width=\"89\">Dr. \u00c1rvay T\u00fcnde Ilona<\/td>\n<td width=\"65\">szakorvos<\/td>\n<\/tr>\n<tr>\n<td width=\"89\">Dr. Doszpod Ill\u00e9s J\u00e1nos<\/td>\n<td width=\"65\">rezidens<\/td>\n<\/tr>\n<tr>\n<td width=\"89\">Dr. Sipos Norbert Ferenc<\/td>\n<td width=\"65\">szakorvos<\/td>\n<\/tr>\n<tr>\n<td width=\"89\">Dr. Szkukalek Judita<\/td>\n<td width=\"65\">szakorvos<\/td>\n<\/tr>\n<tr>\n<td width=\"89\">Dr. Valtinyi Dorottya<\/td>\n<td width=\"65\">szakorvos<\/td>\n<\/tr>\n<tr>\n<td width=\"89\">Dr. Zaka Zolt\u00e1n \u00c1d\u00e1m<\/td>\n<td width=\"65\">szakorvos<\/td>\n<\/tr>\n<tr>\n<td width=\"89\">Dr. Salfer Eszter<\/td>\n<td width=\"65\">szakorvos jel\u00f6lt<\/td>\n<\/tr>\n<tr>\n<td width=\"89\">\u00a0<\/td>\n<td width=\"65\">\u00a0<\/td>\n<\/tr>\n<\/tbody>\n<\/table>\n\n\n<p><\/p>\n\n\n\n\t<div class=\"dkpdf-button-container\" style=\"            text-align:right \">\n\n\t\t<a class=\"dkpdf-button\" href=\"\/index.php\/wp-json\/wp\/v2\/pages\/500?pdf=500\" target=\"_blank\"><span class=\"dkpdf-button-icon\"><i class=\"fa fa-file-pdf-o\"><\/i><\/span> Let\u00f6lt\u00e9s<\/a>\n\n\t<\/div>\n\n\n\n\n\n<!-- PMB print buttons is only displayed on a single post\/page URLs-->","protected":false},"excerpt":{"rendered":"<p>\n\t\u00a0<\/p>\n","protected":false},"author":4,"featured_media":0,"parent":0,"menu_order":1,"comment_status":"closed","ping_status":"closed","template":"","meta":{"_acf_changed":false,"footnotes":""},"categories":[],"tags":[],"class_list":["post-500","page","type-page","status-publish","hentry"],"acf":[],"post_type":"page","author_name":"Informatikai csoport","_links":{"self":[{"href":"https:\/\/www.szentimrekorhaz.hu\/index.php\/wp-json\/wp\/v2\/pages\/500","targetHints":{"allow":["GET"]}}],"collection":[{"href":"https:\/\/www.szentimrekorhaz.hu\/index.php\/wp-json\/wp\/v2\/pages"}],"about":[{"href":"https:\/\/www.szentimrekorhaz.hu\/index.php\/wp-json\/wp\/v2\/types\/page"}],"author":[{"embeddable":true,"href":"https:\/\/www.szentimrekorhaz.hu\/index.php\/wp-json\/wp\/v2\/users\/4"}],"replies":[{"embeddable":true,"href":"https:\/\/www.szentimrekorhaz.hu\/index.php\/wp-json\/wp\/v2\/comments?post=500"}],"version-history":[{"count":5,"href":"https:\/\/www.szentimrekorhaz.hu\/index.php\/wp-json\/wp\/v2\/pages\/500\/revisions"}],"predecessor-version":[{"id":3213,"href":"https:\/\/www.szentimrekorhaz.hu\/index.php\/wp-json\/wp\/v2\/pages\/500\/revisions\/3213"}],"wp:attachment":[{"href":"https:\/\/www.szentimrekorhaz.hu\/index.php\/wp-json\/wp\/v2\/media?parent=500"}],"wp:term":[{"taxonomy":"category","embeddable":true,"href":"https:\/\/www.szentimrekorhaz.hu\/index.php\/wp-json\/wp\/v2\/categories?post=500"},{"taxonomy":"post_tag","embeddable":true,"href":"https:\/\/www.szentimrekorhaz.hu\/index.php\/wp-json\/wp\/v2\/tags?post=500"}],"curies":[{"name":"wp","href":"https:\/\/api.w.org\/{rel}","templated":true}]}}