{"id":722,"date":"2025-07-01T09:48:00","date_gmt":"2025-07-01T07:48:00","guid":{"rendered":"http:\/\/localhost\/index.php\/kueloenoes-koezzeteteli-lista\/"},"modified":"2025-09-18T13:42:11","modified_gmt":"2025-09-18T11:42:11","slug":"kueloenoes-koezzeteteli-lista","status":"publish","type":"page","link":"https:\/\/www.szentimrekorhaz.hu\/index.php\/kueloenoes-koezzeteteli-lista\/","title":{"rendered":"K\u00fcl\u00f6n\u00f6s k\u00f6zz\u00e9t\u00e9teli lista"},"content":{"rendered":"<ol>\n<li>A 368\/2011. (XII. 31.) Korm. rendelet 6. mell\u00e9klet 12. pontja alapj\u00e1n a k\u00f6zbeszerz\u00e9si elj\u00e1r\u00e1s eredm\u00e9nyek\u00e9nt az \u00e1llamh\u00e1ztart\u00e1s k\u00f6zponti alrendszer\u00e9be tartoz\u00f3 k\u00f6lts\u00e9gvet\u00e9si szerv, tov\u00e1bb\u00e1 a fejezeti kezel\u00e9s\u0171 el\u0151ir\u00e1nyzat, elk\u00fcl\u00f6n\u00edtett \u00e1llami p\u00e9nzalap terh\u00e9re megk\u00f6t\u00f6tt, nett\u00f3 100 milli\u00f3 forint teljes\u00edt\u00e9si \u00e9rt\u00e9ket meghalad\u00f3 szerz\u0151d\u00e9sek alapj\u00e1n teljes\u00edtett kifizet\u00e9s \u00f6sszege, k\u00f6zvetlen jogosultja \u00e9s a kifizet\u00e9s id\u0151pontja. (A kifizet\u00e9st k\u00f6vet\u0151 8 napon bel\u00fcl. Az el\u0151z\u0151 \u00e1llapot nem t\u00f6r\u00f6lhet\u0151.) 2022.07.15-t\u0151l hat\u00e1lyos a jogszab\u00e1ly 2.A 368\/2011. (XII. 31.) Korm. rendelet 6. mell\u00e9klet 13. pontja alapj\u00e1n az eur\u00f3pai uni\u00f3s t\u00e1rsfinansz\u00edroz\u00e1ssal bonyol\u00edtott p\u00e1ly\u00e1zatok eset\u00e9ben a nett\u00f3 100 milli\u00f3 forintot meghalad\u00f3, teljes\u00edtett kifizet\u00e9s \u00f6sszege, kedvezm\u00e9nyezettje, \u00e9s a kifizet\u00e9s id\u0151pontja.\u00a0 (A kifizet\u00e9st k\u00f6vet\u0151 8 napon bel\u00fcl. Az el\u0151z\u0151 \u00e1llapot nem t\u00f6r\u00f6lhet\u0151.) 3.A v\u00e1r\u00f3lista adatainak honlapon t\u00f6rt\u00e9n\u0151 k\u00f6zz\u00e9t\u00e9tel\u00e9re vonatkoz\u00f3 szab\u00e1lyair\u00f3l \u200bsz\u00f3l\u00f3 46\/2006. (XII. 27.) E\u00fcM rendelet 1. \u00a7 (1) alapj\u00e1n a k\u00fcl\u00f6n jogszab\u00e1ly szerinti v\u00e1r\u00f3list\u00e1n szerepl\u0151 adatok k\u00f6z\u00fcl az eg\u00e9szs\u00e9g\u00fcgyi szolg\u00e1ltat\u00f3 honlapj\u00e1n \u2013 a k\u00fcl\u00f6n jogszab\u00e1lyban meghat\u00e1rozottak szerint k\u00f6zz\u00e9tett \u2013 egyedi azonos\u00edt\u00f3n, valamint az ell\u00e1t\u00e1s ig\u00e9nybev\u00e9tel\u00e9nek v\u00e1rhat\u00f3 id\u0151pontj\u00e1n \u00e9s hely\u00e9n t\u00fal k\u00f6zz\u00e9 kell tenni a v\u00e1r\u00f3list\u00e1n elfoglalt aktu\u00e1lis helyet, \u00e9s a v\u00e1r\u00f3list\u00e1ra t\u00f6rt\u00e9n\u0151 felker\u00fcl\u00e9s id\u0151pontj\u00e1t is. A v\u00e1r\u00f3list\u00e1n szerepl\u0151 betegek k\u00fcl\u00f6n jogszab\u00e1ly szerinti szem\u00e9lyazonos\u00edt\u00f3 adatai nem nyilv\u00e1nosak.<\/li>\n<\/ol>\n<p><a href=\"https:\/\/jogviszony.neak.gov.hu\/varolista_pub\/\">https:\/\/jogviszony.neak.gov.hu\/varolista_pub\/<\/a><\/p>\n<p>2. A k\u00f6telez\u0151 eg\u00e9szs\u00e9gbiztos\u00edt\u00e1s ell\u00e1t\u00e1sair\u00f3l sz\u00f3l\u00f3 1997. \u00e9vi LXXXIII. t\u00f6rv\u00e9ny 20\/A. \u00a7 (3) alapj\u00e1n a v\u00e1r\u00f3lista adatai \u2013 kiz\u00e1r\u00f3lag szem\u00e9lyazonos\u00edt\u00e1sra alkalmatlan m\u00f3don \u2013 int\u00e9zm\u00e9nyi v\u00e1r\u00f3lista eset\u00e9ben az ell\u00e1t\u00e1st ny\u00fajt\u00f3 eg\u00e9szs\u00e9g\u00fcgyi szolg\u00e1ltat\u00f3 honlapj\u00e1n, k\u00f6zponti v\u00e1r\u00f3lista eset\u00e9n a korm\u00e1nyrendeletben kijel\u00f6lt szerv honlapj\u00e1n megtekinthet\u0151ek, ebben a form\u00e1jukban nyilv\u00e1nosak. A transzplant\u00e1ci\u00f3s v\u00e1r\u00f3lista kiv\u00e9tel\u00e9vel az ell\u00e1t\u00e1s ig\u00e9nybev\u00e9tel\u00e9nek v\u00e1rhat\u00f3 id\u0151pontj\u00e1t is k\u00f6zz\u00e9 kell tenni. Az eg\u00e9szs\u00e9gbiztos\u00edt\u00f3 honlapj\u00e1r\u00f3l a korm\u00e1nyrendeletben kijel\u00f6lt szerv honlapj\u00e1nak k\u00f6zvetlen\u00fcl el\u00e9rhet\u0151nek kell lennie.<a href=\"https:\/\/jogviszony.neak.gov.hu\/varolista_pub\/\">https:\/\/jogviszony.neak.gov.hu\/varolista_pub\/<\/a>5.A t\u00e9r\u00edt\u00e9si d\u00edj ellen\u00e9ben ig\u00e9nybe vehet\u0151 egyes eg\u00e9szs\u00e9g\u00fcgyi szolg\u00e1ltat\u00e1sok t\u00e9r\u00edt\u00e9si d\u00edj\u00e1r\u00f3l \u200bsz\u00f3l\u00f3 284\/1997. (XII. 23.) Korm. rendelet 1. \u00a7 (1) alapj\u00e1n az eg\u00e9szs\u00e9g\u00fcgyi szolg\u00e1ltat\u00f3 a r\u00e9szleges, kieg\u00e9sz\u00edt\u0151 \u00e9s teljes t\u00e9r\u00edt\u00e9si d\u00edj (a tov\u00e1bbiakban: t\u00e9r\u00edt\u00e9si d\u00edj) ellen\u00e9ben ig\u00e9nybe vehet\u0151 szolg\u00e1ltat\u00e1sok t\u00e9r\u00edt\u00e9si d\u00edj\u00e1t a betegek sz\u00e1m\u00e1ra hozz\u00e1f\u00e9rhet\u0151 m\u00f3don hozza nyilv\u00e1noss\u00e1gra.<a href=\"https:\/\/www.szentimrekorhaz.hu\/index.php\/nem-oep-altal-finanszirozott-szervezeti-egysegek\/\">https:\/\/www.szentimrekorhaz.hu\/szolgaltatasaink\/tovabbi-gyogykezel-egysegek\/nem-oep-altal-finanszirozott-szervezeti-egysegek.html<\/a>6.<\/p>\n<p>Az eg\u00e9szs\u00e9g\u00fcgyr\u0151l sz\u00f3l\u00f3 1997. \u00e9vi CLIV. t\u00f6rv\u00e9ny 33. \u00a7 (1) alapj\u00e1n az eg\u00e9szs\u00e9g\u00fcgyi szolg\u00e1ltat\u00f3 \u00e9s a betegjogi, ell\u00e1tottjogi \u00e9s gyermekjogi k\u00e9pvisel\u0151t foglalkoztat\u00f3 szerv biztos\u00edtja, hogy a betegek \u00e9s hozz\u00e1tartoz\u00f3ik a betegjogok k\u00e9pviselet\u00e9t ell\u00e1t\u00f3 szem\u00e9ly(ek) kil\u00e9t\u00e9t \u00e9s el\u00e9r\u00e9s\u00fck m\u00f3dj\u00e1t megismerhess\u00e9k. Az Integr\u00e1lt Jogv\u00e9delmi Szolg\u00e1latr\u00f3l \u200b sz\u00f3l\u00f3 381\/2016. (XII. 2.) Korm. rendelet 8. \u00a7 (1) alapj\u00e1n a szolg\u00e1ltat\u00f3 gondoskodik arr\u00f3l, hogy a jogv\u00e9delmi k\u00e9pvisel\u0151<\/p>\n<div><a href=\"https:\/\/www.szentimrekorhaz.hu\/index.php\/betegjogikepviselo\/\">https:\/\/www.szentimrekorhaz.hu\/praktikusinformaciok\/betegjogok\/betegjogikepviselo.html<\/a><\/div>\n<div><\/div>\n<p>3. A k\u00f3rh\u00e1zak tekintet\u00e9ben b\u00e1rminem\u0171 adom\u00e1ny elfogad\u00e1s\u00e1r\u00f3l a bel\u00fcgyminiszter ir\u00e1ny\u00edt\u00e1sa, fel\u00fcgyelete alatt \u00e1ll\u00f3 szervek \u00e9s int\u00e9zm\u00e9nyek r\u00e9sz\u00e9re felaj\u00e1nlott adom\u00e1nyok elfogad\u00e1s\u00e1nak rendj\u00e9r\u0151l sz\u00f3l\u00f3 16\/2023. (VI. 9.) BM utas\u00edt\u00e1s rendelkezik.<\/p>\n<p><a href=\"https:\/\/www.szentimrekorhaz.hu\/wp-content\/uploads\/2025\/09\/16_2023.-VI.-9.-BM-utasitas-a-belugyminiszter-iranyitasa-felugyelete-alatt-allo-szervek-es-intezmenyek-reszere-felajanlott-adomanyok-elfogadasanak-rendjerol-szolo-szabalyzat-kiadasarol_.pdf\">16\/2023. (VI. 9.) BM utas\u00edt\u00e1s a bel\u00fcgyminiszter ir\u00e1ny\u00edt\u00e1sa, fel\u00fcgyelete alatt \u00e1ll\u00f3 szervek \u00e9s int\u00e9zm\u00e9nyek r\u00e9sz\u00e9re felaj\u00e1nlott adom\u00e1nyok elfogad\u00e1s\u00e1nak rendj\u00e9r\u0151l sz\u00f3l\u00f3 szab\u00e1lyzat kiad\u00e1s\u00e1r\u00f3l<\/a><\/p>\n<p>4 .A k\u00f6telez\u0151 eg\u00e9szs\u00e9gbiztos\u00edt\u00e1s ell\u00e1t\u00e1sair\u00f3l sz\u00f3l\u00f3 1997. \u00e9vi LXXXIII. t\u00f6rv\u00e9ny v\u00e9grehajt\u00e1s\u00e1r\u00f3l \u200bsz\u00f3l\u00f3 217\/1997. (XII. 1.) Korm. rendelet 2. \u00a7 (1c) alapj\u00e1n az eg\u00e9szs\u00e9g\u00fcgyi szolg\u00e1ltat\u00f3 a honlapj\u00e1n \u00e9s az ell\u00e1t\u00e1s ny\u00fajt\u00e1s\u00e1nak hely\u00e9n t\u00e1j\u00e9koztat\u00f3ban teszi k\u00f6zz\u00e9 azoknak az ell\u00e1t\u00e1soknak a k\u00f6r\u00e9t, amelyek eset\u00e9ben nem fogadja az ell\u00e1t\u00e1si ter\u00fclet\u00e9n k\u00edv\u00fclr\u0151l \u00e9rkez\u0151 biztos\u00edtottakat. Ilyen ell\u00e1t\u00e1sok eset\u00e9ben a biztos\u00edtottat a betegfelv\u00e9tel sor\u00e1n sz\u00f3ban t\u00e1j\u00e9koztatni kell arr\u00f3l, hogy van-e lehet\u0151s\u00e9g a betegfogad\u00e1si lista alapj\u00e1n egy k\u00e9s\u0151bbi id\u0151pontban t\u00f6rt\u00e9n\u0151 ell\u00e1t\u00e1s-ig\u00e9nybev\u00e9telre.<a href=\"https:\/\/www.nnk.gov.hu\/index.php\/egeszsegugyi-igazgatas\/nyilvantartasok\/ellatasi-teruletek-nyilvantartasai.html\">https:\/\/www.nnk.gov.hu\/index.php\/egeszsegugyi-igazgatas\/nyilvantartasok\/ellatasi-teruletek-nyilvantartasai.html<\/a><\/p>\n\n\n\n\t<div class=\"dkpdf-button-container\" style=\"            text-align:right \">\n\n\t\t<a class=\"dkpdf-button\" href=\"\/index.php\/wp-json\/wp\/v2\/pages\/722?pdf=722\" target=\"_blank\"><span class=\"dkpdf-button-icon\"><i class=\"fa fa-file-pdf-o\"><\/i><\/span> Let\u00f6lt\u00e9s<\/a>\n\n\t<\/div>\n\n\n\n\n\n<!-- PMB print buttons is only displayed on a single post\/page URLs-->","protected":false},"excerpt":{"rendered":"<p>A 368\/2011. (XII. 31.) Korm. rendelet 6. mell\u00e9klet 12. pontja alapj\u00e1n a k\u00f6zbeszerz\u00e9si elj\u00e1r\u00e1s eredm\u00e9nyek\u00e9nt az \u00e1llamh\u00e1ztart\u00e1s k\u00f6zponti alrendszer\u00e9be tartoz\u00f3 k\u00f6lts\u00e9gvet\u00e9si szerv, tov\u00e1bb\u00e1 a fejezeti&hellip;<\/p>\n","protected":false},"author":4,"featured_media":0,"parent":0,"menu_order":2,"comment_status":"closed","ping_status":"closed","template":"","meta":{"_acf_changed":false,"_uag_custom_page_level_css":"","footnotes":""},"categories":[],"tags":[],"class_list":["post-722","page","type-page","status-publish","hentry"],"acf":[],"uagb_featured_image_src":{"full":false,"thumbnail":false,"medium":false,"medium_large":false,"large":false,"1536x1536":false,"2048x2048":false,"410x410":false},"uagb_author_info":{"display_name":"Informatikai csoport","author_link":"https:\/\/www.szentimrekorhaz.hu\/index.php\/author\/infocsop\/"},"uagb_comment_info":0,"uagb_excerpt":"A 368\/2011. (XII. 31.) Korm. rendelet 6. mell\u00e9klet 12. pontja alapj\u00e1n a k\u00f6zbeszerz\u00e9si elj\u00e1r\u00e1s eredm\u00e9nyek\u00e9nt az \u00e1llamh\u00e1ztart\u00e1s k\u00f6zponti alrendszer\u00e9be tartoz\u00f3 k\u00f6lts\u00e9gvet\u00e9si szerv, tov\u00e1bb\u00e1 a fejezeti&hellip;","post_type":"page","author_name":"Informatikai csoport","_links":{"self":[{"href":"https:\/\/www.szentimrekorhaz.hu\/index.php\/wp-json\/wp\/v2\/pages\/722","targetHints":{"allow":["GET"]}}],"collection":[{"href":"https:\/\/www.szentimrekorhaz.hu\/index.php\/wp-json\/wp\/v2\/pages"}],"about":[{"href":"https:\/\/www.szentimrekorhaz.hu\/index.php\/wp-json\/wp\/v2\/types\/page"}],"author":[{"embeddable":true,"href":"https:\/\/www.szentimrekorhaz.hu\/index.php\/wp-json\/wp\/v2\/users\/4"}],"replies":[{"embeddable":true,"href":"https:\/\/www.szentimrekorhaz.hu\/index.php\/wp-json\/wp\/v2\/comments?post=722"}],"version-history":[{"count":4,"href":"https:\/\/www.szentimrekorhaz.hu\/index.php\/wp-json\/wp\/v2\/pages\/722\/revisions"}],"predecessor-version":[{"id":2723,"href":"https:\/\/www.szentimrekorhaz.hu\/index.php\/wp-json\/wp\/v2\/pages\/722\/revisions\/2723"}],"wp:attachment":[{"href":"https:\/\/www.szentimrekorhaz.hu\/index.php\/wp-json\/wp\/v2\/media?parent=722"}],"wp:term":[{"taxonomy":"category","embeddable":true,"href":"https:\/\/www.szentimrekorhaz.hu\/index.php\/wp-json\/wp\/v2\/categories?post=722"},{"taxonomy":"post_tag","embeddable":true,"href":"https:\/\/www.szentimrekorhaz.hu\/index.php\/wp-json\/wp\/v2\/tags?post=722"}],"curies":[{"name":"wp","href":"https:\/\/api.w.org\/{rel}","templated":true}]}}

Különös közzétételi lista

<ol>
<li>A 368/2011. (XII. 31.) Korm. rendelet 6. melléklet 12. pontja alapján a közbeszerzési eljárás eredményeként az államháztartás központi alrendszerébe tartozó költségvetési szerv, továbbá a fejezeti kezelésű előirányzat, elkülönített állami pénzalap terhére megkötött, nettó 100 millió forint teljesítési értéket meghaladó szerződések alapján teljesített kifizetés összege, közvetlen jogosultja és a kifizetés időpontja. (A kifizetést követő 8 napon belül. Az előző állapot nem törölhető.) 2022.07.15-től hatályos a jogszabály 2.A 368/2011. (XII. 31.) Korm. rendelet 6. melléklet 13. pontja alapján az európai uniós társfinanszírozással bonyolított pályázatok esetében a nettó 100 millió forintot meghaladó, teljesített kifizetés összege, kedvezményezettje, és a kifizetés időpontja.  (A kifizetést követő 8 napon belül. Az előző állapot nem törölhető.) 3.A várólista adatainak honlapon történő közzétételére vonatkozó szabályairól ​szóló 46/2006. (XII. 27.) EüM rendelet 1. § (1) alapján a külön jogszabály szerinti várólistán szereplő adatok közül az egészségügyi szolgáltató honlapján – a külön jogszabályban meghatározottak szerint közzétett – egyedi azonosítón, valamint az ellátás igénybevételének várható időpontján és helyén túl közzé kell tenni a várólistán elfoglalt aktuális helyet, és a várólistára történő felkerülés időpontját is. A várólistán szereplő betegek külön jogszabály szerinti személyazonosító adatai nem nyilvánosak.</li>
</ol>
<p><a href="https://jogviszony.neak.gov.hu/varolista_pub/">https://jogviszony.neak.gov.hu/varolista_pub/</a></p>
<p>2. A kötelező egészségbiztosítás ellátásairól szóló 1997. évi LXXXIII. törvény 20/A. § (3) alapján a várólista adatai – kizárólag személyazonosításra alkalmatlan módon – intézményi várólista esetében az ellátást nyújtó egészségügyi szolgáltató honlapján, központi várólista esetén a kormányrendeletben kijelölt szerv honlapján megtekinthetőek, ebben a formájukban nyilvánosak. A transzplantációs várólista kivételével az ellátás igénybevételének várható időpontját is közzé kell tenni. Az egészségbiztosító honlapjáról a kormányrendeletben kijelölt szerv honlapjának közvetlenül elérhetőnek kell lennie.<a href="https://jogviszony.neak.gov.hu/varolista_pub/">https://jogviszony.neak.gov.hu/varolista_pub/</a>5.A térítési díj ellenében igénybe vehető egyes egészségügyi szolgáltatások térítési díjáról ​szóló 284/1997. (XII. 23.) Korm. rendelet 1. § (1) alapján az egészségügyi szolgáltató a részleges, kiegészítő és teljes térítési díj (a továbbiakban: térítési díj) ellenében igénybe vehető szolgáltatások térítési díját a betegek számára hozzáférhető módon hozza nyilvánosságra.<a href="https://www.szentimrekorhaz.hu/index.php/nem-oep-altal-finanszirozott-szervezeti-egysegek/">https://www.szentimrekorhaz.hu/szolgaltatasaink/tovabbi-gyogykezel-egysegek/nem-oep-altal-finanszirozott-szervezeti-egysegek.html</a>6.</p>
<p>Az egészségügyről szóló 1997. évi CLIV. törvény 33. § (1) alapján az egészségügyi szolgáltató és a betegjogi, ellátottjogi és gyermekjogi képviselőt foglalkoztató szerv biztosítja, hogy a betegek és hozzátartozóik a betegjogok képviseletét ellátó személy(ek) kilétét és elérésük módját megismerhessék. Az Integrált Jogvédelmi Szolgálatról ​ szóló 381/2016. (XII. 2.) Korm. rendelet 8. § (1) alapján a szolgáltató gondoskodik arról, hogy a jogvédelmi képviselő</p>
<div><a href="https://www.szentimrekorhaz.hu/index.php/betegjogikepviselo/">https://www.szentimrekorhaz.hu/praktikusinformaciok/betegjogok/betegjogikepviselo.html</a></div>
<div></div>
<p>3. A kórházak tekintetében bárminemű adomány elfogadásáról a belügyminiszter irányítása, felügyelete alatt álló szervek és intézmények részére felajánlott adományok elfogadásának rendjéről szóló 16/2023. (VI. 9.) BM utasítás rendelkezik.</p>
<p><a href="https://www.szentimrekorhaz.hu/wp-content/uploads/2025/09/16_2023.-VI.-9.-BM-utasitas-a-belugyminiszter-iranyitasa-felugyelete-alatt-allo-szervek-es-intezmenyek-reszere-felajanlott-adomanyok-elfogadasanak-rendjerol-szolo-szabalyzat-kiadasarol_.pdf">16/2023. (VI. 9.) BM utasítás a belügyminiszter irányítása, felügyelete alatt álló szervek és intézmények részére felajánlott adományok elfogadásának rendjéről szóló szabályzat kiadásáról</a></p>
<p>4 .A kötelező egészségbiztosítás ellátásairól szóló 1997. évi LXXXIII. törvény végrehajtásáról ​szóló 217/1997. (XII. 1.) Korm. rendelet 2. § (1c) alapján az egészségügyi szolgáltató a honlapján és az ellátás nyújtásának helyén tájékoztatóban teszi közzé azoknak az ellátásoknak a körét, amelyek esetében nem fogadja az ellátási területén kívülről érkező biztosítottakat. Ilyen ellátások esetében a biztosítottat a betegfelvétel során szóban tájékoztatni kell arról, hogy van-e lehetőség a betegfogadási lista alapján egy későbbi időpontban történő ellátás-igénybevételre.<a href="https://www.nnk.gov.hu/index.php/egeszsegugyi-igazgatas/nyilvantartasok/ellatasi-teruletek-nyilvantartasai.html">https://www.nnk.gov.hu/index.php/egeszsegugyi-igazgatas/nyilvantartasok/ellatasi-teruletek-nyilvantartasai.html</a></p>



	<div class="dkpdf-button-container" style="            text-align:right ">

		<a class="dkpdf-button" href="/index.php/wp-json/wp/v2/pages/722?pdf=722" target="_blank"><span class="dkpdf-button-icon"><i class="fa fa-file-pdf-o"></i></span> Letöltés</a>

	</div>





<!-- PMB print buttons is only displayed on a single post/page URLs-->

<p>A 368/2011. (XII. 31.) Korm. rendelet 6. melléklet 12. pontja alapján a közbeszerzési eljárás eredményeként az államháztartás központi alrendszerébe tartozó költségvetési szerv, továbbá a fejezeti&hellip;</p>

A 368/2011. (XII. 31.) Korm. rendelet 6. melléklet 12. pontja alapján a közbeszerzési eljárás eredményeként az államháztartás központi alrendszerébe tartozó költségvetési szerv, továbbá a fejezeti&hellip;
