{"id":723,"date":"2025-03-11T10:52:40","date_gmt":"2025-03-11T09:52:40","guid":{"rendered":"http:\/\/localhost\/index.php\/altalanos-kozzeteteli-lista\/"},"modified":"2025-05-20T22:25:43","modified_gmt":"2025-05-20T20:25:43","slug":"altalanos-kozzeteteli-lista","status":"publish","type":"page","link":"https:\/\/www.szentimrekorhaz.hu\/index.php\/altalanos-kozzeteteli-lista\/","title":{"rendered":"\u00c1ltal\u00e1nos k\u00f6zz\u00e9t\u00e9teli lista"},"content":{"rendered":"<h4>\n\t<a href=\"\/index.php\/01zzervezetiszemelyzetiadatok-2\/\" title=\"Szervezeti, szem\u00e9lyzeti adatok\">I. Szervezeti, szem\u00e9lyzeti adatok<\/a><\/h4>\n<h4>\n\t<a href=\"\/index.php\/02tevekenysegremukodesrevonatkozoadatok-2\/\" title=\"Tev\u00e9kenys\u00e9gre, m\u0171k\u00f6d\u00e9sre vonatkoz\u00f3 adatok\">II. Tev\u00e9kenys\u00e9gre, m\u0171k\u00f6d\u00e9sre vonatkoz\u00f3 adatok<\/a><\/h4>\n<h4>\n\t<a href=\"\/index.php\/03gazdalkodasiadatok-2\/\" title=\"Gazd\u00e1lkod\u00e1si adatok\">III. Gazd\u00e1lkod\u00e1si adatok<\/a><\/h4>\n\n\n\n\t<div class=\"dkpdf-button-container\" style=\"            text-align:right \">\n\n\t\t<a class=\"dkpdf-button\" href=\"\/index.php\/wp-json\/wp\/v2\/pages\/723?pdf=723\" target=\"_blank\"><span class=\"dkpdf-button-icon\"><i class=\"fa fa-file-pdf-o\"><\/i><\/span> Let\u00f6lt\u00e9s<\/a>\n\n\t<\/div>\n\n\n\n\n\n<!-- PMB print buttons is only displayed on a single post\/page URLs-->","protected":false},"excerpt":{"rendered":"<p>I. Szervezeti, szem\u00e9lyzeti adatok II. Tev\u00e9kenys\u00e9gre, m\u0171k\u00f6d\u00e9sre vonatkoz\u00f3 adatok III. Gazd\u00e1lkod\u00e1si adatok Let\u00f6lt\u00e9s<\/p>\n","protected":false},"author":4,"featured_media":0,"parent":0,"menu_order":1,"comment_status":"closed","ping_status":"closed","template":"","meta":{"_acf_changed":false,"_uag_custom_page_level_css":"","footnotes":""},"categories":[],"tags":[],"class_list":["post-723","page","type-page","status-publish","hentry"],"acf":[],"uagb_featured_image_src":{"full":false,"thumbnail":false,"medium":false,"medium_large":false,"large":false,"1536x1536":false,"2048x2048":false,"410x410":false},"uagb_author_info":{"display_name":"Informatikai csoport","author_link":"https:\/\/www.szentimrekorhaz.hu\/index.php\/author\/infocsop\/"},"uagb_comment_info":0,"uagb_excerpt":"I. Szervezeti, szem\u00e9lyzeti adatok II. Tev\u00e9kenys\u00e9gre, m\u0171k\u00f6d\u00e9sre vonatkoz\u00f3 adatok III. Gazd\u00e1lkod\u00e1si adatok Let\u00f6lt\u00e9s","post_type":"page","author_name":"Informatikai csoport","_links":{"self":[{"href":"https:\/\/www.szentimrekorhaz.hu\/index.php\/wp-json\/wp\/v2\/pages\/723","targetHints":{"allow":["GET"]}}],"collection":[{"href":"https:\/\/www.szentimrekorhaz.hu\/index.php\/wp-json\/wp\/v2\/pages"}],"about":[{"href":"https:\/\/www.szentimrekorhaz.hu\/index.php\/wp-json\/wp\/v2\/types\/page"}],"author":[{"embeddable":true,"href":"https:\/\/www.szentimrekorhaz.hu\/index.php\/wp-json\/wp\/v2\/users\/4"}],"replies":[{"embeddable":true,"href":"https:\/\/www.szentimrekorhaz.hu\/index.php\/wp-json\/wp\/v2\/comments?post=723"}],"version-history":[{"count":1,"href":"https:\/\/www.szentimrekorhaz.hu\/index.php\/wp-json\/wp\/v2\/pages\/723\/revisions"}],"predecessor-version":[{"id":844,"href":"https:\/\/www.szentimrekorhaz.hu\/index.php\/wp-json\/wp\/v2\/pages\/723\/revisions\/844"}],"wp:attachment":[{"href":"https:\/\/www.szentimrekorhaz.hu\/index.php\/wp-json\/wp\/v2\/media?parent=723"}],"wp:term":[{"taxonomy":"category","embeddable":true,"href":"https:\/\/www.szentimrekorhaz.hu\/index.php\/wp-json\/wp\/v2\/categories?post=723"},{"taxonomy":"post_tag","embeddable":true,"href":"https:\/\/www.szentimrekorhaz.hu\/index.php\/wp-json\/wp\/v2\/tags?post=723"}],"curies":[{"name":"wp","href":"https:\/\/api.w.org\/{rel}","templated":true}]}}